NOAA-Style Climate Reports


Report for 2021 July
                   Monthly Climatological Summary for Jul 2021

Name: BeeWeather.com   City: West Central Crenshaw County   State: Alabama
Elevation: 420 ft  Lat: N 31° 43' 59"   Lon: W 086° 21' 16"

                  Temperature (°F), Rain (in), Wind Speed (mph)

                                      Heat  Cool        Avg
    Mean                              Deg   Deg         Wind                 Dom
Day Temp  High   Time   Low    Time   Days  Days  Rain  Speed High   Time    Dir
----------------------------------------------------------------------------------
 1  76.3  88.1   3:35p  69.5   3:44a   0.0  11.3  0.31   1.9  15.0   5:39p    SE
 2  74.7  83.5  12:11p  71.4   5:59a   0.0   9.7  0.59   0.9  17.0   1:41p   WSW
 3  79.0  89.4   3:37p  71.1  11:57p   0.0  14.0  0.00   1.1   9.0   2:12p   WNW
 4  78.2  90.4   4:04p  65.6   5:58a   0.0  13.2  0.00   1.0   9.0  10:46a   NNE
 5  76.5  83.6  12:25p  71.7   2:47a   0.0  11.5  0.00   1.8  14.0  12:41p    SE
 6  75.2  85.1   1:22p  70.8   4:02p   0.0  10.2  0.19   1.6  21.0   2:57p     E
 7  75.2  87.1   4:03p  70.5  10:48p   0.0  10.2  1.39   1.1  14.0   4:26p   NNE
 8  75.8  88.3   1:27p  69.3   2:36a   0.0  10.8  0.25   1.1  16.0   3:42p   WSW
 9  75.5  87.6   2:20p  70.2   7:25p   0.0  10.5  0.47   1.1  18.0   6:34p   SSW
10  75.0  88.0   2:45p  67.8   4:51a   0.0  10.0  0.01   1.1  21.0   3:09p   SSW
11  76.2  88.3   1:06p  70.3   3:05a   0.0  11.2  0.01   2.4  16.0   4:00p   SSE
12  73.8  87.2  12:40p  68.0  11:51p   0.0   8.8  1.04   1.6  15.0   2:58p   SSE
13  77.5  88.4   2:37p  67.8   4:45a   0.0  12.5  0.00   1.4  12.0   2:52p    SE
14  81.1  93.8   5:52p  70.0   6:00a   0.0  16.1  0.00   0.7   7.0   1:49p     S
15  80.2  92.6   2:05p  71.8   5:18a   0.0  15.3  0.00   1.5  13.0   5:06p   SSE
16  77.9  90.0   3:43p  69.7   5:50a   0.0  12.9  0.00   1.3  13.0   3:53p    SE
17  77.0  90.6   3:58p  70.2   4:57a   0.0  12.0  0.04   0.9  18.0   5:06p   SSW
18  75.4  85.7   1:11p  69.1   6:15a   0.0  10.4  0.56   0.6   9.0   2:31p   SSE
19  76.2  84.0  12:15p  71.4   3:30a   0.0  11.0  0.05   1.1  17.0  12:30p     S
20  74.8  85.6  11:45a  69.5   5:41a   0.0   9.8  0.20   0.9  22.0  12:17p   SSE
21  77.1  87.2   2:46p  70.8   4:11a   0.0  12.1  0.81   1.1  12.0   3:19p   SSE
22  82.0  92.6   4:46p  73.7   5:19a   0.0  17.0  0.35   1.2  11.0   2:17p   WSW
23  80.8  91.4   2:09p  73.0   6:08a   0.0  15.8  0.02   1.7  19.0   2:44p   WNW
24  80.3  92.7   4:18p  73.6   4:22a   0.0  15.3  0.02   1.0   9.0   2:01p    SE
25  81.9  92.9   6:16p  71.7   6:19a   0.0  16.9  0.00   1.0   9.0   2:46p    SE
26  83.5  95.1   3:59p  73.0   5:59a   0.0  18.5  0.00   0.9   8.0   9:45a   WSW
27  80.8  93.0  12:43p  71.9   3:38a   0.0  15.8  0.21   1.4  12.0   1:18a     W
28  81.4  94.2   3:51p  73.2   6:07a   0.0  16.4  0.01   1.2  11.0   4:01p     W
29  83.5  95.6   4:44p  72.3   5:23a   0.0  18.5  0.00   1.2  10.0  11:37a   WNW
30  83.5  93.3   3:37p  74.7   6:24a   0.0  18.5  0.00   0.9   9.0   2:29p     W
31  83.2  95.6   2:13p  75.1   4:26a   0.0  18.2  0.00   1.4  20.0   6:55p     W
----------------------------------------------------------------------------------
    78.4  95.6    29    65.6     4     0.0 414.4  6.53   1.2  22.0    20       S

Max >=  80.0: 31
Max <=  32.0:  0
Min <=  32.0:  0
Min <=   0.0:  0
Max Rain: 1.39 on day 7
Days of Rain: 19 (>= 0.01 in)  12 (>= 0.10 in)  2 (>= 1.00 in)
Heat Base: 65.0  Cool Base: 65.0  Method: Integration