NOAA-Style Climate Reports


Report for 2019 November
                   Monthly Climatological Summary for Nov 2019

Name: BeeWeather.com   City: West Central Crenshaw County   State: Alabama
Elevation: 420 ft  Lat: N 31° 43' 59"   Lon: W 086° 21' 16"

                  Temperature (°F), Rain (in), Wind Speed (mph)

                                      Heat  Cool        Avg
    Mean                              Deg   Deg         Wind                 Dom
Day Temp  High   Time   Low    Time   Days  Days  Rain  Speed High   Time    Dir
----------------------------------------------------------------------------------
 1  45.8  61.6   4:19p  34.4   6:54a  19.2   0.0  0.00   3.1  16.0   8:37a    NW
 2  50.1  64.8   2:45p  40.1   7:07a  15.0   0.0  0.00   2.9  17.0   1:45p    NW
 3  51.6  67.9   2:15p  41.3   2:45a  13.8   0.3  0.00   2.2  16.0   9:00a    NW
 4  58.3  71.4   1:45p  44.8   3:45a   7.2   1.2  0.00   1.3  10.0  10:00a     E
 5  64.5  76.9   3:01p  56.7  11:58p   3.0   2.5  0.00   1.6  12.0  12:31p    NW
 6  64.6  79.0   1:33p  53.2   5:33a   3.9   3.6  0.01   1.5  12.0  10:40a    NE
 7  66.1  75.5  11:17a  57.7   4:51a   1.9   3.0  1.40   1.7  18.0  11:57p     E
 8  54.6  64.0  12:00a  42.4  11:48p  10.4   0.0  0.01   4.3  19.0  11:40a    NW
 9  51.8  67.5   2:06p  40.2   6:26a  13.3   0.2  0.00   1.5  10.0   9:41a   NNE
10  52.8  69.9   2:20p  39.4   5:09a  12.8   0.6  0.00   1.0   8.0  10:31a    SE
11  59.4  76.0   1:53p  42.3   6:02a   7.9   2.2  0.03   1.1   9.0   9:26a    SE
12  43.3  65.0   3:29a  29.5  11:57p  21.8   0.0  0.38   6.9  27.0   9:18a   WNW
13  39.0  55.3   3:21p  26.1   6:25a  26.0   0.0  0.00   2.1  12.0  11:25a    NE
14  43.9  49.2  10:31a  38.8  12:15a  21.1   0.0  0.36   1.5  10.0  12:42p   NNW
15  45.4  48.7  10:48a  42.0  10:37p  19.6   0.0  0.27   4.2  18.0   2:31p    NW
16  49.4  65.8  12:58p  37.3   6:31a  15.6   0.0  0.00   2.8  15.0   2:37p    NW
17  53.7  70.1   1:43p  39.6   5:30a  12.0   0.7  0.00   1.2   9.0  12:35p   WNW
18  51.2  65.3   1:05p  40.7   6:34a  13.8   0.0  0.00   1.4  14.0  10:10a     W
19  52.4  71.4   3:19p  37.0   6:25a  13.5   0.9  0.00   1.3  15.0   1:15p   SSW
20  53.6  71.2   1:55p  39.6   6:20a  12.2   0.8  0.00   1.4  13.0  10:01a    NW
21  55.7  71.4   1:20p  42.6   6:01a  10.3   1.0  0.00   1.7  15.0   9:44a   ESE
----------------------------------------------------------------------------------
    52.7  79.0     6    26.1    13   274.3  17.0  2.46   2.2  27.0    12      NW

Max >=  80.0:  0
Max <=  32.0:  0
Min <=  32.0:  2
Min <=   0.0:  0
Max Rain: 1.40 on day 7
Days of Rain: 7 (>= 0.01 in)  4 (>= 0.10 in)  1 (>= 1.00 in)
Heat Base: 65.0  Cool Base: 65.0  Method: Integration