NOAA-Style Climate Reports


Report for 2020 November
                   Monthly Climatological Summary for Nov 2020

Name: BeeWeather.com   City: West Central Crenshaw County   State: Alabama
Elevation: 420 ft  Lat: N 31° 43' 59"   Lon: W 086° 21' 16"

                  Temperature (°F), Rain (in), Wind Speed (mph)

                                      Heat  Cool        Avg
    Mean                              Deg   Deg         Wind                 Dom
Day Temp  High   Time   Low    Time   Days  Days  Rain  Speed High   Time    Dir
----------------------------------------------------------------------------------
 1  62.2  75.7   1:08p  52.8  11:57p   5.4   2.4  0.00   2.5  16.0   1:40p   WNW
 2  51.1  64.9   2:07p  39.8  11:52p  13.9   0.0  0.00   2.5  15.0   8:06a    NW
 3  51.9  71.6   2:14p  35.8   6:41a  14.1   1.0  0.00   0.9  10.0  12:42p   NNW
 4  57.0  75.7   2:08p  41.7   6:15a  10.4   2.4  0.00   1.0  10.0  11:23a   NNE
 5  61.6  77.6   2:03p  49.0   6:01a   6.4   3.0  0.00   1.1  11.0  11:08a    NE
 6  67.2  81.2   1:04p  57.6   4:16a   2.2   4.4  0.00   1.5  12.0  12:14p   NNE
 7  68.1  75.6   3:29p  61.7   3:01a   0.5   3.5  0.00   1.3  11.0  11:29a    NE
 8  70.6  80.7   2:00p  65.9   3:55a   0.0   5.6  0.00   2.0  14.0  11:37a    NE
 9  72.7  79.9   2:32p  67.9  12:03a   0.0   7.7  0.00   2.4  15.0   7:24a    NE
10  74.5  78.7   2:25p  70.6  12:00a   0.0   9.5  0.00   2.0  14.0   4:26a   ENE
11  76.0  83.9   1:22p  72.7  10:45p   0.0  11.0  0.00   1.0  10.0   3:52p    NW
12  67.9  73.0  12:00a  57.9  11:59p   0.9   3.7  0.00   2.9  15.0  11:58a   WNW
13  64.8  79.3   1:56p  55.4  11:54p   3.8   3.6  0.00   2.1  12.0  10:33a    NW
14  63.7  80.1   2:19p  51.1   6:31a   5.1   3.8  0.00   1.4  13.0   1:26p   ESE
15  66.6  80.9  11:09a  50.4  11:58p   2.8   4.4  0.00   2.8  18.0  11:02a   WSW
16  53.7  68.7   1:35p  41.9   6:22a  11.6   0.4  0.00   2.3  19.0   9:14a    NW
17  54.6  71.5   2:15p  41.9   6:18a  11.4   1.0  0.00   3.0  19.0   1:32p    NW
18  45.6  49.1  12:00a  45.2   2:48a  19.4   0.0  0.00   2.1   9.0   3:13a   NNW
19  45.4  45.4  12:00a  45.4  12:00a  19.6   0.0  0.00   2.2   1.0  12:00a   NNW
20  45.4  45.4  12:00a  45.4  12:00a  19.6   0.0  0.00   2.2   1.0  12:00a   NNW
21  45.4  45.4  12:00a  45.4  12:00a  19.6   0.0  0.00   2.2   1.0  12:00a   NNW
22  45.4  45.4  12:00a  45.4  12:00a  19.6   0.0  0.00   2.2   1.0  12:00a   NNW
23  50.2  67.3   1:09p  41.5  11:57p  14.7   0.1  0.00   2.1  14.0   1:58p    NW
24  54.6  72.9   2:14p  38.5   6:11a  11.6   1.3  0.00   1.7  14.0   1:01p   ESE
25  65.2  79.6   1:03p  51.6  12:32a   3.3   3.5  0.75   3.9  20.0  12:43p    SE
26  68.8  73.2   2:15p  62.4  11:37p   0.4   4.1  0.55   1.6  13.0  12:30a     S
27  65.8  72.4  12:21p  59.8   5:28a   1.3   2.1  0.48   0.8  15.0   7:38p     N
28  62.3  65.1   2:01p  57.0  11:52p   2.7   0.0  0.08   1.3  10.0   9:46a    NW
29  61.1  69.2  10:20p  55.9   3:26a   4.3   0.4  0.58   2.3  24.0  10:59p   ESE
----------------------------------------------------------------------------------
    60.0  83.9    11    35.8     3   224.6  78.9  2.44   2.0  24.0    29     NNW

Max >=  80.0:  5
Max <=  32.0:  0
Min <=  32.0:  0
Min <=   0.0:  0
Max Rain: 0.75 on day 25
Days of Rain: 5 (>= 0.01 in)  4 (>= 0.10 in)  0 (>= 1.00 in)
Heat Base: 65.0  Cool Base: 65.0  Method: Integration