NOAA-Style Climate Reports

Select a Year or Month report
2018: Jan Feb Mar Apr May Jun Jul Aug Sep Oct Nov Dec
2017: Jan Feb Mar Apr May Jun Jul Aug Sep Oct Nov Dec
2016: Jan Feb Mar Apr May Jun Jul Aug Sep Oct Nov Dec
2015: Jan Feb Mar Apr May Jun Jul Aug Sep Oct Nov Dec
2014: Jan Feb Mar Apr May Jun Jul Aug Sep Oct Nov Dec
2013: Jan Feb Mar Apr May Jun Jul Aug Sep Oct Nov Dec

Report for 2018 April
                   Monthly Climatological Summary for Apr 2018

Name: BeeWeather.com   City: West Central Crenshaw County   State: Alabama
Elevation: 420 ft  Lat: N 31° 43' 59"   Lon: W 086° 21' 16"

                  Temperature (°F), Rain (in), Wind Speed (mph)

                                      Heat  Cool        Avg
    Mean                              Deg   Deg         Wind                 Dom
Day Temp  High   Time   Low    Time   Days  Days  Rain  Speed High   Time    Dir
----------------------------------------------------------------------------------
 1  62.8  81.0   4:32p  45.4   6:23a   6.5   4.4  0.00   1.7  11.0  11:33a   SSE
 2  66.3  81.4   3:49p  52.2   4:21a   4.0   5.2  0.00   1.7  15.0   2:04p     S
 3  73.1  83.9   3:47p  65.3  12:00a   0.0   8.1  0.00   4.0  20.0  12:05p   SSE
 4  61.2  70.3   2:21a  47.5  11:49p   4.5   0.7  0.24   3.8  20.0   8:25a   WNW
 5  56.2  73.9   5:14p  39.3   6:11a  10.4   1.6  0.00   1.9  11.0   1:37a     N
 6  63.1  78.5   3:52p  45.5   5:59a   6.1   4.2  0.00   2.6  16.0   1:40p    SE
 7  61.2  69.5  12:44p  47.1  11:56p   4.3   0.5  0.82   3.8  19.0   4:21p     W
 8  52.8  65.6   4:41p  41.3   5:43a  12.3   0.0  0.00   3.0  16.0   3:06a   NNW
 9  62.0  68.9   2:40p  57.8   7:02a   3.5   0.5  0.05   1.2  10.0  11:17a   NNW
10  63.9  73.6   3:36p  55.6  11:01p   3.3   2.2  0.00   2.3  13.0   2:33p    NW
11  60.3  75.8   4:08p  46.4   6:31a   7.2   2.5  0.00   2.2  13.0  10:39a    NW
12  63.4  79.4   3:37p  45.9   6:39a   6.3   4.8  0.00   2.4  15.0   4:37p    SE
13  66.7  81.7   4:54p  50.3   6:37a   4.0   5.8  0.00   3.3  18.0   1:35p    SE
14  73.9  81.9   1:11p  65.9  11:58p   0.0   8.9  0.52   6.2  27.0  10:55a    SE
15  56.6  65.9  12:00a  44.2  11:59p   8.5   0.0  1.03   4.6  24.0   6:09a     W
16  51.4  65.8   5:05p  38.4   6:35a  13.7   0.0  0.00   3.4  21.0   1:32p     W
17  60.8  80.9   4:39p  39.7   6:26a   8.3   4.0  0.00   2.1  14.0   2:51p   SSW
18  68.5  85.4   3:52p  51.9   5:52a   3.7   7.2  0.00   2.9  21.0   2:10p     S
19  66.8  75.5   3:09p  54.2  11:59p   1.5   3.3  0.00   4.0  19.0   2:00p   WNW
20  58.1  73.8   4:06p  42.9   6:11a   8.5   1.7  0.00   2.6  13.0   9:42a   NNE
21  63.6  76.4   2:58p  49.0   5:51a   5.1   3.7  0.00   2.4  15.0  12:03p     E
22  67.9  71.4   1:07p  64.8  12:12a   0.0   2.9  1.09   4.3  20.0   3:15p   ESE
23  67.5  78.8   2:50p  57.0  11:39p   1.5   4.1  0.00   2.0  17.0  12:25p   SSW
24  60.2  69.3  12:36p  51.4   5:56a   5.4   0.6  0.00   1.9  15.0   2:26p     W
25  62.4  73.6   5:03p  53.9   5:24a   4.5   1.9  0.00   2.4  15.0  11:59a   WNW
----------------------------------------------------------------------------------
    62.8  85.4    18    38.4    16   133.1  78.8  3.75   2.9  27.0    14      SW

Max >=  80.0:  7
Max <=  32.0:  0
Min <=  32.0:  0
Min <=   0.0:  0
Max Rain: 1.09 on day 22
Days of Rain: 6 (>= 0.01 in)  5 (>= 0.10 in)  2 (>= 1.00 in)
Heat Base: 65.0  Cool Base: 65.0  Method: Integration