NOAA-Style Climate Reports


Report for 2021
                   Annual Climatological Summary for 2021

Name: BeeWeather.com   City: West Central Crenshaw County   State: Alabama
Elevation: 421 ft  Lat: N 31° 43' 59"   Lon: W 086° 21' 16"

                  Temperature (°F), Heat Base: 65.0  Cool Base: 65.0
                          Dep.  Heat  Cool                       Max  Max  Min  Min
        Mean  Mean        From  Deg   Deg                        >=   <=   <=   <=
 YR MO  Max   Min   Mean  Norm  Days  Days  Hi  Date  Low  Date 80.0 32.0 32.0   0.0
------------------------------------------------------------------------------------
 21  1  61.0  40.8  50.7   4.4   457    13  76.7  25  27.7   17    0    0    6    0
 21  2  62.8  42.0  52.0   3.0   394    29  82.4  28  22.2   16    2    0    5    0
 21  3  74.0  51.0  61.8   1.5   194    95  82.9  13  35.0    8   11    0    0    0
 21  4  75.8  50.9  62.5  -2.5   170    95  87.0  13  34.3    2    8    0    0    0
 21  5  82.9  58.8  70.6  -2.4    54   228  91.7  25  45.9    8   22    0    0    0
 21  6  88.1  68.8  76.9  -3.4     1   358  94.7  15  61.0    1   29    0    0    0
 21  7  89.7  70.9  78.4  -3.9     0   414  95.6  29  65.6    4   31    0    0    0
 21  8  89.6  68.7  78.9  -2.8     0   385  95.4   1   0.0   24   27    0    1    1
 21  9  85.4  62.9  74.0  -1.7    19   210  92.4   1   0.0   18   22    0    1    1
 21 10
 21 11
 21 12
------------------------------------------------------------------------------------
        78.8  57.2  67.3  -0.9  1291  1831  95.6 Jul   0.0  Aug  152    0   13    2

                                Precipitation (in)

              Dep.   Max        Days of Rain
              From   Obs.           >=
 YR MO Total  Norm   Day Date 0.01 0.10 1.00
---------------------------------------------
 21  1  3.57 -1.21  0.96   1    10    7    0
 21  2  3.91 -1.66  0.75   9    14    9    0
 21  3  7.96  3.94  1.84   2    15   10    2
 21  4  3.83  2.55  1.72  24     9    3    2
 21  5  2.77  0.42  0.88   4    11    5    0
 21  6  6.45  1.33  1.53  19    17   11    2
 21  7  6.53  2.01  1.39   7    19   12    2
 21  8  6.94  3.33  1.81  11    14   10    3
 21  9  1.96 -0.71  1.58  15     8    3    1
 21 10
 21 11
 21 12
---------------------------------------------
       43.92 10.00  1.84  Mar  117   70   12

                                Wind Speed (mph)
                          Dom
 YR MO   Avg.  Hi   Date  Dir
------------------------------
 21  1   2.6  28.0   31   WSW
 21  2   2.8  26.0    1   WNW
 21  3   2.4  30.0   31    SW
 21  4   2.0  35.0   24   WSW
 21  5   2.2  40.0    4   ESE
 21  6   1.8  30.0   27    SE
 21  7   1.2  22.0   20     S
 21  8   1.6  21.0   29   ESE
 21  9   1.2  30.0    1   NNW
 21 10
 21 11
 21 12
------------------------------
         2.0  40.0  May    SW