NOAA-Style Climate Reports


Report for 2021 June
                   Monthly Climatological Summary for Jun 2021

Name: BeeWeather.com   City: West Central Crenshaw County   State: Alabama
Elevation: 420 ft  Lat: N 31° 43' 59"   Lon: W 086° 21' 16"

                  Temperature (°F), Rain (in), Wind Speed (mph)

                                      Heat  Cool        Avg
    Mean                              Deg   Deg         Wind                 Dom
Day Temp  High   Time   Low    Time   Days  Days  Rain  Speed High   Time    Dir
----------------------------------------------------------------------------------
 1  74.5  87.2   5:07p  61.0   5:53a   0.7  10.1  0.00   2.0  12.0   1:24p     E
 2  76.0  87.0   1:14p  66.0   4:51a   0.0  11.0  0.00   1.6  17.0  12:42p    SE
 3  74.2  86.3  12:06p  66.0   3:25a   0.0   9.2  0.24   1.2  13.0  12:43p     S
 4  73.3  85.7  12:41p  67.5   5:16a   0.0   8.3  0.51   0.7  14.0   2:38p    SW
 5  75.3  83.0  12:38p  67.0   4:58a   0.0  10.3  0.01   0.9  10.0   3:40p   SSE
 6  76.2  86.6   3:13p  69.9  11:59p   0.0  11.2  0.50   2.2  15.0   5:37p    SE
 7  75.5  85.3  12:53p  69.4   5:55a   0.0  10.5  0.33   2.2  13.0   1:25p    SE
 8  76.9  88.8   2:09p  69.8   1:15a   0.0  11.9  0.00   2.2  14.0   1:42p    SE
 9  79.3  89.2   3:16p  70.6   2:05a   0.0  14.3  0.00   2.1  14.0   2:12p   SSE
10  75.2  85.2  10:43a  70.8   3:06a   0.0  10.2  1.18   1.4  15.0  11:11a     S
11  78.9  89.4   2:35p  72.2  12:21a   0.0  13.9  0.08   1.6  13.0   2:40p     S
12  78.3  91.0   3:26p  72.4   1:13a   0.0  13.3  0.10   1.8  20.0   3:39p     W
13  79.9  92.0   3:35p  68.6   5:40a   0.0  14.9  0.00   1.8  14.0   3:10p    NW
14  81.1  93.9   4:39p  69.7   6:07a   0.0  16.1  0.00   1.0   8.0  11:23a   WNW
15  83.1  94.7   4:52p  72.1   5:19a   0.0  18.1  0.00   1.5  14.0   3:55p   WNW
16  76.9  87.4   2:56p  65.5   6:18a   0.0  11.9  0.00   1.7  14.0  12:58p    NW
17  77.3  91.1   3:58p  62.7   5:57a   0.3  12.6  0.00   1.3  11.0  10:00a   NNE
18  75.2  88.5   2:20p  66.7   5:44a   0.0  10.2  0.96   1.2  17.0   2:57p    SE
19  73.9  79.9   6:32p  70.4   2:37a   0.0   8.9  1.53   4.3  24.0   1:42p    SE
20  78.3  90.9   4:53p  70.3   4:24a   0.0  13.3  0.05   2.7  16.0  12:04a   SSW
21  73.8  82.4   1:08p  69.0   8:57p   0.0   8.8  0.38   1.9  14.0   7:07p   SSE
22  75.6  86.5   3:41p  69.2  12:00a   0.0  10.6  0.22   2.0  12.0  11:39a    SW
23  77.6  89.3   4:27p  69.5   5:29a   0.0  12.6  0.07   0.8   8.0  11:33a    NE
24  78.3  89.2   2:59p  70.8   4:46a   0.0  13.3  0.00   1.7  13.0   3:48p     E
25  76.9  87.5   3:32p  68.9   6:05a   0.0  11.9  0.00   2.1  12.0   2:08p     E
26  77.3  89.3   5:05p  67.5   4:16a   0.0  12.3  0.00   1.8  11.0  12:01p   ESE
27  74.9  88.8   2:29p  70.9  11:59p   0.0   9.9  0.27   1.8  30.0   2:50p   ESE
28  78.1  87.8   3:59p  69.7   5:50a   0.0  13.1  0.00   1.8  15.0   1:58p     E
29  79.1  90.6   4:22p  71.3  11:57p   0.0  14.1  0.01   1.5  17.0   5:33p   ESE
30  76.6  88.4   1:54p  67.6   5:17a   0.0  11.6  0.01   1.7  11.0   2:31p     E
----------------------------------------------------------------------------------
    76.9  94.7    15    61.0     1     1.0 358.4  6.45   1.8  30.0    27      SE

Max >=  80.0: 29
Max <=  32.0:  0
Min <=  32.0:  0
Min <=   0.0:  0
Max Rain: 1.53 on day 19
Days of Rain: 17 (>= 0.01 in)  11 (>= 0.10 in)  2 (>= 1.00 in)
Heat Base: 65.0  Cool Base: 65.0  Method: Integration