NOAA-Style Climate Reports


Report for 2021 May
                   Monthly Climatological Summary for May 2021

Name: BeeWeather.com   City: West Central Crenshaw County   State: Alabama
Elevation: 420 ft  Lat: N 31° 43' 59"   Lon: W 086° 21' 16"

                  Temperature (°F), Rain (in), Wind Speed (mph)

                                      Heat  Cool        Avg
    Mean                              Deg   Deg         Wind                 Dom
Day Temp  High   Time   Low    Time   Days  Days  Rain  Speed High   Time    Dir
----------------------------------------------------------------------------------
 1  68.2  83.4   3:54p  53.4   6:28a   2.9   6.2  0.00   1.3  11.0   9:49a   NNE
 2  69.3  78.1   1:25p  57.8   6:14a   1.4   5.7  0.00   2.8  17.0   4:53p    SE
 3  75.1  83.6  12:16p  69.3  12:00a   0.0  10.1  0.07   3.7  19.0  11:02a   SSE
 4  76.7  88.1   2:14p  64.7  11:34p   0.0  11.7  0.88   4.0  40.0   7:06p   SSE
 5  69.0  76.1   3:59p  63.2  11:57p   0.0   4.1  0.01   2.2  12.0  12:18a   SSW
 6  66.1  77.1   4:35p  56.9  11:19p   2.6   3.7  0.01   2.3  16.0  11:43a   WNW
 7  62.1  75.3   4:16p  50.6   5:26a   5.8   2.8  0.00   2.4  20.0   2:33p   WNW
 8  63.9  81.3   4:33p  45.9   5:42a   6.0   4.9  0.00   1.4   9.0   1:04p    SE
 9  69.9  86.2   3:01p  52.4   5:53a   3.2   8.1  0.00   3.3  18.0  12:14p   SSE
10  70.6  79.6   4:22p  63.1   6:57a   0.2   5.8  0.35   1.6  15.0   4:40a     S
11  70.7  82.2  11:19a  65.1   4:41a   0.0   5.7  0.10   0.8  11.0   4:10p   SSE
12  66.7  75.2  12:43p  56.7  11:54p   0.7   2.4  0.39   2.1  19.0   1:44p    NW
13  60.9  74.7   4:39p  52.8   6:52a   6.1   2.0  0.01   2.1  13.0   1:45p     N
14  63.4  77.2   4:54p  49.0   6:02a   5.4   3.9  0.00   1.4  12.0   2:38p   NNE
15  65.3  80.3   4:40p  50.5   5:39a   4.9   5.2  0.00   1.6  15.0  11:35a     E
16  66.6  81.6   4:15p  51.4   5:45a   4.1   5.7  0.00   1.7  14.0   1:28p   ESE
17  70.1  83.2   4:45p  54.7   3:22a   2.6   7.7  0.00   2.4  14.0  11:40a   ESE
18  74.1  84.1   3:35p  65.7   5:58a   0.0   9.1  0.00   3.6  16.0  11:55a     E
19  74.5  83.9   4:36p  65.2   6:08a   0.0   9.5  0.00   4.2  20.0   9:58a     E
20  73.8  84.5   2:40p  64.7   6:00a   0.0   8.8  0.00   3.7  18.0  12:15p     E
21  74.0  85.5   2:32p  62.3   5:47a   0.2   9.2  0.00   3.4  18.0   8:24a     E
22  73.3  84.1   2:48p  61.8   5:50a   0.2   8.5  0.00   2.0  14.0  12:07p     E
23  74.8  89.1   4:12p  60.7   5:35a   0.7  10.5  0.00   0.9   8.0   3:15p   NNW
24  75.8  91.1   4:02p  59.7   5:47a   0.9  11.7  0.00   0.9   9.0  12:18p    SW
25  77.0  91.7   5:10p  62.3   6:11a   0.2  12.2  0.00   1.2  10.0  12:01p     S
26  75.2  89.1   5:24p  59.6   6:20a   0.9  11.1  0.00   1.3  13.0   1:04p   SSW
27  75.9  88.0   4:14p  65.1   5:22a   0.0  11.0  0.07   1.3   9.0   1:35p   SSE
28  77.3  89.8   4:02p  67.0   4:45a   0.0  12.3  0.86   2.5  17.0   2:15p   SSE
29  71.4  81.0   3:48p  61.2  11:59p   0.2   6.6  0.02   2.4  15.0  11:16a   WNW
30  65.8  79.4   4:25p  53.5   5:35a   3.4   4.2  0.00   1.9  12.0  10:30a    NW
31  71.5  86.5   3:30p  57.2   5:14a   2.0   8.5  0.00   1.5  13.0   8:26a   ESE
----------------------------------------------------------------------------------
    70.6  91.7    25    45.9     8    54.6 228.9  2.77   2.2  40.0     4     ESE

Max >=  80.0: 22
Max <=  32.0:  0
Min <=  32.0:  0
Min <=   0.0:  0
Max Rain: 0.88 on day 4
Days of Rain: 11 (>= 0.01 in)  5 (>= 0.10 in)  0 (>= 1.00 in)
Heat Base: 65.0  Cool Base: 65.0  Method: Integration