NOAA-Style Climate Reports


Report for 2021 April
                   Monthly Climatological Summary for Apr 2021

Name: BeeWeather.com   City: West Central Crenshaw County   State: Alabama
Elevation: 420 ft  Lat: N 31° 43' 59"   Lon: W 086° 21' 16"

                  Temperature (°F), Rain (in), Wind Speed (mph)

                                      Heat  Cool        Avg
    Mean                              Deg   Deg         Wind                 Dom
Day Temp  High   Time   Low    Time   Days  Days  Rain  Speed High   Time    Dir
----------------------------------------------------------------------------------
 1  48.7  58.5   4:02p  40.1  11:53p  16.3   0.0  0.00   6.1  26.0   3:06p    NW
 2  46.8  61.6   4:35p  34.3   6:23a  18.2   0.0  0.00   2.9  16.0   8:48a   NNW
 3  51.2  68.6   4:35p  35.6   7:00a  14.0   0.3  0.00   1.6  12.0  11:42a   ESE
 4  56.1  75.0   5:14p  37.7   6:41a  11.1   2.2  0.00   1.2   9.0   1:04p     W
 5  60.3  78.4   4:39p  42.0   6:54a   8.4   3.7  0.00   1.1  11.0   1:11p    SE
 6  63.9  81.8   5:26p  46.5   6:25a   6.1   5.0  0.00   1.0  10.0  12:27p     S
 7  65.3  79.5   2:34p  51.5   5:54a   4.4   4.7  0.00   1.9  13.0   8:22p   SSE
 8  70.7  83.2   3:10p  63.8   6:03a   0.2   5.9  0.02   3.7  20.0  12:22p   SSE
 9  68.0  74.5   2:31p  63.5  12:24a   0.1   3.1  0.00   3.3  17.0  12:29p    SE
10  64.0  72.6   5:16p  58.7  10:51p   2.1   1.1  1.39   2.4  17.0   4:53a   SSE
11  66.0  79.0   4:35p  55.0  11:57p   2.8   3.8  0.01   1.7  15.0   6:06p     W
12  66.0  86.6   5:18p  47.4   6:38a   5.6   6.6  0.00   1.0  10.0  11:30a     W
13  68.1  87.0   1:39p  51.5   5:34a   4.2   7.3  0.00   0.8  18.0   5:30p    SE
14  63.2  78.3  12:12p  52.4   6:06a   4.7   2.9  0.03   1.2  19.0   5:09p     S
15  62.2  71.0   3:16p  58.5  10:37p   3.5   0.7  0.58   1.2  10.0   5:27p   WNW
16  58.9  67.9   2:53p  53.3   6:40a   6.5   0.4  0.03   1.0   8.0  11:55a     E
17  62.7  71.9   1:12p  54.7   4:20a   3.9   1.5  0.02   0.7   8.0   1:13p     S
18  63.7  73.6   3:09p  53.1   6:25a   3.5   2.2  0.00   2.3  14.0   2:31p   WNW
19  61.2  73.0   4:31p  49.0   6:38a   5.4   1.6  0.00   2.4  14.0  10:27a   WNW
20  63.3  78.3   4:49p  54.2   8:03a   4.9   3.2  0.03   1.1  11.0   1:04p   WSW
21  55.6  65.4   3:54p  44.3  11:45p   9.4   0.0  0.00   3.5  20.0   2:15p   WNW
22  52.6  68.5   4:35p  36.8   6:00a  12.8   0.4  0.00   1.5  13.0   9:31a   NNW
23  59.4  73.6   2:17p  44.5   4:38a   7.5   1.9  0.00   1.9  17.0   2:01p   ESE
24  65.9  76.6   4:12p  58.0   1:32a   1.8   2.6  1.72   2.9  35.0   6:34a     S
25  63.6  76.6   4:45p  51.9   6:05a   4.3   2.9  0.00   3.3  18.0   8:41a   WNW
26  64.7  80.9   3:35p  48.1   6:15a   5.1   4.7  0.00   1.1  10.0  12:46p   ESE
27  69.6  85.1   3:04p  56.4   4:50a   2.4   6.9  0.00   2.4  15.0   9:31a    SE
28  71.4  85.2   2:55p  62.3   6:01a   0.5   6.9  0.00   1.8  13.0  11:25a    SE
29  72.0  85.3   5:45p  63.4  12:20a   0.2   7.2  0.00   1.6  11.0  12:38p   SSE
30  69.9  77.5   3:38p  59.8  11:59p   0.5   5.4  0.00   1.2  11.0   3:44p   WNW
----------------------------------------------------------------------------------
    62.5  87.0    13    34.3     2   170.4  95.1  3.83   2.0  35.0    24      SW

Max >=  80.0:  8
Max <=  32.0:  0
Min <=  32.0:  0
Min <=   0.0:  0
Max Rain: 1.72 on day 24
Days of Rain: 9 (>= 0.01 in)  3 (>= 0.10 in)  2 (>= 1.00 in)
Heat Base: 65.0  Cool Base: 65.0  Method: Integration