NOAA-Style Climate Reports


Report for 2021 March
                   Monthly Climatological Summary for Mar 2021

Name: BeeWeather.com   City: West Central Crenshaw County   State: Alabama
Elevation: 420 ft  Lat: N 31° 43' 59"   Lon: W 086° 21' 16"

                  Temperature (°F), Rain (in), Wind Speed (mph)

                                      Heat  Cool        Avg
    Mean                              Deg   Deg         Wind                 Dom
Day Temp  High   Time   Low    Time   Days  Days  Rain  Speed High   Time    Dir
----------------------------------------------------------------------------------
 1  66.4  74.2   8:30a  56.9  11:55p   1.2   2.6  0.01   2.9  21.0   8:56a    NW
 2  48.3  56.9  12:00a  44.4   8:51a  16.7   0.0  1.84   3.0  12.0   1:21a   NNW
 3  47.0  47.0  12:00a  47.0  12:00a  18.0   0.0  0.00   4.5   4.0  12:00a    NW
 4  52.2  74.8   3:14p  47.0  12:00a  13.4   0.8  0.04   3.5  15.0  11:29a    NW
 5  57.2  71.4   3:18p  41.8   4:49a   8.8   1.0  0.00   1.6  12.0   9:58p     N
 6  57.8  68.5   1:25p  48.2  11:50p   7.6   0.4  0.00   3.4  17.0  11:59a    NW
 7  52.8  68.2   2:51p  38.9   6:34a  12.6   0.3  0.00   2.4  17.0   2:26p    NW
 8  54.1  74.2   4:28p  35.0   6:25a  12.6   1.7  0.00   1.3  11.0   9:53a    NE
 9  55.4  73.6   2:44p  37.0   6:08a  11.2   1.6  0.00   1.7  14.0   1:44p    SE
10  60.0  76.0   2:24p  44.2   3:18a   7.9   2.9  0.00   2.8  16.0  10:16a    SE
11  61.6  79.4   2:57p  48.0   5:48a   6.6   3.2  0.00   1.6  13.0   2:57p    SE
12  65.1  81.5   2:58p  49.2   6:05a   4.9   5.0  0.00   1.4  13.0  12:55p   SSW
13  67.0  82.9   2:37p  51.3   5:58a   4.0   6.0  0.00   1.1   9.0   8:57a     S
14  67.9  82.9   4:03p  52.2   7:17a   3.4   6.2  0.00   1.7  14.0   3:33p   SSE
15  67.6  78.6   1:33p  60.4   3:17a   1.3   3.9  0.09   2.8  18.0   6:25p    SE
16  69.5  80.5   1:13p  65.3   9:48p   0.0   4.5  0.75   2.4  18.0   1:44p   SSE
17  71.5  80.2   4:31p  64.9   1:00a   0.0   6.5  0.07   4.7  22.0   5:10p    SE
18  65.3  72.5   2:15p  51.2  11:58p   2.5   2.9  0.67   6.1  24.0   4:10p   WSW
19  51.8  56.1   4:18p  47.5   3:08a  13.2   0.0  0.00   3.4  18.0  12:02a   WNW
20  54.5  64.3   5:29p  45.1  11:56p  10.4   0.0  0.00   2.3  18.0  11:09a   NNE
21  54.9  70.8   2:49p  39.3   6:50a  11.0   0.9  0.00   1.6  13.0   3:49p   NNE
22  64.1  76.0   3:18p  50.5   6:58a   4.0   3.1  0.00   1.9  14.0   1:30p   ENE
23  63.2  71.5  11:25a  58.0   6:39a   2.9   1.1  1.50   2.1  23.0   8:59a   ESE
24  66.1  73.7   5:10p  60.7   4:14a   1.6   2.6  0.13   0.0   1.0   3:07p     E
25  72.6  81.2   1:58p  63.1   2:39a   0.2   7.8  0.94   0.0   1.0  11:12a     E
26  73.7  80.9   2:51p  67.2  10:15a   0.0   8.7  0.34   0.8  16.0   4:43p   ESE
27  74.6  82.2   3:39p  69.6   6:45a   0.0   9.6  0.01   3.9  16.0   1:50p   SSE
28  66.0  80.5  12:03p  55.0  11:46p   1.9   3.0  0.40   3.4  22.0  12:23p    SW
29  57.9  72.7   6:05p  44.5   6:43a   8.2   1.2  0.00   2.2  16.0   9:02a   NNW
30  63.6  80.3   2:25p  48.6   4:12a   5.3   3.9  0.21   2.1  16.0   4:13p    SE
31  65.7  81.8   1:41p  48.1  11:36p   3.2   3.9  0.96   3.1  30.0   4:01p   SSW
----------------------------------------------------------------------------------
    61.8  82.9    13    35.0     8   194.6  95.3  7.96   2.4  30.0    31      SW

Max >=  80.0: 11
Max <=  32.0:  0
Min <=  32.0:  0
Min <=   0.0:  0
Max Rain: 1.84 on day 2
Days of Rain: 15 (>= 0.01 in)  10 (>= 0.10 in)  2 (>= 1.00 in)
Heat Base: 65.0  Cool Base: 65.0  Method: Integration