NOAA-Style Climate Reports


Report for 2020 December
                   Monthly Climatological Summary for Dec 2020

Name: BeeWeather.com   City: West Central Crenshaw County   State: Alabama
Elevation: 420 ft  Lat: N 31° 43' 59"   Lon: W 086° 21' 16"

                  Temperature (°F), Rain (in), Wind Speed (mph)

                                      Heat  Cool        Avg
    Mean                              Deg   Deg         Wind                 Dom
Day Temp  High   Time   Low    Time   Days  Days  Rain  Speed High   Time    Dir
----------------------------------------------------------------------------------
 1  37.6  52.8   2:41p  26.5   6:25a  27.4   0.0  0.00   2.1  15.0  10:56a     W
 2  41.8  61.0   2:00p  28.1   4:26a  23.2   0.0  0.00   1.2  11.0   9:59a    NW
 3  48.8  62.7   3:06p  35.0   4:44a  16.2   0.0  0.00   2.2  14.0  11:11a     E
 4  50.8  61.2  11:38a  36.7  11:55p  14.2   0.0  0.07   2.4  22.0   4:24p     W
 5  48.0  63.2   1:59p  36.3   1:23a  17.0   0.0  0.01   1.7  13.0   9:32a    NW
 6  51.9  64.3  12:28p  42.2   6:20a  13.1   0.0  0.06   0.9  10.0  11:44a   SSW
 7  45.0  55.4  12:17p  34.0  11:34p  20.0   0.0  0.01   3.1  24.0   2:09p     W
 8  42.2  57.6   2:35p  31.0   5:21a  22.8   0.0  0.00   1.6  12.0  11:06a   WNW
 9  49.3  70.5   2:11p  33.1   6:22a  16.4   0.7  0.00   1.0  11.0   1:47p    SW
10  53.2  73.6   2:39p  37.7   6:07a  13.1   1.3  0.00   1.0  10.0   1:23p   SSE
11  56.3  71.9   1:33p  44.0   2:00a   9.6   0.9  0.00   1.2  11.0  10:21p    SE
12  64.3  73.4  12:48p  56.3   6:33a   2.6   2.0  0.09   3.2  19.0   1:06p    SE
13  65.5  71.7   1:33p  58.9   6:21a   1.5   2.0  0.01   2.2  18.0   9:46p   SSE
14  53.0  71.3   2:32a  40.1  11:57p  12.7   0.8  0.20   5.8  27.0   5:06a   WNW
15  48.8  62.5  12:53p  35.5   6:39a  16.2   0.0  0.04   1.8  12.0  10:34a     E
16  48.5  53.1   2:10p  42.5  11:49p  16.5   0.0  0.48   2.8  17.0   7:36p    NW
17  37.5  43.1   2:39p  30.8  10:30p  27.5   0.0  0.00   3.0  19.0   4:22a   WNW
18  40.2  57.3   2:02p  28.2   6:30a  24.4   0.0  0.00   1.1  11.0  12:45p    NW
19  45.3  60.7   2:32p  31.7   2:04a  19.7   0.0  0.06   1.9  12.0   9:43a     E
20  53.1  58.8   3:44p  46.6  12:00a  11.8   0.0  0.24   1.3  12.0  12:13a     N
21  52.5  63.8   2:38p  43.0  11:58p  12.5   0.0  0.00   1.9  12.0   1:07p     W
22  51.7  71.7   2:35p  38.1   6:35a  14.2   0.9  0.01   0.9  15.0   9:52a    NW
23  54.6  70.2   1:43p  39.1   7:14a  10.9   0.5  0.05   2.4  15.0  10:38a   ESE
24  47.7  64.7   6:19a  31.2  11:58p  17.3   0.0  1.76   5.2  25.0   5:50a   WSW
25  34.4  45.7   1:14p  26.9   7:06a  30.6   0.0  0.00   2.4  20.0  12:27p   WSW
26  37.0  53.5   3:10p  25.9   4:47a  27.9   0.0  0.00   1.1  10.0  11:26a   WNW
27  43.8  62.3   2:22p  28.9   4:25a  21.2   0.0  0.00   1.4  10.0   3:05p    SE
28  51.3  70.0   2:51p  34.8   6:40a  14.4   0.7  0.00   1.0  10.0   1:27p   SSE
29  55.7  69.8   2:23p  42.4   6:55a  10.1   0.7  0.00   1.7  12.0   2:33p     E
30  60.8  74.1  12:54p  48.5   1:37a   6.0   1.9  0.00   3.2  19.0  12:12p   ESE
31  64.4  70.6   3:16p  54.8   1:52a   2.7   2.1  0.43   2.5  17.0  10:32p     E
----------------------------------------------------------------------------------
    49.5  74.1    30    25.9    26   493.7  14.5  3.52   2.1  27.0    14     WSW

Max >=  80.0:  0
Max <=  32.0:  0
Min <=  32.0: 10
Min <=   0.0:  0
Max Rain: 1.76 on day 24
Days of Rain: 15 (>= 0.01 in)  5 (>= 0.10 in)  1 (>= 1.00 in)
Heat Base: 65.0  Cool Base: 65.0  Method: Integration