NOAA-Style Climate Reports


Report for 2020 July
                   Monthly Climatological Summary for Jul 2020

Name: BeeWeather.com   City: West Central Crenshaw County   State: Alabama
Elevation: 420 ft  Lat: N 31° 43' 59"   Lon: W 086° 21' 16"

                  Temperature (°F), Rain (in), Wind Speed (mph)

                                      Heat  Cool        Avg
    Mean                              Deg   Deg         Wind                 Dom
Day Temp  High   Time   Low    Time   Days  Days  Rain  Speed High   Time    Dir
----------------------------------------------------------------------------------
 1  76.4  89.2  11:30a  71.7   5:30a   0.0  11.4  0.14   1.3  31.0  11:45a     W
 2  78.7  89.6   4:15p  70.6   5:30a   0.0  13.7  0.01   1.7  12.0   9:30a     W
 3  80.2  93.7   2:45p  74.1  11:51p   0.0  14.9  0.02   1.3  21.0   3:45p     W
 4  79.1  90.1   3:33p  71.9   5:01a   0.0  14.1  0.00   1.4  11.0   2:45p   ESE
 5  78.1  91.3   2:17p  71.7   5:19a   0.0  13.1  0.00   1.5  17.0   2:38p   ESE
 6  80.4  92.3   3:18p  74.0  12:04a   0.0  15.4  0.00   1.1  12.0   1:01p   ESE
 7  78.2  89.3   2:17p  73.7   5:37a   0.0  13.2  0.90   1.1   9.0  10:11a    SW
 8  79.0  91.4   4:16p  72.6  11:55p   0.0  14.0  0.14   1.7  23.0   5:44p     W
 9  80.0  91.1   4:29p  71.9  12:55a   0.0  15.0  0.00   1.2   9.0  12:05p     W
10  84.0  94.4   5:16p  74.1   6:00a   0.0  19.0  0.00   1.6  15.0   5:19p     W
11  83.7  93.7   4:20p  73.9  11:25p   0.0  18.7  0.00   2.6  19.0   4:45p   WNW
12  78.7  94.4   3:37p  69.0   6:14a   0.0  13.7  1.26   1.9  32.0   5:03p    SW
13  81.6  96.4   6:38p  69.9   5:41a   0.0  16.6  0.01   1.3  10.0   7:47a     W
14  84.5  97.3   4:55p  72.9   5:43a   0.0  19.5  0.00   1.1   9.0   4:03p   SSW
15  78.5  94.0  11:27a  73.2  11:27p   0.0  13.5  0.44   1.2  18.0   2:00p     S
16  80.8  93.8   6:45p  72.0   6:15a   0.0  15.9  0.00   1.2  11.0   5:15p    SE
17  83.8  95.0   4:00p  73.6   6:15a   0.0  18.5  0.00   1.4  12.0   2:45p     E
18  83.3  95.4   3:13p  72.2   6:03a   0.0  18.3  0.00   1.4  11.0   7:10p    NE
19  84.5  97.5   5:56p  72.8   5:49a   0.0  19.5  0.00   0.8   8.0   1:39p    SE
20  84.6  97.7   5:41p  74.9  11:01p   0.0  19.6  0.33   1.4  15.0   5:55p   ESE
21  83.5  96.4   3:58p  73.1   5:44a   0.0  18.5  0.00   1.1  13.0   6:33p   SSE
22  82.8  94.8   3:42p  72.6   6:08a   0.0  17.8  0.00   2.1  26.0   7:32p   ESE
23  80.3  92.3   1:46p  70.8   5:52a   0.0  15.3  0.08   2.2  19.0   2:40p     E
24  79.6  90.8   3:07p  73.3  11:54p   0.0  14.6  0.00   2.2  20.0   4:16p     E
25  78.5  94.5   2:45p  71.7   5:54a   0.0  13.4  0.48   1.6  24.0   4:15p   ESE
26  78.4  94.9   3:57p  70.8   5:42a   0.0  13.4  1.35   1.3  21.0   4:43p   ENE
27  80.3  90.6   1:04p  70.5   6:01a   0.0  15.3  0.01   1.0   9.0  11:41a   SSE
28  79.8  91.3   2:09p  74.6   5:58a   0.0  14.8  0.00   2.1  23.0   2:38p   SSE
29  77.9  85.9  12:58p  74.9   2:21a   0.0  12.9  0.93   1.9  19.0   4:30p     S
30  82.8  92.8   3:15p  75.6  12:15a   0.0  17.8  0.01   1.8  14.0   1:00p   SSW
31  84.5  94.6   1:43p  77.3  11:52p   0.0  19.1  0.00   2.1  14.0   5:13p   SSW
----------------------------------------------------------------------------------
    80.9  97.7    20    69.0    12     0.0 490.5  6.11   1.5  32.0    12     SSE

Max >=  80.0: 31
Max <=  32.0:  0
Min <=  32.0:  0
Min <=   0.0:  0
Max Rain: 1.35 on day 26
Days of Rain: 15 (>= 0.01 in)  9 (>= 0.10 in)  2 (>= 1.00 in)
Heat Base: 65.0  Cool Base: 65.0  Method: Integration