NOAA-Style Climate Reports


Report for 2020 January
                   Monthly Climatological Summary for Jan 2020

Name: BeeWeather.com   City: West Central Crenshaw County   State: Alabama
Elevation: 420 ft  Lat: N 31° 43' 59"   Lon: W 086° 21' 16"

                  Temperature (°F), Rain (in), Wind Speed (mph)

                                      Heat  Cool        Avg
    Mean                              Deg   Deg         Wind                 Dom
Day Temp  High   Time   Low    Time   Days  Days  Rain  Speed High   Time    Dir
----------------------------------------------------------------------------------
 1  48.1  61.8   1:58p  35.8   6:28a  16.9   0.0  0.00   1.3   8.0  10:27a   SSE
 2  61.6  71.8  11:19p  49.0   4:27a   5.8   2.3  0.58   4.4  19.0   9:08a    SE
 3  66.3  73.1   6:03a  59.7  10:34p   1.6   2.8  0.42   2.6  16.0   5:15a   SSW
 4  55.4  62.5   1:23p  41.7  11:58p   9.6   0.0  0.02   4.1  23.0   2:17p     W
 5  45.4  60.7   3:10p  33.0   7:08a  19.6   0.0  0.00   1.5  12.0  12:13p   WNW
 6  50.8  69.0   3:00p  35.3   6:55a  14.6   0.4  0.00   1.4  10.0  10:21a   SSW
 7  53.1  63.5   1:41p  41.7  11:58p  11.9   0.0  0.00   3.5  20.0   9:41a     W
 8  48.3  67.0   2:25p  33.4   7:15a  16.8   0.1  0.00   1.0  11.0  11:23a   NNW
 9  53.4  66.5  11:54a  38.0   5:41a  11.8   0.2  0.00   2.8  20.0  11:27a     E
10  68.0  75.3  12:33p  60.9   6:52a   1.0   4.1  0.00   5.4  24.0   1:02p   ESE
11  68.7  75.1   1:11p  59.2  11:12p   0.6   4.3  1.07   7.0  32.0  12:15p    SE
12  61.3  67.2  12:29p  55.9   7:42a   3.9   0.2  0.16   1.0   7.0  12:18p     N
13  65.9  68.9   3:53p  62.7  12:00a   0.6   1.4  1.62   1.3  10.0   7:21a    NE
14  67.4  76.7  12:40p  61.8  11:59p   0.5   2.9  0.23   2.5  18.0   1:30p   SSE
15  66.6  74.1   3:20p  59.4   6:39a   1.3   2.9  0.00   1.3  11.0   1:57a     S
16  66.1  71.3  11:27a  55.0  10:56p   1.9   3.0  0.01   2.3  14.0  11:06a    NW
17  59.9  72.4   1:59p  50.5   6:54a   6.3   1.2  0.00   3.4  19.0   2:08p   ENE
18  59.4  66.7   9:41p  50.9   6:54a   5.8   0.3  0.03   4.1  19.0  10:07a   ESE
19  49.9  66.3  12:00a  39.0  11:57p  15.1   0.1  0.54   5.3  25.0   2:53p   WNW
20  37.8  46.6   2:00p  30.8  11:52p  27.2   0.0  0.00   4.6  21.0   1:35p    NW
21  33.9  45.3   2:50p  25.4   6:53a  31.1   0.0  0.00   3.9  20.0   1:47p    NW
22  40.8  55.4   2:09p  25.7   5:57a  24.2   0.0  0.00   1.4  12.0  10:13a    NE
23  48.2  53.8  11:57p  40.4   6:02a  16.8   0.0  0.58   2.4  13.0  12:37a   ENE
24  55.8  63.9   2:51p  44.4  11:59p   9.2   0.0  0.03   2.7  18.0  10:36p   WSW
25  46.5  59.0   3:10p  34.9   6:55a  18.5   0.0  0.00   2.4  16.0  11:16a     W
26  46.1  54.8   1:07p  37.5   3:07a  18.9   0.0  0.02   0.9   7.0   1:08p    SE
27  49.9  56.4   4:20p  42.6  11:59p  15.1   0.0  0.10   1.3  10.0  11:14a   WNW
28  49.5  68.8   1:41p  35.0   6:27a  15.6   0.1  0.00   1.0  11.0   1:21p     N
29  46.5  50.2   1:36p  41.9  12:01a  18.5   0.0  0.64   1.7  12.0   2:11p   NNE
30  50.4  64.7   2:49p  39.5   7:12a  14.6   0.0  0.01   1.5  13.0  12:21p    NE
31  50.6  52.8   1:04p  47.6  11:37p  14.4   0.0  0.02   1.5  10.0   5:48a   ENE
----------------------------------------------------------------------------------
    53.9  76.7    14    25.4    21   369.7  26.3  6.08   2.6  32.0    11      SE

Max >=  80.0:  0
Max <=  32.0:  0
Min <=  32.0:  3
Min <=   0.0:  0
Max Rain: 1.62 on day 13
Days of Rain: 17 (>= 0.01 in)  10 (>= 0.10 in)  2 (>= 1.00 in)
Heat Base: 65.0  Cool Base: 65.0  Method: Integration