NOAA-Style Climate Reports

Select a Year or Month report
2020: Jan Feb Mar Apr May Jun Jul Aug Sep Oct Nov Dec
2019: Jan Feb Mar Apr May Jun Jul Aug Sep Oct Nov Dec
2018: Jan Feb Mar Apr May Jun Jul Aug Sep Oct Nov Dec
2017: Jan Feb Mar Apr May Jun Jul Aug Sep Oct Nov Dec
2016: Jan Feb Mar Apr May Jun Jul Aug Sep Oct Nov Dec
2015: Jan Feb Mar Apr May Jun Jul Aug Sep Oct Nov Dec
2014: Jan Feb Mar Apr May Jun Jul Aug Sep Oct Nov Dec
2013: Jan Feb Mar Apr May Jun Jul Aug Sep Oct Nov Dec

Report for 2019 December
                   Monthly Climatological Summary for Dec 2019

Name: BeeWeather.com   City: West Central Crenshaw County   State: Alabama
Elevation: 420 ft  Lat: N 31° 43' 59"   Lon: W 086° 21' 16"

                  Temperature (°F), Rain (in), Wind Speed (mph)

                                      Heat  Cool        Avg
    Mean                              Deg   Deg         Wind                 Dom
Day Temp  High   Time   Low    Time   Days  Days  Rain  Speed High   Time    Dir
----------------------------------------------------------------------------------
 1  62.0  71.5   2:28p  48.1  11:55p   4.6   1.6  0.15   4.0  24.0   8:26p   WSW
 2  44.4  53.0   1:33p  34.6  11:51p  20.7   0.0  0.00   4.1  22.0   8:55a   WNW
 3  41.4  55.3   2:53p  31.6   3:27a  23.6   0.0  0.00   1.7  12.0   3:03p     W
 4  47.9  66.0   1:43p  33.4   5:33a  17.1   0.1  0.00   1.4  12.0   3:10p     W
 5  50.7  67.8   1:57p  36.0   7:04a  14.6   0.3  0.00   1.0   9.0  12:06p   SSE
 6  53.2  67.5  11:28a  43.7  12:21a  11.9   0.1  0.52   1.7  14.0   3:24p   ESE
 7  56.4  66.5   2:34p  48.8   6:48a   8.6   0.1  0.01   1.0  10.0   8:36a     N
 8  60.6  69.5   1:42p  55.2   3:05a   4.8   0.4  0.00   3.3  14.0   2:02p     E
 9  67.3  75.5   2:25p  61.3   1:14a   1.0   3.3  0.00   3.7  18.0  10:50a   SSE
10  62.2  80.3  11:23a  47.5  11:34p   5.5   2.7  0.09   4.9  23.0  12:06p   WNW
11  46.3  57.4   1:57p  40.3  11:59p  18.7   0.0  0.01   3.7  21.0   2:26a    NW
12  45.3  50.6  10:18a  39.6   1:41a  19.6   0.0  0.11   2.4  16.0  10:59a    NE
13  47.7  50.9   1:39p  44.4  12:01a  17.3   0.0  1.35   1.9  11.0  11:51p   NNE
14  51.7  63.0   2:47p  45.9   6:50a  13.3   0.0  0.01   2.2  13.0  12:59p     W
15  56.3  70.6   2:13p  41.1   4:24a   9.4   0.7  0.00   2.8  14.0  11:01p    SE
16  64.9  69.3  11:54p  60.1   6:57a   1.4   1.3  0.02   3.5  18.0  12:35p    SE
17  52.0  69.9   1:06a  41.9  11:50p  14.0   0.9  0.40   6.0  29.0   9:25p   WNW
18  40.7  51.5   2:16p  32.0   6:52a  24.3   0.0  0.00   4.2  21.0  12:57p    NW
19  41.2  57.2   2:22p  29.8   7:06a  23.8   0.0  0.00   1.7  10.0   9:48a    NW
20  48.0  65.0   2:31p  33.9   4:39a  17.0   0.0  0.00   1.3  11.0   9:43a    NE
21  49.6  52.4  12:15a  46.1   4:59a  15.4   0.0  0.56   1.6  12.0   8:18p   NNE
22  51.3  52.9   3:07p  48.3   6:23a  13.7   0.0  1.67   2.4  16.0  11:29a    NE
23  52.8  56.8   9:30p  48.5   6:34a  12.2   0.0  0.02   2.4  13.0   2:50p    NW
24  61.9  74.2   2:09p  55.6  11:44p   4.7   1.7  0.00   2.2  12.0   3:18a    NW
25  59.9  74.0   1:35p  51.1   7:18a   6.8   1.7  0.01   1.4  11.0   9:44a   ENE
26  60.4  74.4   2:46p  47.6   6:22a   6.4   1.8  0.00   1.2   8.0   8:44a     E
27  64.0  75.2   2:29p  56.2   3:23a   3.5   2.5  0.09   1.3  12.0  11:35a   ENE
28  65.8  69.9   1:30p  60.4  12:00a   1.1   1.9  0.00   2.7  14.0  11:56p     E
29  70.7  77.7   2:38p  67.7  12:00a   0.0   5.7  0.11   4.9  19.0   1:47p    SE
30  56.1  69.2  12:00a  43.3  10:51p   9.0   0.1  0.00   3.1  21.0  12:22a     W
31  47.2  61.5   2:04p  38.2  11:58p  17.8   0.0  0.00   2.0  14.0  12:11p     W
----------------------------------------------------------------------------------
    54.2  80.3    10    29.8    19   361.8  26.9  5.13   2.6  29.0    17      NW

Max >=  80.0:  1
Max <=  32.0:  0
Min <=  32.0:  3
Min <=   0.0:  0
Max Rain: 1.67 on day 22
Days of Rain: 16 (>= 0.01 in)  8 (>= 0.10 in)  2 (>= 1.00 in)
Heat Base: 65.0  Cool Base: 65.0  Method: Integration