NOAA-Style Climate Reports


Report for 2019 October
                   Monthly Climatological Summary for Oct 2019

Name: BeeWeather.com   City: West Central Crenshaw County   State: Alabama
Elevation: 420 ft  Lat: N 31° 43' 59"   Lon: W 086° 21' 16"

                  Temperature (°F), Rain (in), Wind Speed (mph)

                                      Heat  Cool        Avg
    Mean                              Deg   Deg         Wind                 Dom
Day Temp  High   Time   Low    Time   Days  Days  Rain  Speed High   Time    Dir
----------------------------------------------------------------------------------
 1  83.4  98.9   1:17p  70.2   6:53a   0.0  18.3  0.00   1.4  11.0   1:39p     E
 2  82.9  96.9   3:35p  69.9   7:00a   0.0  18.0  0.00   1.4  11.0   3:15p   ESE
 3  84.1 100.3   4:39p  69.5   6:54a   0.0  19.1  0.00   1.1  12.0   1:17p     E
 4  80.0  99.8   2:05p  71.7   7:08a   0.0  15.0  0.21   1.5  14.0   2:38p     S
 5  82.1  96.4   3:23p  70.2   6:51a   0.0  16.9  0.00   2.0  14.0   2:58p   ESE
 6  79.2  89.1   4:02p  71.4   6:49a   0.0  14.2  0.00   2.7  14.0   1:11a     E
 7  77.1  89.4  12:52p  69.3   6:36a   0.0  12.1  0.18   2.1  16.0   2:30p   NNW
 8  76.9  90.1   4:25p  66.7   6:33a   0.0  11.9  0.00   2.3  12.0  11:49a    NW
 9  77.3  90.0   1:21p  66.1   6:08a   0.0  12.3  0.00   2.1  14.0  10:50a   ENE
10  75.8  89.1   4:04p  67.0   6:53a   0.0  10.8  0.00   2.3  15.0  12:29p     E
11  73.9  87.9   3:18p  62.1   6:42a   0.3   9.2  0.00   2.0  13.0  12:18p     E
12  71.5  85.0   2:54p  63.3  11:57p   0.1   6.6  0.00   2.5  15.0   3:44p   WNW
13  69.3  84.9  12:19p  61.8   1:02a   0.8   5.1  0.00   1.9  12.0  11:39a   WNW
14  70.3  80.8   1:55p  62.5   6:43a   0.3   5.7  0.09   1.3  11.0   1:53p   NNW
15  69.4  70.8  12:35p  68.1   8:04p   0.0   4.4  1.60   1.4  11.0   3:32p   ENE
16  69.2  77.8   2:15p  55.6  11:57p   1.0   5.1  0.31   2.9  17.0   3:26p   WNW
17  58.7  70.9   2:31p  48.8   6:36a   7.3   1.0  0.00   2.0  11.0  11:20a   WNW
18  59.3  66.0   2:19p  51.7   7:05a   5.8   0.0  0.00   1.2   8.0  12:03a   NNE
19  62.3  65.1   9:49a  59.7   1:14a   2.7   0.0  1.31   3.7  19.0   1:27p   NNW
20  66.9  81.4   4:44p  60.4  12:00a   1.7   3.6  0.00   1.2  11.0  12:19p   WNW
21  69.9  82.9   2:10p  59.6   4:11a   1.4   6.3  0.57   2.2  16.0   8:45p    SE
22  66.2  74.8   2:48p  52.4  11:58p   2.2   3.4  0.04   3.1  24.0   4:44a   WNW
23  58.1  75.2   4:26p  43.4   7:20a   8.9   2.0  0.00   1.6  15.0  11:40a   NNW
24  61.2  77.1   2:04p  46.7   6:10a   6.4   2.6  0.00   1.3  11.0   2:37p   NNE
25  73.0  82.2   3:53p  65.5  12:00a   0.0   8.0  0.00   3.1  14.0  10:35a     E
26  74.6  83.0  12:18p  65.7  11:58p   0.0   9.6  0.10   5.1  22.0  12:20p    SE
27  63.3  75.1   4:35p  54.6   6:56a   3.6   1.8  0.00   2.0  12.0   8:15a   WNW
28  64.6  80.6   4:44p  50.4   7:13a   4.7   4.3  0.02   1.3   9.0   3:56p   SSE
29  68.1  70.6  11:41p  66.1   6:04a   0.0   3.1  0.18   1.2  10.0  10:37p   NNE
30  73.3  77.4   2:39p  70.5  12:00a   0.0   8.3  0.35   3.2  17.0   1:27p    SE
31  58.8  76.4   9:22a  38.9  11:58p   9.5   3.3  0.27   4.9  26.0  12:04p     W
----------------------------------------------------------------------------------
    71.0 100.3     3    38.9    31    56.7 242.0  5.23   2.2  26.0    31     NNE

Max >=  80.0: 19
Max <=  32.0:  0
Min <=  32.0:  0
Min <=   0.0:  0
Max Rain: 1.60 on day 15
Days of Rain: 13 (>= 0.01 in)  10 (>= 0.10 in)  2 (>= 1.00 in)
Heat Base: 65.0  Cool Base: 65.0  Method: Integration