NOAA-Style Climate Reports


Report for 2019 July
                   Monthly Climatological Summary for Jul 2019

Name: BeeWeather.com   City: West Central Crenshaw County   State: Alabama
Elevation: 420 ft  Lat: N 31° 43' 59"   Lon: W 086° 21' 16"

                  Temperature (°F), Rain (in), Wind Speed (mph)

                                      Heat  Cool        Avg
    Mean                              Deg   Deg         Wind                 Dom
Day Temp  High   Time   Low    Time   Days  Days  Rain  Speed High   Time    Dir
----------------------------------------------------------------------------------
 1  82.9  96.3   5:20p  69.8   5:46a   0.0  17.9  0.00   1.3  11.0  10:22a     W
 2  84.0  97.7   2:37p  73.0   6:19a   0.0  19.0  0.00   1.6  12.0  10:04a     W
 3  81.6  96.0   2:26p  73.7   5:09a   0.0  16.6  0.07   1.0  14.0   2:57p    NW
 4  83.5  95.4   2:46p  72.1   5:54a   0.0  18.5  0.00   1.7  15.0   4:29p    NW
 5  85.9  98.8   2:47p  73.3   5:56a   0.0  20.9  0.00   1.9  12.0   2:59p    NW
 6  86.3 100.0   4:37p  72.7   6:12a   0.0  21.3  0.00   2.0  13.0  11:26a   WNW
 7  82.1  97.7   2:31p  72.9  11:59p   0.0  17.1  0.00   2.2  20.0  10:02a     W
 8  79.3  96.4   2:40p  70.9   5:31a   0.0  14.3  0.09   1.9  16.0   3:21p     W
 9  81.9  95.1  12:17p  74.5   4:24a   0.0  16.9  0.04   1.4  12.0   1:26p   WNW
10  82.0  95.1   3:16p  73.4   5:35a   0.0  17.0  0.52   1.7  16.0   8:39p   ENE
11  80.8  92.8   2:49p  74.7   3:53a   0.0  15.8  0.06   1.9  15.0   3:01p   ESE
12  79.1  90.4   4:37p  73.9  11:42p   0.0  14.1  0.33   2.7  23.0  11:14a   ESE
13  76.5  85.4  12:10p  71.9   4:26a   0.0  11.5  0.03   1.9  13.0   1:26p   ENE
14  78.2  92.8  12:56p  71.0   4:19a   0.0  13.2  0.01   1.8  16.0   2:43p   ESE
15  81.0  91.2   2:04p  71.2   6:07a   0.0  16.0  0.01   1.8  11.0   8:40a    SE
16  83.4  97.0   4:22p  71.5   4:49a   0.0  18.4  0.00   1.7  12.0  12:52p     S
17  83.4  97.1   4:31p  70.2   5:17a   0.0  18.4  0.00   1.3  10.0  12:46p   SSW
18  84.3  98.2   3:53p  72.5   6:10a   0.0  19.3  0.00   1.6  12.0  11:01a    SW
19  77.3  92.3   1:50p  72.8  11:29p   0.0  12.3  0.10   1.1  13.0   2:04p    SE
20  76.6  90.0  12:50p  72.1  12:47a   0.0  11.6  0.46   1.0  13.0   1:59p     S
21  80.2  90.8   3:32p  71.5   4:15a   0.0  15.2  0.00   1.3  13.0   3:50p    SE
22  80.6  93.7   4:23p  70.6   5:58a   0.0  15.6  0.00   1.7  17.0   4:25p     S
23  78.2  90.5   4:19p  72.6  11:52p   0.0  13.2  0.47   2.0  14.0   3:38p   WNW
24  77.1  90.4   3:26p  66.6   5:38a   0.0  12.1  0.00   2.2  15.0  12:44p    NW
25  77.9  91.2   3:29p  65.2   6:29a   0.0  12.9  0.00   1.5  11.0  12:26p     E
26  79.8  94.1   4:41p  67.3   6:11a   0.0  14.8  0.00   1.9  13.0   1:06p   ESE
27  79.4  93.0   2:18p  66.5   6:15a   0.0  14.4  0.00   1.7  13.0  12:39p     E
28  79.9  94.9   4:36p  66.1   6:00a   0.0  14.9  0.00   1.2  12.0  12:26p     E
29  81.1  96.7   3:27p  66.1   6:31a   0.0  16.1  0.00   1.3  14.0   1:33p   ESE
30  80.9  96.0  12:45p  69.3   6:15a   0.0  15.9  0.00   1.4   9.0   1:27p    SW
31  83.3  95.9   6:04p  73.6   6:11a   0.0  18.3  0.00   1.2  10.0   1:17p    SW
----------------------------------------------------------------------------------
    80.9 100.0     6    65.2    25     0.0 493.5  2.19   1.6  23.0    12       S

Max >=  80.0: 31
Max <=  32.0:  0
Min <=  32.0:  0
Min <=   0.0:  0
Max Rain: 0.52 on day 10
Days of Rain: 12 (>= 0.01 in)  5 (>= 0.10 in)  0 (>= 1.00 in)
Heat Base: 65.0  Cool Base: 65.0  Method: Integration