NOAA-Style Climate Reports


Report for 2019 June
                   Monthly Climatological Summary for Jun 2019

Name: BeeWeather.com   City: West Central Crenshaw County   State: Alabama
Elevation: 420 ft  Lat: N 31° 43' 59"   Lon: W 086° 21' 16"

                  Temperature (°F), Rain (in), Wind Speed (mph)

                                      Heat  Cool        Avg
    Mean                              Deg   Deg         Wind                 Dom
Day Temp  High   Time   Low    Time   Days  Days  Rain  Speed High   Time    Dir
----------------------------------------------------------------------------------
 1  80.7  94.6   3:20p  67.9   5:53a   0.0  15.7  0.00   1.6  13.0   2:14p     W
 2  80.5  94.2   2:45p  66.5   5:52a   0.0  15.5  0.00   1.7  13.0  10:35a   WNW
 3  82.0  97.3   4:00p  67.3   3:09a   0.0  17.0  0.00   1.8  14.0  11:24a   WNW
 4  84.0 100.2   3:51p  68.8   5:45a   0.0  19.0  0.00   1.4   9.0  12:41p   SSE
 5  80.2  89.4   1:45p  71.2   5:56a   0.0  15.2  0.00   0.8   8.0   1:46p     S
 6  75.6  80.6  12:57p  72.0   7:09a   0.0  10.6  0.45   2.5  14.0   4:02p    SE
 7  78.8  88.5  11:40a  71.9   1:47p   0.0  13.8  0.47   2.8  20.0   1:13p   SSE
 8  79.5  88.0   1:14p  74.5   4:21a   0.0  14.5  0.04   3.3  23.0   1:51p   SSE
 9  77.0  89.2   1:14p  71.9  11:23p   0.0  12.0  0.55   1.5  15.0   1:37p    SE
10  76.8  88.6   2:57p  70.3   4:01a   0.0  11.8  0.00   1.6  21.0   4:05p    NW
11  78.7  90.8   3:06p  69.1   6:09a   0.0  13.7  0.00   2.7  12.0   8:59a    NW
12  77.8  89.5   1:15p  66.6  11:59p   0.0  12.8  0.00   1.6  14.0  12:52p   WSW
13  74.3  88.1   3:44p  62.4   6:27a   0.4   9.7  0.00   2.1  16.0   2:49p   WNW
14  74.5  89.6   4:43p  58.5   5:49a   1.2  10.7  0.00   1.5  11.0  11:56a   ENE
15  79.2  93.8   5:57p  63.6   5:04a   0.1  14.3  0.00   1.8  12.0  10:31a    SE
16  80.3  94.2   3:54p  68.6   5:17a   0.0  15.3  0.00   1.2  11.0   3:42p   SSE
17  78.8  92.8   2:07p  69.7   5:14a   0.0  13.8  0.67   1.8  15.0   2:19p    SE
18  75.7  87.1  11:58a  72.0   2:12p   0.0  10.7  1.06   2.0  22.0  12:56p   SSE
19  81.2  92.4   3:27p  72.6   5:45a   0.0  16.2  0.01   2.1  14.0  11:18a     S
20  81.5  93.6   3:13p  74.8  10:05p   0.0  16.5  0.40   2.6  21.0   4:32p     S
21  84.6  96.2   3:33p  74.7   2:12a   0.0  19.6  0.00   1.6  10.0   8:33a   SSW
22  84.1  95.3   4:18p  75.4   3:28a   0.0  19.1  0.00   1.5  11.0   3:58p   SSW
23  83.8  96.2   4:36p  74.6   3:36a   0.0  18.8  0.00   1.6  11.0   2:26p   SSE
24  82.5  93.1   5:08p  73.2   2:53a   0.0  17.5  0.00   2.6  19.0   9:11a     S
25  82.3  94.6   3:37p  71.6   4:08a   0.0  17.3  0.00   1.6  13.0  11:22a     W
26  82.1  93.7   5:54p  72.6   5:58a   0.0  17.1  0.00   1.8  14.0  12:22a    NW
27  80.3  94.2   4:40p  67.3   5:00a   0.0  15.3  0.00   2.1  20.0   7:48p    NW
28  80.2  93.5   3:48p  67.3   5:03a   0.0  15.2  0.00   1.8  14.0  12:08p   ENE
29  78.0  90.6  12:28p  70.3   6:04a   0.0  13.0  0.04   1.3  12.0   2:29p   ESE
30  78.5  92.6   2:26p  69.0   6:04a   0.0  13.5  0.16   1.1  11.0   4:58p   WSW
----------------------------------------------------------------------------------
    79.8 100.2     4    58.5    14     1.7 445.2  3.85   1.9  23.0     8       S

Max >=  80.0: 30
Max <=  32.0:  0
Min <=  32.0:  0
Min <=   0.0:  0
Max Rain: 1.06 on day 18
Days of Rain: 10 (>= 0.01 in)  7 (>= 0.10 in)  1 (>= 1.00 in)
Heat Base: 65.0  Cool Base: 65.0  Method: Integration