NOAA-Style Climate Reports


Report for 2019 May
                   Monthly Climatological Summary for May 2019

Name: BeeWeather.com   City: West Central Crenshaw County   State: Alabama
Elevation: 420 ft  Lat: N 31° 43' 59"   Lon: W 086° 21' 16"

                  Temperature (°F), Rain (in), Wind Speed (mph)

                                      Heat  Cool        Avg
    Mean                              Deg   Deg         Wind                 Dom
Day Temp  High   Time   Low    Time   Days  Days  Rain  Speed High   Time    Dir
----------------------------------------------------------------------------------
 1  73.7  86.1   1:01p  62.8   3:46a   0.3   9.0  0.10   1.9  14.0   9:17a    SE
 2  75.4  88.2   3:50p  65.0   5:24a   0.0  10.4  0.00   1.7  17.0   1:03p   ESE
 3  76.9  88.9   3:43p  65.0   6:21a   0.0  11.9  0.00   1.0   9.0   2:58p   SSE
 4  73.3  85.0   1:24p  67.9  11:00p   0.0   8.3  0.39   2.1  16.0   3:53p   SSE
 5  72.1  80.5   3:00p  63.8  11:50p   0.0   7.0  0.00   2.8  15.0   4:15p     W
 6  71.0  85.5   4:54p  57.8   6:10a   1.5   7.5  0.00   1.6   8.0  10:01a    NW
 7  73.7  89.8   6:24p  57.6   6:07a   1.8  10.5  0.00   1.2  10.0  12:59p   NNE
 8  73.4  88.8   3:53p  61.9   5:18a   0.5   8.9  0.85   2.6  27.0   5:29p    SE
 9  72.2  86.6   3:12p  66.4  11:46p   0.0   7.2  1.08   3.3  29.0   4:03p    SE
10  74.2  85.2   4:09p  63.0   4:26a   0.2   9.4  0.01   1.5  18.0   1:10a   SSE
11  73.8  83.6   3:56p  68.6  11:47p   0.0   8.8  0.93   2.0  26.0  10:45p   SSE
12  71.4  78.1   5:26p  66.8  10:38a   0.0   6.4  0.31   2.6  17.0  10:06a   SSE
13  70.7  79.7   3:52p  60.5  11:59p   0.3   6.0  0.01   2.9  16.0   1:58p   WNW
14  66.4  79.1   4:27p  54.2   6:12a   3.3   4.7  0.00   2.5  19.0  11:48a    NW
15  68.1  83.5   6:39p  52.8   6:27a   3.4   6.5  0.00   1.7  14.0  11:44a    NW
16  74.5  89.7   5:25p  59.9   4:54a   1.2  10.7  0.00   1.2  10.0   2:55p   SSW
17  77.9  91.8   3:37p  65.0   6:06a   0.0  12.9  0.00   1.2  11.0   1:11p     S
18  76.7  90.3   4:17p  65.0   6:00a   0.0  11.7  0.00   1.9  14.0   4:22p   SSE
19  75.4  88.8   1:54p  61.9   5:40a   0.5  10.9  0.00   2.2  16.0  11:05a   SSE
20  79.8  95.0   6:12p  66.8   6:03a   0.0  14.8  0.00   1.3  10.0  11:37a    SW
21  78.2  90.9   4:10p  67.7   4:29a   0.0  13.2  0.00   2.6  16.0   3:05p   SSE
22  76.8  94.1   6:26p  61.8   4:21a   0.5  12.3  0.00   1.4  13.0   1:23p   SSE
23  80.2  93.3   3:24p  69.4   3:45a   0.0  15.2  0.00   1.3  10.0   8:33a     E
24  80.6  94.5   4:34p  68.4   5:51a   0.0  15.6  0.00   1.1   9.0   3:16p   ESE
25  81.9  96.2   5:47p  67.2   5:56a   0.0  16.9  0.00   1.4  12.0   8:26a     W
26  83.3  98.4   4:52p  68.5   5:55a   0.0  18.3  0.00   1.1   9.0   2:32p    NW
27  82.6  94.6   3:00p  72.2   5:45a   0.0  17.6  0.00   1.2   9.0  12:50p   SSW
28  80.3  96.1   5:25p  66.6   5:49a   0.0  15.3  0.00   1.4  12.0   2:05p     S
29  80.4  95.2   4:12p  66.5   4:53a   0.0  15.5  0.00   1.7  13.0  12:28p     S
30  79.1  93.1   5:24p  64.3   5:30a   0.0  14.2  0.00   1.9  22.0   2:33p     S
31  81.6  93.5   3:44p  73.2   4:22a   0.0  16.6  0.00   1.9  12.0  11:35a     W
----------------------------------------------------------------------------------
    76.0  98.4    26    52.8    15    13.5 354.2  3.68   1.8  29.0     9       S

Max >=  80.0: 28
Max <=  32.0:  0
Min <=  32.0:  0
Min <=   0.0:  0
Max Rain: 1.08 on day 9
Days of Rain: 8 (>= 0.01 in)  6 (>= 0.10 in)  1 (>= 1.00 in)
Heat Base: 65.0  Cool Base: 65.0  Method: Integration