NOAA-Style Climate Reports


Report for 2019 March
                   Monthly Climatological Summary for Mar 2019

Name: BeeWeather.com   City: West Central Crenshaw County   State: Alabama
Elevation: 420 ft  Lat: N 31° 43' 59"   Lon: W 086° 21' 16"

                  Temperature (°F), Rain (in), Wind Speed (mph)

                                      Heat  Cool        Avg
    Mean                              Deg   Deg         Wind                 Dom
Day Temp  High   Time   Low    Time   Days  Days  Rain  Speed High   Time    Dir
----------------------------------------------------------------------------------
 1  66.4  74.5   1:07p  62.5   6:24a   0.9   2.3  0.25   2.2  14.0   4:40a   SSW
 2  64.4  69.7   3:02p  59.8  11:54p   1.4   0.9  0.00   1.4   8.0   8:29a   WNW
 3  60.8  72.0  12:16p  46.9  12:00a   5.6   1.4  0.60   4.2  25.0   2:42p   WSW
 4  41.4  46.9  12:00a  37.5  11:45p  23.3   0.0  0.31   5.0  22.0   2:45a   WNW
 5  40.3  51.0   2:57p  32.6   6:24a  24.7   0.0  0.01   4.5  19.0   8:41a   WNW
 6  40.8  55.3   3:09p  29.4   6:21a  24.2   0.0  0.00   2.9  16.0   8:44a    NW
 7  49.9  66.1   3:06p  31.2   5:44a  15.1   0.0  0.00   1.8  12.0   1:52p    SE
 8  63.1  76.5   2:12p  52.0   3:36a   4.6   2.7  0.00   3.3  14.0   8:19a   SSE
 9  67.8  78.4   1:42p  63.0   6:40a   0.7   3.5  0.00   4.4  23.0   3:30p    SE
10  70.9  79.5   4:42p  63.5  12:00a   0.0   5.7  0.00   2.3  17.0  11:35a    SW
11  63.3  72.2   2:19p  54.2  11:48p   2.9   1.2  0.31   2.0  26.0   2:30p   NNW
12  62.5  78.6   4:17p  50.9   5:19a   5.5   3.1  0.00   1.6  12.0   1:41p     N
13  66.3  73.1   3:49p  58.8   2:07a   2.0   3.2  0.00   4.8  24.0  10:07a   ESE
14  72.2  81.1   2:26p  65.4   7:24a   0.0   7.2  0.00   6.2  20.0   2:30p    SE
15  64.8  71.8   2:32a  55.6  11:55p   2.2   1.9  0.00   3.9  15.0   2:17a     W
16  51.6  55.8  12:51a  44.1  11:59p  13.4   0.0  0.00   3.6  16.0   7:28a    NW
17  53.2  65.8   2:53p  43.9  12:06a  11.8   0.0  0.00   2.3  13.0   9:52a    NW
18  54.4  65.8   1:31p  43.0   5:27a  10.7   0.0  0.00   2.9  16.0  11:03a    NW
19  53.2  66.7   3:37p  41.6   7:12a  11.9   0.2  0.00   2.2  15.0  10:26a   NNE
20  54.0  69.5   5:02p  41.1   7:09a  11.6   0.6  0.00   1.5  13.0  12:18p   ENE
21  55.2  67.7   3:41p  44.3   2:59a  10.1   0.3  0.00   3.7  23.0  12:56p     W
22  55.6  71.0   4:09p  42.4   7:12a  10.2   0.8  0.00   2.7  16.0   3:16p   WNW
23  58.0  78.1   5:15p  39.9   6:54a   9.9   2.9  0.00   1.3  11.0  11:32a     N
24  60.7  77.8   5:01p  43.3   6:51a   7.8   3.5  0.00   2.1  17.0   2:34p   SSE
25  63.8  80.1   3:51p  49.9   4:57a   5.2   4.0  0.00   2.5  17.0   2:09p    SW
26  56.3  61.9  10:53a  49.6  10:20p   8.7   0.0  0.00   3.7  17.0   6:17p   WNW
27  58.2  72.5   4:07p  48.3   3:37a   8.3   1.4  0.00   2.3  15.0  11:50a     N
28  58.0  76.0   3:40p  40.0   7:15a   9.5   2.5  0.00   1.8  13.0   2:31p     E
29  62.9  79.0   4:39p  48.3   6:56a   6.0   3.9  0.00   1.9  14.0  12:06p    SE
30  67.2  81.3   3:27p  54.4   7:23a   3.1   5.3  0.00   2.6  14.0  12:21p   SSE
31  53.3  64.6   3:04a  46.3  11:54p  11.7   0.0  0.06   4.5  20.0   8:58a   WNW
----------------------------------------------------------------------------------
    58.4  81.3    30    29.4     6   263.0  58.5  1.54   3.0  26.0    11       W

Max >=  80.0:  3
Max <=  32.0:  0
Min <=  32.0:  2
Min <=   0.0:  0
Max Rain: 0.60 on day 3
Days of Rain: 6 (>= 0.01 in)  4 (>= 0.10 in)  0 (>= 1.00 in)
Heat Base: 65.0  Cool Base: 65.0  Method: Integration