NOAA-Style Climate Reports

Select a Year or Month report
2019: Jan Feb Mar Apr May Jun Jul Aug Sep Oct Nov Dec
2018: Jan Feb Mar Apr May Jun Jul Aug Sep Oct Nov Dec
2017: Jan Feb Mar Apr May Jun Jul Aug Sep Oct Nov Dec
2016: Jan Feb Mar Apr May Jun Jul Aug Sep Oct Nov Dec
2015: Jan Feb Mar Apr May Jun Jul Aug Sep Oct Nov Dec
2014: Jan Feb Mar Apr May Jun Jul Aug Sep Oct Nov Dec
2013: Jan Feb Mar Apr May Jun Jul Aug Sep Oct Nov Dec

Report for 2019 January
                   Monthly Climatological Summary for Jan 2019

Name: BeeWeather.com   City: West Central Crenshaw County   State: Alabama
Elevation: 420 ft  Lat: N 31° 43' 59"   Lon: W 086° 21' 16"

                  Temperature (°F), Rain (in), Wind Speed (mph)

                                      Heat  Cool        Avg
    Mean                              Deg   Deg         Wind                 Dom
Day Temp  High   Time   Low    Time   Days  Days  Rain  Speed High   Time    Dir
----------------------------------------------------------------------------------
 1  67.9  71.3  12:09a  63.3  11:51p   0.2   3.1  0.46   1.6  10.0  12:11a   WNW
 2  65.9  70.2   2:24p  62.5   3:54a   0.8   1.7  0.29   1.6  11.0   7:45p   SSE
 3  62.4  66.7  12:00a  59.1   8:08a   2.9   0.3  0.17   2.2  10.0   4:51a     N
 4  58.2  67.3   3:03a  46.1   8:45p   6.9   0.1  0.54   4.0  25.0  11:58a    SW
 5  51.9  64.0   2:58p  46.3  11:59p  13.1   0.0  0.00   3.2  19.0   1:29p   WNW
 6  54.1  72.9   3:11p  40.5   6:25a  12.1   1.1  0.00   0.9   8.0  12:29a    NW
 7  57.0  74.3   2:46p  44.0   4:36a   9.7   1.7  0.00   1.6  13.0  12:51p   SSE
 8  60.3  73.5   2:39p  50.8   2:52a   6.2   1.6  0.00   1.8  13.0  12:09p    SW
 9  51.0  58.6   2:00p  42.1  11:57p  14.0   0.0  0.00   4.6  23.0  12:40p   WNW
10  43.6  55.2   1:32p  34.4   6:28a  21.4   0.0  0.00   3.2  15.0   1:15p    NW
11  44.9  61.0   2:26p  32.4   7:05a  20.1   0.0  0.00   1.4  11.0  11:06a   ENE
12  55.0  63.8   7:43p  41.7  12:41a  10.0   0.0  0.11   3.2  17.0   7:10p   ESE
13  52.6  62.4  12:00a  46.1  11:59p  12.4   0.0  0.00   3.1  15.0   8:53p   WNW
14  44.3  46.2  12:00a  42.6  11:59p  20.7   0.0  0.00   3.6  16.0   3:17a   WNW
15  42.0  49.1   3:15p  36.3  11:52p  23.0   0.0  0.00   2.7  13.0   7:48a    NW
16  44.8  61.3   2:59p  34.5   7:06a  20.2   0.0  0.00   1.2  10.0  12:21p   WNW
17  49.4  62.0  12:39p  34.1   6:28a  15.6   0.0  0.00   1.7  13.0  11:38a     S
18  58.5  65.4   3:37p  54.6   4:17a   6.5   0.0  0.00   1.0   7.0   2:09p   SSE
19  61.6  71.3  11:27a  46.1  11:56p   4.5   1.1  0.77   6.0  30.0  12:31p     S
20  37.7  46.1  12:00a  30.8  11:27p  27.3   0.0  0.01   5.8  23.0   1:54a   WNW
21  39.0  53.2   3:01p  28.8   6:43a  26.0   0.0  0.00   1.8  14.0   2:32p   NNW
22  47.9  57.5   1:25p  36.3   6:51a  17.1   0.0  0.00   3.7  16.0  10:52a     E
23  61.3  69.7   1:02p  55.5  10:16p   4.3   0.6  1.62   7.1  29.0   1:08p    SE
24  41.9  55.6  12:00a  35.2  11:58p  23.1   0.0  0.02   4.2  18.0   1:49a   WNW
25  41.2  53.5   2:02p  31.6   6:50a  23.8   0.0  0.00   2.0  14.0  11:56a    NW
26  43.3  59.4   2:49p  30.5   4:36a  21.7   0.0  0.00   1.3  14.0  10:34a   WNW
27  44.5  55.9   2:42p  37.4  11:59p  20.5   0.0  0.00   0.6   5.0   2:04p   WNW
28  47.9  64.5   1:58p  33.2   4:55a  17.1   0.0  0.00   2.0  17.0  12:09p     S
29  42.4  48.6   6:28a  30.7  11:59p  22.6   0.0  0.19   3.7  23.0  10:18a   WNW
30  36.6  50.6   2:32p  25.8   6:35a  28.4   0.0  0.00   1.8  13.0  10:33a    NW
31  45.6  60.9   3:13p  34.5   7:18a  19.4   0.0  0.00   1.4  12.0   1:41p     E
----------------------------------------------------------------------------------
    50.2  74.3     7    25.8    30   471.6  11.3  4.18   2.7  30.0    19       W

Max >=  80.0:  0
Max <=  32.0:  0
Min <=  32.0:  6
Min <=   0.0:  0
Max Rain: 1.62 on day 23
Days of Rain: 10 (>= 0.01 in)  8 (>= 0.10 in)  1 (>= 1.00 in)
Heat Base: 65.0  Cool Base: 65.0  Method: Integration