NOAA-Style Climate Reports


Report for 2018 December
                   Monthly Climatological Summary for Dec 2018

Name: BeeWeather.com   City: West Central Crenshaw County   State: Alabama
Elevation: 420 ft  Lat: N 31° 43' 59"   Lon: W 086° 21' 16"

                  Temperature (°F), Rain (in), Wind Speed (mph)

                                      Heat  Cool        Avg
    Mean                              Deg   Deg         Wind                 Dom
Day Temp  High   Time   Low    Time   Days  Days  Rain  Speed High   Time    Dir
----------------------------------------------------------------------------------
 1  66.8  71.6   9:05p  60.9   3:28a   1.1   3.0  0.69   4.6  18.0   7:29a    SE
 2  69.3  80.0   2:43p  57.3   8:40p   1.5   5.8  0.00   1.6  12.0  12:59a    SW
 3  59.8  71.3   2:13p  48.5  11:59p   6.1   1.0  0.00   2.2  17.0   2:45p    NW
 4  46.7  56.8   1:48p  37.4  11:58p  18.3   0.0  0.00   3.1  17.0   2:07p   WNW
 5  40.0  51.7   2:21p  31.7  11:47p  25.0   0.0  0.00   2.2  15.0  11:19a   WNW
 6  39.8  53.8   2:23p  30.0   6:42a  25.2   0.0  0.00   0.8   8.0   9:02a     E
 7  47.6  59.8   2:24p  36.0   6:16a  17.4   0.0  0.00   1.0  11.0  11:51a    NE
 8  48.1  52.2   9:22p  46.1   2:45p  16.9   0.0  1.33   3.4  23.0   8:24p    NE
 9  46.2  48.0   1:40p  43.4  10:33p  18.8   0.0  0.09   3.0  16.0  12:25a    NW
10  41.8  43.8  12:36p  40.0   4:51a  23.2   0.0  0.00   3.1  15.0   4:26a   WNW
11  43.5  56.6   2:18p  31.7  11:34p  21.5   0.0  0.00   2.2  11.0   6:54a    NW
12  44.8  60.8   2:39p  30.9   5:57a  20.2   0.0  0.00   1.4  11.0  12:51p   SSE
13  54.5  63.0   1:14p  46.2  12:48a  10.5   0.0  0.42   3.0  15.0   1:05p     E
14  61.0  66.4   4:03p  50.5  11:12p   4.3   0.3  0.29   2.9  17.0  12:40a   ESE
15  52.3  55.4   3:04p  47.9   6:22a  12.7   0.0  0.00   1.9  12.0   9:26a     S
16  51.8  60.3   2:51p  47.2   2:00a  13.2   0.0  0.00   2.2  14.0   9:46a     W
17  53.1  65.8   2:45p  44.9  11:48p  11.9   0.0  0.00   2.1  11.0   1:47p   WNW
18  51.6  68.0   1:26p  37.5   6:21a  13.7   0.3  0.01   1.1   7.0  11:58a   WNW
19  53.9  64.3   1:19p  46.0   6:24a  11.1   0.0  0.51   1.8  11.0  12:49p     E
20  55.9  59.7   2:53p  51.6  11:53p   9.1   0.0  1.50   2.6  14.0   2:44a   ESE
21  45.6  51.6  12:00a  40.6  10:40p  19.4   0.0  0.29   5.2  22.0  10:42a     W
22  45.4  60.2   2:27p  34.1   6:11a  19.6   0.0  0.00   1.1  10.0  12:11a    SW
23  56.1  72.0   3:06p  39.2   2:49a  10.1   1.3  0.00   2.8  18.0  11:28a     S
24  48.0  61.4   2:59p  37.1  11:35p  17.0   0.0  0.00   1.6  10.0  11:11a   NNW
25  52.4  69.3   3:03p  37.1   2:14a  13.1   0.5  0.00   1.4  10.0  10:28a     E
26  55.2  67.9   2:14p  44.5   6:52a  10.1   0.2  0.00   2.3  13.0   2:29p     E
27  62.0  70.4  11:50a  54.9   3:51a   3.7   0.8  1.46   4.8  21.0  12:30p   ESE
28  65.0  70.7   6:26a  61.0  11:02p   1.2   1.2  1.55   2.4  33.0   7:49a   SSE
29  60.9  63.7   1:11p  58.3   8:44a   4.1   0.0  0.14   1.2   7.0   6:37a   NNW
30  68.2  76.8   1:38p  61.5  12:00a   0.7   3.9  0.57   2.1  13.0  11:27p    SE
31  70.8  75.4   2:08p  67.5   3:54a   0.0   5.8  0.07   5.5  26.0   3:29p    SE
----------------------------------------------------------------------------------
    53.5  80.0     2    30.0     6   380.7  24.1  8.92   2.5  33.0    28     SSE

Max >=  80.0:  1
Max <=  32.0:  0
Min <=  32.0:  4
Min <=   0.0:  0
Max Rain: 1.55 on day 28
Days of Rain: 14 (>= 0.01 in)  11 (>= 0.10 in)  4 (>= 1.00 in)
Heat Base: 65.0  Cool Base: 65.0  Method: Integration