NOAA-Style Climate Reports


Report for 2018 August
                   Monthly Climatological Summary for Aug 2018

Name: BeeWeather.com   City: West Central Crenshaw County   State: Alabama
Elevation: 420 ft  Lat: N 31° 43' 59"   Lon: W 086° 21' 16"

                  Temperature (°F), Rain (in), Wind Speed (mph)

                                      Heat  Cool        Avg
    Mean                              Deg   Deg         Wind                 Dom
Day Temp  High   Time   Low    Time   Days  Days  Rain  Speed High   Time    Dir
----------------------------------------------------------------------------------
 1  75.1  78.9   5:35p  72.2  12:00a   0.0  10.1  0.14   1.9  11.0  11:59a    SE
 2  75.9  82.6   1:36p  73.0  10:55p   0.0  10.9  1.55   1.1  12.0   3:18p    SE
 3  78.9  90.5   4:14p  70.8   5:52a   0.0  13.9  0.01   1.0  11.0  12:23p   ESE
 4  80.1  92.3   4:19p  71.9   6:05a   0.0  15.1  0.00   1.4  11.0  12:07p    SE
 5  83.0  94.7   2:37p  72.4   6:20a   0.0  18.0  0.00   0.9   8.0  11:41a   WNW
 6  83.0  96.6   2:26p  73.4   5:26a   0.0  18.0  0.00   1.4  14.0  10:11p   WSW
 7  79.5  89.2   3:56p  72.4   6:12a   0.0  14.5  0.00   1.6  14.0  11:47a   SSE
 8  82.3  95.0   4:55p  71.7   5:44a   0.0  17.3  0.00   1.2   9.0   1:15p   SSW
 9  79.3  92.4   1:37p  73.3  11:32p   0.0  14.3  0.02   1.6  13.0   2:21p    SW
10  78.6  92.3   2:17p  72.4  11:51p   0.0  13.6  0.42   1.6  29.0   2:25p   WSW
11  78.5  91.0   5:26p  72.0   1:01a   0.0  13.5  0.00   1.8  10.0   1:34p     W
12  83.0  96.9   5:12p  72.8   3:53a   0.0  18.0  0.00   1.3  10.0  12:14p     W
13  82.2  95.5   3:22p  72.4   6:18a   0.0  17.2  0.00   1.6  11.0   5:30p     W
14  77.4  89.8  12:42p  71.7   6:03a   0.0  12.4  0.08   1.2  13.0   1:09p   SSW
15  80.6  95.1   4:55p  71.5   6:16a   0.0  15.6  0.00   1.6  20.0   5:40p    SE
16  78.1  88.6  12:12p  73.1   4:06a   0.0  13.1  1.16   2.0  14.0   3:33p    SE
17  78.5  89.4   2:10p  73.8  12:36a   0.0  13.5  0.25   2.2  15.0   4:48p   SSE
18  76.7  85.0   1:51p  72.5  11:22p   0.0  11.7  0.63   1.8  15.0  10:36a   SSE
19  76.1  86.3   2:19p  72.8  12:00a   0.0  11.1  0.10   1.2  15.0   3:58p   SSE
20  76.2  87.4  12:08p  73.5   2:24a   0.0  11.2  1.16   1.5  16.0   1:01p     S
21  78.6  90.9   2:03p  72.9   2:29a   0.0  13.6  0.30   1.9  23.0   3:05p   SSW
22  78.9  89.5   4:00p  71.7  11:27p   0.0  13.9  0.01   2.2  15.0   3:46p   WNW
23  77.1  88.2   4:16p  67.6   6:08a   0.0  12.1  0.00   1.7  11.0  11:44a    NW
24  78.0  90.5   4:00p  68.9   5:17a   0.0  13.0  0.00   1.5   9.0   9:27a   ENE
25  80.8  91.2   4:19p  73.3   5:50a   0.0  15.8  0.00   1.8  12.0  12:20p     E
26  80.6  93.1   3:47p  70.3   6:12a   0.0  15.6  0.00   1.3   9.0   9:56a    NE
27  80.6  93.3   5:07p  70.5   6:18a   0.0  15.6  0.00   1.4  16.0   7:12p   ESE
28  81.4  95.8   4:02p  72.4   6:25a   0.0  16.4  0.00   1.2  16.0   5:33p   ESE
29  77.4  89.9   1:05p  72.3   3:18p   0.0  12.4  2.17   1.5  36.0   2:29p   ESE
30  76.9  88.4   3:20p  70.9   5:36a   0.0  11.9  0.04   2.0  17.0   5:20p     E
31  75.5  89.3   2:59p  69.2   6:20a   0.0  10.5  0.53   1.9  26.0   4:42p     E
----------------------------------------------------------------------------------
    79.0  96.9    12    67.6    23     0.0 433.8  8.57   1.6  36.0    29     SSE

Max >=  80.0: 30
Max <=  32.0:  0
Min <=  32.0:  0
Min <=   0.0:  0
Max Rain: 2.17 on day 29
Days of Rain: 16 (>= 0.01 in)  11 (>= 0.10 in)  4 (>= 1.00 in)
Heat Base: 65.0  Cool Base: 65.0  Method: Integration