NOAA-Style Climate Reports


Report for 2018 July
                   Monthly Climatological Summary for Jul 2018

Name: BeeWeather.com   City: West Central Crenshaw County   State: Alabama
Elevation: 420 ft  Lat: N 31° 43' 59"   Lon: W 086° 21' 16"

                  Temperature (°F), Rain (in), Wind Speed (mph)

                                      Heat  Cool        Avg
    Mean                              Deg   Deg         Wind                 Dom
Day Temp  High   Time   Low    Time   Days  Days  Rain  Speed High   Time    Dir
----------------------------------------------------------------------------------
 1  79.2  90.3   4:23p  73.4   1:59a   0.0  14.2  0.02   1.5  12.0   3:44p    NE
 2  79.2  90.0   3:26p  75.1   2:55a   0.0  14.2  0.04   1.4  21.0   4:22p     E
 3  82.4  92.2   4:48p  74.2  11:59p   0.0  17.4  0.12   2.2  15.0  11:37p     E
 4  80.6  91.7   3:52p  70.5   5:22a   0.0  15.6  0.03   1.6  11.0  11:41a   ENE
 5  80.8  91.1   4:48p  72.1   5:57a   0.0  15.8  0.12   1.9  15.0  11:50a   ENE
 6  81.2  92.2   2:49p  71.9   5:53a   0.0  16.2  0.39   1.4  11.0  10:59a    NE
 7  77.5  89.1   1:49p  72.4   5:14a   0.0  12.5  0.02   1.5  14.0   2:42p    NE
 8  77.8  88.8   2:59p  71.0   3:43a   0.0  12.8  0.00   1.6  13.0   2:11p     E
 9  79.6  92.3   3:56p  72.0   5:13a   0.0  14.6  0.04   1.3  10.0   6:03p    NW
10  81.9  94.6   6:05p  72.1   5:02a   0.0  16.9  0.00   1.4  10.0   9:54a   WNW
11  83.4  95.3   3:47p  72.2   6:14a   0.0  18.4  0.00   1.1  18.0  11:44p     S
12  82.9  92.4   2:14p  75.5   4:11a   0.0  17.9  0.00   1.8  15.0   2:56p   SSW
13  83.4  95.1   4:39p  73.3   5:29a   0.0  18.5  0.00   1.3  10.0   3:14p    SW
14  79.8  91.6  12:48p  74.2   5:37a   0.0  14.8  0.03   1.5  11.0   3:35p     W
15  78.5  93.0   1:07p  74.3   1:49a   0.0  13.5  0.41   1.3  12.0   1:53p   SSE
16  80.5  91.5   4:28p  74.7  11:58p   0.0  15.5  0.03   1.4  13.0   6:38p   SSW
17  80.9  91.9   4:32p  72.8   4:13a   0.0  15.9  0.01   1.4  11.0   6:30p   SSW
18  80.2  93.0   3:35p  74.1   1:22a   0.0  15.2  0.00   1.5   9.0   5:42p   WSW
19  79.9  91.5   2:15p  73.5   2:42a   0.0  14.8  0.03   1.5  15.0   4:45p     W
20  80.5  92.8   6:20p  72.5   4:21a   0.0  15.4  0.01   1.1   9.0   1:33p    NW
21  83.0  96.3   4:17p  75.3   4:56a   0.0  18.0  0.05   1.7  18.0   9:37a   WSW
22  82.0  93.0  12:16p  72.2   2:21p   0.0  17.0  0.66   1.9  32.0   2:22p     W
23  79.2  88.7   4:04p  70.9   5:27a   0.0  14.2  0.00   2.8  16.0   5:27p   WNW
24  77.5  89.1   1:28p  71.0   5:34a   0.0  12.6  0.95   1.8  12.0   3:15p   WNW
25  81.1  92.8   5:01p  73.0   5:46a   0.0  16.1  0.17   1.4  12.0   3:52p    NW
26  83.3  94.6   5:03p  73.2   6:07a   0.0  18.3  0.00   1.6  11.0   3:40p    NW
27  83.5  95.2   4:51p  73.5   6:11a   0.0  18.5  0.00   1.5  13.0   1:34p   WNW
28  82.8  95.4   4:33p  71.7   5:23a   0.0  17.8  0.00   1.8  11.0   2:36p    NW
29  81.5  92.2   1:20p  72.8   5:43a   0.0  16.3  0.00   1.3  10.0  12:13p     E
30  79.2  88.5  11:35a  72.1   5:51a   0.0  14.2  0.00   1.7  11.0   1:56p   SSE
31  76.6  86.2  10:30a  71.9  10:39p   0.0  11.6  0.53   1.7  13.0   7:13p   SSE
----------------------------------------------------------------------------------
    80.6  96.3    21    70.5     4     0.0 484.7  3.66   1.6  32.0    22       W

Max >=  80.0: 31
Max <=  32.0:  0
Min <=  32.0:  0
Min <=   0.0:  0
Max Rain: 0.95 on day 24
Days of Rain: 19 (>= 0.01 in)  8 (>= 0.10 in)  0 (>= 1.00 in)
Heat Base: 65.0  Cool Base: 65.0  Method: Integration