NOAA-Style Climate Reports


Report for 2018 June
                   Monthly Climatological Summary for Jun 2018

Name: BeeWeather.com   City: West Central Crenshaw County   State: Alabama
Elevation: 420 ft  Lat: N 31° 43' 59"   Lon: W 086° 21' 16"

                  Temperature (°F), Rain (in), Wind Speed (mph)

                                      Heat  Cool        Avg
    Mean                              Deg   Deg         Wind                 Dom
Day Temp  High   Time   Low    Time   Days  Days  Rain  Speed High   Time    Dir
----------------------------------------------------------------------------------
 1  80.6  91.8   5:08p  71.0  12:58a   0.0  15.6  0.03   1.5  11.0   3:16p     S
 2  79.1  89.1   1:10p  72.0  11:58p   0.0  14.1  0.39   1.8  12.0  12:05p    SW
 3  80.4  94.0   3:54p  70.6   3:23a   0.0  15.4  0.16   1.8  20.0   6:17p   WSW
 4  77.8  87.6   4:42p  68.0  11:55p   0.0  12.8  0.01   2.5  12.0   3:59p   WNW
 5  74.6  86.1   6:28p  64.1   5:07a   0.1   9.7  0.00   1.1   9.0   1:16p    SW
 6  77.9  90.2   5:51p  66.7   6:02a   0.0  12.9  0.00   1.6  12.0  12:09p    NW
 7  80.4  94.2   4:21p  66.0   5:52a   0.0  15.4  0.00   1.2  15.0   2:14p   NNW
 8  79.8  92.7   2:48p  68.8   5:54a   0.0  14.8  0.00   1.5  13.0   4:38p    SE
 9  76.9  92.0   2:38p  70.0   5:19a   0.0  11.9  1.31   1.8  23.0   4:55p   SSW
10  72.5  86.0  12:33p  67.6   5:45a   0.0   7.4  0.53   1.4  13.0  12:48p   SSE
11  74.9  88.7   1:49p  68.9   5:32a   0.0   9.9  0.12   1.8  13.0   5:40p    SW
12  76.0  88.3   2:13p  70.3   4:32a   0.0  11.0  0.12   1.4  17.0   4:06p   WSW
13  77.9  89.0   3:24p  68.8   6:06a   0.0  12.9  0.01   1.5  13.0   6:41p    SW
14  77.5  85.3   5:25p  71.9   4:59a   0.0  12.5  0.73   1.5  11.0   1:43p   WSW
15  76.8  86.2   4:30p  71.3   4:26a   0.0  11.8  0.55   1.3  10.0  12:00a     S
16  77.4  83.0  11:10a  73.8  11:38p   0.0  12.4  0.47   1.4  10.0   5:32p     S
17  79.1  90.1  12:54p  73.0  11:56p   0.0  14.1  0.04   1.5  13.0   2:42p     S
18  81.2  92.3   6:38p  70.6   5:37a   0.0  16.2  0.00   1.2  10.0  10:11a     W
19  83.4  94.2   4:28p  72.7   5:33a   0.0  18.4  0.00   2.0  15.0   1:43p   WNW
20  84.3  95.5   3:40p  73.5   5:04a   0.0  19.3  0.00   1.2  10.0   1:51p     W
21  80.1  91.7   1:48p  73.7   8:39p   0.0  15.1  0.65   1.6  24.0   7:47p    SW
22  80.7  90.1   2:14p  71.6   5:08a   0.0  15.7  0.01   2.3  15.0   3:50p     S
23  83.9  94.6   5:56p  76.5   5:27a   0.0  18.9  0.00   2.4  17.0  10:13a   SSW
24  84.6  96.8   5:51p  77.0  11:56p   0.0  19.6  0.00   1.9  10.0   9:02a    SW
25  84.1  96.7   6:21p  74.4   5:53a   0.0  19.1  0.00   1.5  15.0   8:03p    SW
26  79.8  94.8   3:20p  72.1   5:43a   0.0  14.8  0.28   1.6  13.0   3:23p     S
27  81.3  93.6   3:25p  72.8   5:17a   0.0  16.3  0.00   1.5  15.0   4:13p     S
28  80.3  94.7   3:24p  70.5  11:55p   0.0  15.3  0.12   2.1  35.0   5:19p   WSW
29  80.5  94.2   6:05p  68.3   5:38a   0.0  15.5  0.00   1.4  10.0   3:27p   WNW
30  79.2  91.1  10:10a  74.3   5:14a   0.0  14.2  0.44   0.9  22.0  10:28a    NW
----------------------------------------------------------------------------------
    79.4  96.8    24    64.1     5     0.1 433.0  5.97   1.6  35.0    28      SW

Max >=  80.0: 30
Max <=  32.0:  0
Min <=  32.0:  0
Min <=   0.0:  0
Max Rain: 1.31 on day 9
Days of Rain: 18 (>= 0.01 in)  13 (>= 0.10 in)  1 (>= 1.00 in)
Heat Base: 65.0  Cool Base: 65.0  Method: Integration