NOAA-Style Climate Reports


Report for 2018 May
                   Monthly Climatological Summary for May 2018

Name: BeeWeather.com   City: West Central Crenshaw County   State: Alabama
Elevation: 420 ft  Lat: N 31° 43' 59"   Lon: W 086° 21' 16"

                  Temperature (°F), Rain (in), Wind Speed (mph)

                                      Heat  Cool        Avg
    Mean                              Deg   Deg         Wind                 Dom
Day Temp  High   Time   Low    Time   Days  Days  Rain  Speed High   Time    Dir
----------------------------------------------------------------------------------
 1  70.7  85.0   3:28p  56.6   5:47a   2.0   7.7  0.00   2.1  16.0  11:09a    SE
 2  71.7  86.0   4:43p  57.9   5:58a   1.5   8.3  0.00   1.8  12.0  10:22a    SE
 3  71.3  84.7   4:47p  57.6   5:05a   1.6   7.9  0.00   1.9  11.0   9:13a   ESE
 4  72.8  87.8   5:50p  59.6   4:08a   1.3   9.0  0.00   1.5  13.0  12:18p    SE
 5  73.1  86.7   3:42p  61.1   6:20a   0.5   8.6  0.00   1.6  12.0  11:03a   WSW
 6  71.3  82.8   3:07p  61.5   4:59a   0.6   6.9  0.00   3.3  17.0  10:42a    NW
 7  72.2  86.4   1:59p  58.1   6:24a   1.5   8.8  0.00   2.0  16.0  12:20p    NW
 8  73.5  89.9   4:14p  57.6   5:57a   1.6  10.1  0.00   1.4  12.0   4:54p     W
 9  74.7  91.3   4:38p  58.6   6:27a   1.2  10.9  0.00   1.3  10.0  11:47a     W
10  75.5  91.5   2:46p  60.3   6:29a   0.9  11.4  0.00   1.4  12.0   4:02p   WSW
11  76.1  92.1   6:38p  59.5   6:02a   1.0  12.2  0.00   1.4  11.0   1:50p    SW
12  77.4  94.9   5:36p  60.3   5:40a   0.8  13.2  0.00   1.4  13.0   1:25p   WNW
13  79.2  94.3   3:44p  63.9   5:12a   0.1  14.3  0.00   2.1  16.0  12:10p    NW
14  75.7  93.4   1:37p  64.7   5:35a   0.0  10.7  0.00   1.3  14.0   1:45p   ENE
15  75.6  86.3   4:36p  66.5   5:42a   0.0  10.6  0.01   1.5  11.0   9:06a    NE
16  75.1  86.0   5:00p  69.1   5:57a   0.0  10.1  0.03   1.0  11.0   4:18p   ENE
17  74.2  89.9   3:02p  67.2  11:52p   0.0   9.2  0.21   1.8  24.0   4:23p    SW
18  75.3  90.6   3:57p  64.5   6:00a   0.0  10.3  1.46   2.1  13.0   2:29p     S
19  78.7  92.5   4:12p  69.0   3:05a   0.0  13.7  0.00   2.2  11.0  10:50a   SSE
20  77.4  89.0   3:32p  69.2   6:24a   0.0  12.4  0.00   1.9  11.0   7:02p     E
21  72.3  83.7   3:11p  67.3   3:58a   0.0   7.3  1.11   1.8  20.0   9:26a   ENE
22  76.4  87.9   2:18p  71.3  12:00a   0.0  11.4  0.02   2.2  14.0   2:40p   SSE
23  76.9  88.6  12:58p  70.8  11:59p   0.0  11.9  0.00   1.9  14.0   1:39p   SSW
24  74.4  87.4  11:39a  67.4   5:07a   0.0   9.4  0.14   1.0  12.0   3:48p   WNW
25  74.6  88.0   2:07p  68.5   4:05a   0.0   9.6  0.24   1.5  18.0   5:19p   ESE
26  76.4  88.6   3:24p  66.9   6:10a   0.0  11.4  0.01   1.8  18.0   4:51p   ESE
27  75.1  85.8   1:45p  69.0   2:49a   0.0  10.1  0.10   1.8  14.0  12:45p     N
28  74.6  84.1  12:30p  70.5  12:00a   0.0   9.6  1.92   3.7  21.0   9:44p   NNW
29  77.1  86.6  12:40p  72.0   5:30a   0.0  11.9  0.79   6.0  26.0   1:17a    SE
30  77.2  86.5  12:17p  72.7  11:47p   0.0  12.2  0.40   3.4  20.0  12:48p    SE
31  79.0  91.8   4:33p  71.3  11:49p   0.0  14.0  0.15   1.6  11.0   6:25p     S
----------------------------------------------------------------------------------
    75.0  94.9    12    56.6     1    14.6 325.1  6.59   2.0  26.0    29     SSE

Max >=  80.0: 31
Max <=  32.0:  0
Min <=  32.0:  0
Min <=   0.0:  0
Max Rain: 1.92 on day 28
Days of Rain: 14 (>= 0.01 in)  10 (>= 0.10 in)  3 (>= 1.00 in)
Heat Base: 65.0  Cool Base: 65.0  Method: Integration