NOAA-Style Climate Reports


Report for 2018 March
                   Monthly Climatological Summary for Mar 2018

Name: BeeWeather.com   City: West Central Crenshaw County   State: Alabama
Elevation: 420 ft  Lat: N 31° 43' 59"   Lon: W 086° 21' 16"

                  Temperature (°F), Rain (in), Wind Speed (mph)

                                      Heat  Cool        Avg
    Mean                              Deg   Deg         Wind                 Dom
Day Temp  High   Time   Low    Time   Days  Days  Rain  Speed High   Time    Dir
----------------------------------------------------------------------------------
 1  68.7  81.5   1:39p  57.7  11:55p   1.3   5.0  0.08   4.2  25.0   1:48p    SW
 2  57.3  68.6   2:48p  47.3  11:58p   8.1   0.4  0.00   3.6  16.0   3:02p    NW
 3  54.8  72.3   2:24p  38.0   6:37a  11.4   1.2  0.00   2.7  15.0   3:46p    NW
 4  56.5  74.8   4:18p  41.4   6:01a  10.1   1.6  0.00   1.6  13.0  12:43p   ENE
 5  62.7  76.9   3:39p  50.9  12:42a   5.2   2.9  0.00   2.7  13.0  11:41a   SSE
 6  60.5  66.5   4:36p  47.9  11:57p   4.5   0.1  0.69   2.9  17.0  10:44a    SW
 7  48.4  56.7   3:12p  39.8  11:59p  16.6   0.0  0.00   4.1  26.0   7:25a   WNW
 8  45.2  57.5   4:03p  33.0   6:22a  19.8   0.0  0.00   3.6  22.0  11:58a   WNW
 9  49.1  66.6   3:40p  31.2   6:14a  16.0   0.1  0.00   1.9  12.0  11:48a     S
10  59.2  73.3   2:26p  43.8   3:21a   7.7   1.9  0.00   3.5  18.0  12:02p    SE
11  59.4  63.9   5:24p  55.2   3:36a   5.4   0.0  0.64   2.0  16.0  11:40p   SSE
12  50.6  59.1  12:00a  42.2  11:59p  14.4   0.0  0.00   6.7  29.0  11:57a   WNW
13  47.8  61.1   4:04p  36.4   7:05a  17.2   0.0  0.00   2.8  16.0   1:18p   WNW
14  48.0  60.5   4:25p  35.0   7:01a  17.0   0.0  0.00   3.3  19.0   1:24p   WNW
15  50.1  70.3   4:14p  30.6   6:45a  15.6   0.7  0.00   1.8  12.0   5:38p    SW
16  56.5  70.6  12:49p  40.0   7:07a   9.4   0.9  0.00   1.7  11.0  10:41a     S
17  68.3  82.4   3:53p  58.2   2:26a   1.4   4.7  0.05   3.0  15.0   3:33p   SSW
18  68.0  75.5   2:18p  64.9   8:13p   0.0   3.0  0.67   1.6  12.0   3:37a   SSW
19  70.8  80.4   4:57p  65.4   4:03a   0.0   5.8  0.00   2.3  12.0   9:13p   SSE
20  62.5  70.0   2:21a  51.5  11:59p   3.5   1.0  0.00   5.2  25.0   3:57p   WSW
21  51.9  61.9   3:54p  42.6   7:12a  13.1   0.0  0.00   5.1  25.0  11:37a   WNW
22  50.8  63.8   4:13p  37.2   7:07a  14.2   0.0  0.00   3.2  18.0  12:08p    NW
23  55.8  73.2   3:46p  41.2   5:16a  10.5   1.3  0.00   1.7  10.0  10:08a   SSE
24  64.8  79.5   3:18p  50.1   3:51a   4.8   4.7  0.00   4.4  21.0   3:19p     S
25  71.8  82.1   5:33p  59.9  11:57p   0.2   7.0  0.00   3.0  16.0   9:56p     S
26  54.2  59.9  12:00a  51.0  11:56p  10.8   0.0  0.00   4.6  17.0  12:33a     E
27  61.2  72.2   4:45p  50.1   2:08a   5.7   1.9  0.00   3.2  14.0   1:26p   ESE
28  67.3  78.9   4:53p  55.7   4:45a   2.5   4.8  0.00   4.1  16.0   8:40a    SE
29  67.3  77.7   1:14p  59.8   3:34a   1.2   3.5  1.15   5.0  22.0  12:06p   SSE
30  61.4  68.0   2:24p  53.4  11:59p   4.0   0.3  0.00   3.3  16.0   9:08a    NW
----------------------------------------------------------------------------------
    58.4  82.4    17    30.6    15   251.6  52.8  3.28   3.3  29.0    12      SW

Max >=  80.0:  4
Max <=  32.0:  0
Min <=  32.0:  2
Min <=   0.0:  0
Max Rain: 1.15 on day 29
Days of Rain: 6 (>= 0.01 in)  4 (>= 0.10 in)  1 (>= 1.00 in)
Heat Base: 65.0  Cool Base: 65.0  Method: Integration