NOAA-Style Climate Reports

Select a Year or Month report
2018: Jan Feb Mar Apr May Jun Jul Aug Sep Oct Nov Dec
2017: Jan Feb Mar Apr May Jun Jul Aug Sep Oct Nov Dec
2016: Jan Feb Mar Apr May Jun Jul Aug Sep Oct Nov Dec
2015: Jan Feb Mar Apr May Jun Jul Aug Sep Oct Nov Dec
2014: Jan Feb Mar Apr May Jun Jul Aug Sep Oct Nov Dec
2013: Jan Feb Mar Apr May Jun Jul Aug Sep Oct Nov Dec

Report for 2018 January
                   Monthly Climatological Summary for Jan 2018

Name: BeeWeather.com   City: West Central Crenshaw County   State: Alabama
Elevation: 420 ft  Lat: N 31° 43' 59"   Lon: W 086° 21' 16"

                  Temperature (°F), Rain (in), Wind Speed (mph)

                                      Heat  Cool        Avg
    Mean                              Deg   Deg         Wind                 Dom
Day Temp  High   Time   Low    Time   Days  Days  Rain  Speed High   Time    Dir
----------------------------------------------------------------------------------
 1  28.1  34.1   3:00p  23.1   7:12a  36.9   0.0  0.00   5.7  20.0   4:13a    NW
 2  28.9  41.4   2:17p  19.7   5:24a  36.1   0.0  0.00   2.5  14.0  11:48a   NNW
 3  34.3  45.1   2:39p  27.9  12:25a  30.7   0.0  0.00   2.4  17.0  11:49p   WNW
 4  32.8  43.3   2:27p  25.9   6:56a  32.2   0.0  0.00   4.2  18.0   8:46a   WNW
 5  32.7  47.5   3:16p  21.5   5:45a  32.2   0.0  0.00   1.7  12.0   1:49p   WNW
 6  36.2  53.2   2:28p  24.4   4:19a  28.8   0.0  0.00   1.3  14.0   1:53p   NNW
 7  41.1  53.7   1:33p  28.7  12:23a  23.9   0.0  0.00   2.9  16.0  12:17p     E
 8  47.1  53.3  11:35p  41.2   7:19a  17.9   0.0  0.32   3.2  16.0  10:18a   ENE
 9  56.1  65.7  12:18p  51.5   3:59a   8.9   0.0  0.00   1.8  12.0  11:57a   ENE
10  62.7  69.8   1:23p  54.7  12:00a   2.9   0.6  0.00   2.4  17.0   2:12p     E
11  66.9  74.3   1:12p  63.2   5:33a   0.4   2.3  0.11   4.1  21.0  11:13p   ESE
12  51.2  64.7   3:39a  30.7  12:00a  13.8   0.0  0.28   5.2  28.0   8:51p     W
13  32.2  39.2   3:24p  28.2   3:45a  32.4   0.0  0.00   6.5  24.0   9:45a    NW
14  34.6  48.9   2:16p  23.5   6:44a  30.4   0.0  0.00   2.5  12.0   7:58a    NW
15  41.4  57.9   3:11p  29.5   6:14a  23.6   0.0  0.00   1.2   8.0   9:16a   ENE
16  38.5  51.8  11:10a  29.3  11:59p  26.5   0.0  0.00   3.4  21.0   9:18p   WNW
17  24.9  30.5   3:45p  18.7   7:24a  40.1   0.0  0.08   6.3  24.0   1:55p   WNW
----------------------------------------------------------------------------------
    40.6  74.3    11    18.7    17   417.7   2.9  0.79   3.4  28.0    12      NW

Max >=  80.0:  0
Max <=  32.0:  1
Min <=  32.0: 13
Min <=   0.0:  0
Max Rain: 0.32 on day 8
Days of Rain: 4 (>= 0.01 in)  3 (>= 0.10 in)  0 (>= 1.00 in)
Heat Base: 65.0  Cool Base: 65.0  Method: Integration