NOAA-Style Climate Reports


Report for 2017 September
                   Monthly Climatological Summary for Sep 2017

Name: BeeWeather.com   City: West Central Crenshaw County   State: Alabama
Elevation: 420 ft  Lat: N 31° 43' 59"   Lon: W 086° 21' 16"

                  Temperature (°F), Rain (in), Wind Speed (mph)

                                      Heat  Cool        Avg
    Mean                              Deg   Deg         Wind                 Dom
Day Temp  High   Time   Low    Time   Days  Days  Rain  Speed High   Time    Dir
----------------------------------------------------------------------------------
 1  78.8  88.0   2:43p  71.8  11:58p   0.0  13.8  0.00   0.0  11.0   1:08p     E
 2  77.1  88.3   2:27p  68.8   6:34a   0.0  12.1  0.00   0.0   4.0   8:30a     E
 3  76.7  88.5   5:34p  67.5   6:39a   0.0  11.7  0.00   0.0   3.0  10:08a     E
 4  78.1  90.6   4:29p  67.6   6:31a   0.0  13.1  0.00   0.0   4.0   5:30a     E
 5  78.3  89.6   3:39p  68.4   6:37a   0.0  13.3  0.00   0.0  11.0  11:11p     N
 6  71.0  78.4   3:54p  60.2  11:57p   0.2   6.2  0.00   0.0  12.0   3:08a   NNE
 7  66.8  80.9   3:38p  54.5   6:40a   3.1   5.0  0.00   0.0  11.0  11:40a   ENE
 8  69.8  85.2   2:38p  57.1   5:41a   2.3   7.1  0.00   0.0   9.0   9:34a     E
 9  71.2  83.7   3:28p  60.9   6:15a   0.7   6.9  0.00   0.7  16.0  11:20a   NNW
10  70.1  78.2  11:25a  65.3  11:59p   0.0   5.1  0.00   3.5  21.0   3:36p   NNW
11  61.3  65.4  12:00a  59.4   5:34a   3.8   0.0  1.42   7.6  35.0   5:26p   WNW
12  67.0  81.5   3:47p  59.6   5:59a   2.1   4.1  0.03   2.9  15.0  12:28a   SSW
13  69.3  83.8   4:42p  55.5   6:37a   2.4   6.7  0.00   1.4  13.0  12:22p   SSE
14  73.6  87.8   5:15p  62.1   4:57a   0.6   9.3  0.00   1.2  10.0   9:37a   SSW
15  74.9  89.1   2:54p  65.7   4:42a   0.0   9.9  0.32   1.5  14.0   4:51p   ESE
16  76.9  89.7   2:55p  69.5   6:16a   0.0  11.9  2.03   1.4  16.0   7:13p   ENE
17  77.4  90.7   2:42p  68.0   5:25a   0.0  12.4  0.01   1.0   8.0  11:42a   ENE
18  79.6  91.7   4:24p  70.2   4:57a   0.0  14.6  0.00   0.9   7.0  11:00a   SSW
19  80.0  92.4   4:09p  71.9   6:30a   0.0  15.0  0.00   1.5  15.0   8:37p    SW
20  78.7  91.3   4:47p  68.8   6:02a   0.0  13.7  0.00   1.2   9.0   1:24p    NW
21  80.2  92.7   3:23p  71.0   6:40a   0.0  15.2  0.00   1.2  12.0   1:00p   NNW
22  79.1  92.0   3:56p  69.3   6:55a   0.0  14.1  0.00   1.4  11.0   1:05p   ENE
23  78.0  90.2   2:14p  69.7   6:27a   0.0  13.0  0.00   1.5  11.0   1:46p   ENE
24  76.2  87.8   2:17p  68.4   5:39a   0.0  11.2  0.00   1.4  12.0  10:55a    NE
25  77.3  88.2   2:49p  70.6   2:21a   0.0  12.3  0.01   1.4  11.0  11:07a   ENE
26  77.2  90.5   4:03p  66.8   6:14a   0.0  12.2  0.00   1.2  10.0   1:08p   NNW
27  77.4  91.6   3:54p  65.5   6:29a   0.0  12.4  0.00   1.4  12.0  12:40p    NW
28  78.6  92.6   4:01p  66.1   6:54a   0.0  13.6  0.00   1.5  10.0   2:17p    NW
29  78.9  93.6   3:11p  68.9   5:30a   0.0  13.9  0.00   2.0  13.0   3:28p    NW
30  78.2  91.2   2:38p  69.4   6:57a   0.0  13.2  0.00   2.3  11.0   2:43p   NNW
----------------------------------------------------------------------------------
    75.3  93.6    29    54.5     7    15.2 323.0  3.82   1.3  35.0    11     NNW

Max >=  80.0: 27
Max <=  32.0:  0
Min <=  32.0:  0
Min <=   0.0:  0
Max Rain: 2.03 on day 16
Days of Rain: 6 (>= 0.01 in)  3 (>= 0.10 in)  2 (>= 1.00 in)
Heat Base: 65.0  Cool Base: 65.0  Method: Integration