NOAA-Style Climate Reports


Report for 2017 July
                   Monthly Climatological Summary for Jul 2017

Name: BeeWeather.com   City: West Central Crenshaw County   State: Alabama
Elevation: 420 ft  Lat: N 31° 43' 59"   Lon: W 086° 21' 16"

                  Temperature (°F), Rain (in), Wind Speed (mph)

                                      Heat  Cool        Avg
    Mean                              Deg   Deg         Wind                 Dom
Day Temp  High   Time   Low    Time   Days  Days  Rain  Speed High   Time    Dir
----------------------------------------------------------------------------------
 1  80.9  92.3   4:26p  70.8   6:06a   0.0  16.0  0.11   0.0   9.0  11:53p     E
 2  79.0  91.4   4:49p  71.7  11:33p   0.0  14.0  0.21   0.0  15.0   8:21p     N
 3  81.3  93.4   4:24p  70.2   4:19a   0.0  16.3  0.00   0.0   6.0  12:40p     E
 4  83.3  95.4   6:05p  72.3   4:22a   0.0  18.3  0.00   0.0   5.0   8:30a     E
 5  83.7  94.8   4:10p  73.0   5:45a   0.0  18.7  0.00   0.0   5.0   9:28a     E
 6  83.7  94.9   4:06p  74.4   5:04a   0.0  18.7  0.00   0.0   4.0   8:46a     E
 7  79.0  91.5  12:13p  73.3   5:36a   0.0  14.0  0.02   0.0  11.0   2:12p   SSW
 8  77.0  91.0   2:05p  71.2  11:49p   0.0  11.9  0.70   0.0  12.0   5:30p     E
 9  79.5  91.9   3:48p  69.7   2:27a   0.0  14.5  0.00   0.0   2.0  12:25p     E
10  79.9  91.5   1:48p  71.9   4:58a   0.0  14.9  0.07   0.0   6.0   6:47p     E
11  79.1  88.8  11:02a  72.1   5:51a   0.0  14.1  0.28   0.0   8.0  11:22a     E
12  80.6  90.9   4:57p  73.0   6:18a   0.0  15.6  0.27   0.0   4.0  10:56a     E
13  80.6  95.5   4:58p  73.4  11:59p   0.0  15.6  0.05   0.0  22.0   5:41p   SSW
14  79.2  92.4   3:16p  71.0   3:09a   0.0  14.2  0.00   0.0  20.0   3:30p   SSW
15  82.3  95.2   6:31p  71.3   5:32a   0.0  17.3  0.00   0.0   4.0   8:01p     E
16  77.8  89.2  12:02p  73.3   1:49p   0.0  12.8  0.32   0.0  14.0  12:11p   SSW
17  76.8  86.3  12:19p  73.0   4:36a   0.0  11.8  0.21   0.0   4.0   1:10p     E
18  80.3  92.8   3:56p  73.0   5:51a   0.0  15.3  0.00   0.0   5.0   4:18p     E
19  82.8  94.4   3:40p  73.1   5:39a   0.0  17.8  0.00   0.0   4.0   8:54a     E
20  84.1  96.4   2:53p  74.1   5:57a   0.0  19.1  0.00   0.0   8.0   7:09p     E
21  80.4  96.4   3:13p  72.6  11:55p   0.0  15.4  0.80   0.0  13.0   4:55p     W
22  81.1  94.4   4:18p  70.4   5:59a   0.0  16.1  0.00   0.0   4.0   6:14p     E
23  81.3  93.0   3:16p  72.9   5:28a   0.0  16.3  0.00   0.0   4.0   8:18a     E
24  79.3  89.1   1:20p  73.0   5:53a   0.0  14.3  0.00   0.0  11.0   2:03p     E
25  77.3  86.7  12:29p  73.5   1:44a   0.0  12.3  0.05   0.0   6.0  11:51a     E
26  80.2  93.8   3:26p  72.8   1:43a   0.0  15.2  0.00   0.0   9.0   4:32p     E
27  82.1  96.2   4:22p  71.7   6:15a   0.0  17.2  0.00   0.0   5.0   6:53p     E
28  82.6  92.6   1:02p  73.0   5:55a   0.0  17.6  0.00   0.0   7.0  10:44a     E
29  77.4  83.1   3:16p  74.9  10:11p   0.0  12.4  1.94   0.0   9.0  11:00a   NNW
30  77.9  89.9   4:50p  68.0   6:05a   0.0  12.9  0.00   0.0   9.0  11:11a     E
31  77.7  89.0   4:37p  67.7   6:07a   0.0  12.7  0.00   0.0   7.0  10:56a     E
----------------------------------------------------------------------------------
    80.3  96.4    20    67.7    31     0.0 473.3  5.03   0.0  22.0    13      SW

Max >=  80.0: 31
Max <=  32.0:  0
Min <=  32.0:  0
Min <=   0.0:  0
Max Rain: 1.94 on day 29
Days of Rain: 13 (>= 0.01 in)  9 (>= 0.10 in)  1 (>= 1.00 in)
Heat Base: 65.0  Cool Base: 65.0  Method: Integration