NOAA-Style Climate Reports

Select a Year or Month report
2017: Jan Feb Mar Apr May Jun Jul Aug Sep Oct Nov Dec
2016: Jan Feb Mar Apr May Jun Jul Aug Sep Oct Nov Dec
2015: Jan Feb Mar Apr May Jun Jul Aug Sep Oct Nov Dec
2014: Jan Feb Mar Apr May Jun Jul Aug Sep Oct Nov Dec
2013: Jan Feb Mar Apr May Jun Jul Aug Sep Oct Nov Dec

Report for 2017 May
                   Monthly Climatological Summary for May 2017

Name: BeeWeather.com   City: West Central Crenshaw County   State: Alabama
Elevation: 420 ft  Lat: N 31° 43' 59"   Lon: W 086° 21' 16"

                  Temperature (°F), Rain (in), Wind Speed (mph)

                                      Heat  Cool        Avg
    Mean                              Deg   Deg         Wind                 Dom
Day Temp  High   Time   Low    Time   Days  Days  Rain  Speed High   Time    Dir
----------------------------------------------------------------------------------
 1  69.9  81.4   5:44p  56.3  11:59p   1.3   6.2  0.63   2.5  25.0  12:30a     W
 2  68.3  85.3   4:55p  51.3   4:22a   3.9   7.2  0.00   0.6  12.0   2:21p   NNW
 3  71.5  84.6   1:21p  56.5   6:16a   2.0   8.5  0.01   1.1  15.0   8:30p   SSW
 4  64.0  74.4   2:22p  52.7  11:57p   3.0   2.0  1.07   2.2  28.0   5:33p   WSW
 5  53.2  58.1   1:53p  48.9  11:58p  11.8   0.0  0.00   1.6  19.0   8:48a    NW
 6  61.3  77.7   4:02p  45.3   6:05a   7.1   3.4  0.00   1.1  15.0  12:13p    NW
 7  66.2  82.6   4:21p  50.8   6:30a   4.4   5.7  0.00   0.7  13.0   5:00p     N
 8  68.3  84.3   5:30p  52.6   5:55a   3.7   7.0  0.00   0.2  10.0   1:09p    NE
 9  71.8  88.7   4:45p  54.0   6:01a   2.9   9.6  0.00   0.3   9.0  12:16p     W
10  74.4  90.0   4:21p  59.6   5:37a   1.0  10.5  0.00   0.4  12.0   3:09p     W
11  71.6  83.2   4:30p  59.3   6:17a   1.2   7.8  0.00   0.6  15.0   9:33a   WNW
12  69.7  82.5  11:59a  63.4  10:08p   0.3   4.9  0.17   0.6  14.0   4:59p    SW
13  72.1  81.9   4:02p  64.2  12:00a   0.0   7.1  0.05   0.1  15.0   2:15p     N
14  74.0  89.1   5:03p  60.4   6:23a   0.7   9.7  0.00   0.0   5.0   9:34a     E
15  75.7  91.9   5:08p  61.3   6:09a   0.5  11.2  0.00   0.0   5.0  11:32a     E
16  77.8  91.8   4:07p  62.6   4:50a   0.4  13.2  0.00   0.1  11.0  10:57a   SSW
17  77.8  90.9   3:45p  64.8   4:58a   0.0  12.8  0.00   0.4  14.0   8:59a   SSW
18  77.4  91.3   4:28p  66.7   5:21a   0.0  12.4  0.00   0.5  24.0   5:54p   SSW
19  79.2  91.1   2:44p  69.5   5:46a   0.0  14.2  0.00   0.0  11.0   8:07a     S
20  77.1  89.1   1:46p  68.7  11:53p   0.0  12.1  1.66   0.2  18.0   9:49p   SSE
21  74.6  84.2   4:07p  67.3   4:53a   0.0   9.6  0.30   0.1  11.0   1:39a    SE
22  76.3  86.3   2:50p  68.3   5:59a   0.0  11.3  0.02   0.0   8.0   2:11p     E
23  70.7  78.8   4:30p  67.0  11:56p   0.0   5.7  2.30   0.0   7.0   2:19a     S
24  71.3  80.5   1:39p  61.6  11:56p   0.2   6.5  0.00   0.1  17.0  11:45a   WNW
25  66.8  79.3   5:14p  55.3   6:16a   2.8   4.6  0.00   0.1  15.0   2:07p    NW
26  72.1  88.5   4:39p  54.7   5:40a   2.7   9.8  0.00   0.0   9.0   3:04p     E
27  75.2  89.5   4:36p  59.7   5:43a   0.9  11.1  0.00   0.0   8.0   3:24p     E
28  78.7  88.1  11:06a  72.1   6:19a   0.0  13.7  0.16   0.0  17.0  11:35a    NW
29  77.1  86.6   3:01p  69.6   4:49a   0.0  12.1  0.01   0.0  17.0  11:14a    SW
30  75.8  85.1   2:10p  67.9   6:43a   0.0  10.8  0.06   0.1  13.0   5:12a     N
31  75.5  85.6   4:30p  68.4  11:52p   0.0  10.5  0.00   0.0   7.0   8:58a     E
----------------------------------------------------------------------------------
    72.1  91.9    15    45.3     6    50.8 271.2  6.44   0.4  28.0     4       W

Max >=  80.0: 26
Max <=  32.0:  0
Min <=  32.0:  0
Min <=   0.0:  0
Max Rain: 2.30 on day 23
Days of Rain: 12 (>= 0.01 in)  7 (>= 0.10 in)  3 (>= 1.00 in)
Heat Base: 65.0  Cool Base: 65.0  Method: Integration