NOAA-Style Climate Reports


Report for 2017 April
                   Monthly Climatological Summary for Apr 2017

Name: BeeWeather.com   City: West Central Crenshaw County   State: Alabama
Elevation: 420 ft  Lat: N 31° 43' 59"   Lon: W 086° 21' 16"

                  Temperature (°F), Rain (in), Wind Speed (mph)

                                      Heat  Cool        Avg
    Mean                              Deg   Deg         Wind                 Dom
Day Temp  High   Time   Low    Time   Days  Days  Rain  Speed High   Time    Dir
----------------------------------------------------------------------------------
 1  66.4  84.9   5:10p  50.0   6:41a   4.9   6.4  0.00   0.0   9.0   2:47p   NNW
 2  69.5  86.5   3:55p  51.5   6:53a   3.7   8.2  0.00   0.1  11.0   1:01p   SSW
 3  65.9  71.8   8:11a  60.0  12:33p   1.2   2.1  1.01   2.2  31.0   8:48a   SSW
 4  72.1  84.8   3:28p  62.8   7:14a   0.3   7.4  0.00   0.1   8.0  12:13a   WSW
 5  73.0  83.0   4:11p  62.1  11:59p   0.1   8.1  0.42   1.0  23.0  10:51p   WSW
 6  59.3  67.5   2:44p  50.2  11:16p   6.0   0.3  0.00   2.9  26.0   5:46p   NNW
 7  56.7  69.6   3:56p  43.5   6:47a   9.0   0.7  0.00   2.0  20.0   2:47p     N
 8  57.8  76.2   4:17p  39.5   6:55a   9.6   2.5  0.00   0.4  13.0  11:43a     N
 9  61.1  79.4   3:40p  42.4   6:11a   8.1   4.2  0.00   0.7  13.0   2:07p   SSW
10  65.3  82.3   3:54p  48.1   5:51a   5.3   5.6  0.00   1.2  13.0  11:44a   SSW
11  68.8  81.9   5:08p  54.9   5:57a   2.7   6.6  0.00   0.6  12.0  12:44p   SSW
12  68.8  82.2  11:37a  59.7  11:53p   0.7   4.5  0.01   0.3   9.0   9:38a     N
13  69.8  85.0   3:08p  55.0   6:17a   2.6   7.5  0.00   0.4  10.0   1:12p     S
14  69.6  83.1   2:27p  56.6   6:21a   2.2   6.8  0.00   1.2  16.0   1:17p     S
15  69.8  82.8   3:32p  58.1   6:04a   1.8   6.6  0.00   1.7  15.0   9:59a   SSW
16  70.9  85.6   4:38p  57.8   6:19a   1.9   7.8  0.00   1.1  13.0  11:55a   SSW
17  70.6  83.7   3:32p  60.2   4:32a   1.0   6.6  0.00   0.7  12.0   1:03p    SW
18  70.8  86.2   3:46p  56.0   6:17a   2.4   8.2  0.00   0.6  11.0  11:53a   SSW
19  73.1  87.6   3:47p  58.3   4:38a   1.6   9.7  0.00   0.3  12.0   1:23p   SSW
20  74.2  88.3   3:42p  61.3   6:30a   0.5   9.8  0.00   0.6  14.0  12:39p     S
21  74.6  86.9   4:50p  65.3  11:59p   0.0   9.6  0.00   1.0  14.0  11:39a   SSW
22  73.7  85.4   4:44p  62.1   1:35a   0.2   8.9  0.00   1.0  13.0   2:42p    SW
23  64.2  71.1  12:00a  55.7  11:55p   2.0   1.2  0.24   1.3  15.0   2:13a   NNW
24  60.8  72.5   4:54p  53.3   6:12a   5.4   1.2  0.00   1.3  12.0   2:34p     N
25  66.2  82.1   5:21p  50.5   6:21a   4.2   5.4  0.00   0.4   9.0  11:10a   WNW
26  69.9  83.8   3:40p  54.7   6:18a   2.5   7.4  0.00   2.6  17.0   1:11p   SSW
27  76.5  86.5   3:12p  70.3  10:49a   0.0  11.5  0.52   2.4  17.0   9:35a    SW
28  78.7  88.2   2:21p  72.3   6:16a   0.0  13.7  0.00   3.1  21.0  10:02a    SW
29  77.9  86.8   4:35p  71.8   2:22a   0.0  12.9  0.00   3.5  20.0   2:17p   SSW
30  75.2  84.9   2:28p  67.4   8:48p   0.0  10.2  0.90   4.5  22.0   9:28a   SSW
----------------------------------------------------------------------------------
    69.0  88.3    20    39.5     8    79.9 201.6  3.10   1.3  31.0     3      SW

Max >=  80.0: 23
Max <=  32.0:  0
Min <=  32.0:  0
Min <=   0.0:  0
Max Rain: 1.01 on day 3
Days of Rain: 6 (>= 0.01 in)  5 (>= 0.10 in)  1 (>= 1.00 in)
Heat Base: 65.0  Cool Base: 65.0  Method: Integration