NOAA-Style Climate Reports


Report for 2016 December
                   Monthly Climatological Summary for Dec 2016

Name: BeeWeather.com   City: West Central Crenshaw County   State: Alabama
Elevation: 420 ft  Lat: N 31° 43' 59"   Lon: W 086° 21' 16"

                  Temperature (°F), Rain (in), Wind Speed (mph)

                                      Heat  Cool        Avg
    Mean                              Deg   Deg         Wind                 Dom
Day Temp  High   Time   Low    Time   Days  Days  Rain  Speed High   Time    Dir
----------------------------------------------------------------------------------
 1  49.5  62.7   2:50p  39.4   5:50a  15.5   0.0  0.00   1.4  14.0  12:24p     N
 2  50.4  65.6   1:05p  37.2   6:29a  14.6   0.0  0.00   0.7  17.0  11:13a    NE
 3  54.4  60.5   1:05p  50.0  12:24a  10.5   0.0  0.00   1.3  12.0  11:47p     E
 4  59.0  62.3   2:40p  53.5   4:30a   6.0   0.0  1.21   1.1  12.0   1:27a   SSE
 5  58.0  60.9  12:48p  54.9   6:48a   7.0   0.0  1.45   0.7  13.0   5:50p     E
 6  61.7  67.2   6:24a  54.5  11:43p   3.6   0.3  0.32   2.8  19.0  10:01a    NW
 7  53.1  56.5   3:24p  47.8  11:53p  11.9   0.0  0.00   1.1   9.0  12:02a   NNW
 8  48.0  56.0   1:31p  39.9  11:55p  17.0   0.0  0.00   3.5  20.0  12:46p   NNE
 9  39.3  50.0   2:35p  31.6   7:03a  25.7   0.0  0.00   2.0  16.0  12:48p   NNE
10  39.3  56.2   3:02p  27.2   5:45a  25.7   0.0  0.00   0.6  10.0  11:39a    NE
11  46.5  59.8   2:42p  32.2   3:30a  18.3   0.0  0.00   0.1   9.0   9:32a   SSE
12  62.5  74.8  11:32a  51.7  12:00a   4.3   1.8  0.04   0.4  13.0   4:34p    NW
13  64.4  69.5   1:11p  61.0   1:35a   1.4   0.8  1.18   0.6  12.0  11:18a   WSW
14  58.2  62.6   2:12a  53.2  11:58p   6.8   0.0  0.10   1.2  12.0   3:38a     N
15  45.8  54.8   2:20p  35.2  11:51p  19.2   0.0  0.01   2.0  16.0   1:43p   NNE
16  47.5  63.6   2:53p  31.2   6:50a  17.5   0.0  0.00   1.2  11.0   9:04a     S
17  66.0  77.4   1:54p  53.7  12:00a   3.1   4.1  0.00   3.5  20.0   2:39p   SSW
18  57.4  73.8   9:17a  38.0  11:58p   9.6   2.0  0.85   4.1  23.0  11:54a     N
19  39.8  47.2   3:40p  34.6   5:31a  25.2   0.0  0.26   3.5  18.0  12:27a   NNE
20  45.2  49.1   1:25p  41.5   1:05a  19.8   0.0  0.01   1.0   9.0   5:51p   NNE
21  52.1  68.2   3:23p  42.3   7:17a  13.1   0.2  0.00   0.6   8.0  11:08a   SSE
22  57.4  68.4  11:52a  48.4  11:58p   7.8   0.3  0.00   0.5  12.0  11:37a   NNW
23  55.2  67.4  11:50a  43.8   6:14a  10.2   0.4  0.00   0.3  11.0  10:28a     S
24  61.4  79.8   2:59p  47.5   7:06a   6.7   3.2  0.00   0.4  11.0   1:51p    SW
25  66.9  81.7   2:12p  56.0   2:47a   2.6   4.5  0.00   0.7  13.0  10:42a     S
26  68.4  80.0   2:10p  62.2  11:59p   0.6   3.9  0.00   0.9  13.0   2:06p   SSW
27  67.6  78.8   3:02p  62.1  12:16a   0.8   3.4  0.06   0.4  10.0   2:04p   WSW
28  68.1  73.1   2:56p  65.7   6:29a   0.0   3.1  0.15   0.5  12.0  11:57p     W
29  61.1  70.1   8:05a  42.5  11:59p   5.2   1.3  0.02   3.8  27.0   4:01p   NNW
30  43.9  57.5   2:12p  34.4  10:51p  21.1   0.0  0.00   1.5  16.0  10:55a     N
31  47.8  55.7  12:53p  36.5  12:00a  17.2   0.0  0.42   2.0  12.0  11:15a     S
----------------------------------------------------------------------------------
    54.7  81.7    25    27.2    10   348.0  29.3  6.08   1.4  27.0    29       N

Max >=  80.0:  2
Max <=  32.0:  0
Min <=  32.0:  3
Min <=   0.0:  0
Max Rain: 1.45 on day 5
Days of Rain: 14 (>= 0.01 in)  9 (>= 0.10 in)  3 (>= 1.00 in)
Heat Base: 65.0  Cool Base: 65.0  Method: Integration