NOAA-Style Climate Reports

Select a Year or Month report
2017: Jan Feb Mar Apr May Jun Jul Aug Sep Oct Nov Dec
2016: Jan Feb Mar Apr May Jun Jul Aug Sep Oct Nov Dec
2015: Jan Feb Mar Apr May Jun Jul Aug Sep Oct Nov Dec
2014: Jan Feb Mar Apr May Jun Jul Aug Sep Oct Nov Dec
2013: Jan Feb Mar Apr May Jun Jul Aug Sep Oct Nov Dec

Report for 2016 November
                   Monthly Climatological Summary for Nov 2016

Name: BeeWeather.com   City: West Central Crenshaw County   State: Alabama
Elevation: 420 ft  Lat: N 31° 43' 59"   Lon: W 086° 21' 16"

                  Temperature (°F), Rain (in), Wind Speed (mph)

                                      Heat  Cool        Avg
    Mean                              Deg   Deg         Wind                 Dom
Day Temp  High   Time   Low    Time   Days  Days  Rain  Speed High   Time    Dir
----------------------------------------------------------------------------------
 1  70.4  87.9   2:26p  54.7   7:08a   2.6   8.0  0.00   0.6  11.0   1:14p   SSW
 2  70.0  84.5   4:08p  59.6   7:01a   1.3   6.3  0.00   0.4  13.0   1:38p   SSE
 3  71.6  87.1   2:43p  59.5   7:36a   1.2   7.8  0.00   0.5  13.0   2:48p   WNW
 4  70.2  84.7   2:04p  59.4   4:46a   1.4   6.6  0.00   1.3  18.0   2:10p   NNE
 5  65.3  79.1   2:49p  54.2   6:58a   3.4   3.8  0.00   1.3  16.0  10:54a   SSE
 6  61.7  74.9   2:19p  49.1   5:56a   5.6   2.2  0.00   0.4  14.0  10:25a   SSE
 7  67.2  81.4   2:17p  59.2  12:05a   2.3   4.5  0.00   1.6  16.0  10:08a   SSE
 8  61.6  71.7   1:50p  55.5  11:13p   4.3   0.9  0.00   1.3  11.0  12:15a   SSE
 9  62.6  76.9   1:48p  53.9   5:07a   4.7   2.3  0.00   1.5  12.0  10:38a     N
10  58.3  77.2   1:54p  44.4   4:57a   8.9   2.2  0.00   1.1   9.0  12:28p     N
11  55.3  70.3  11:13a  38.0   6:43a  10.6   0.9  0.00   1.0  10.0   8:28a     N
12  59.3  74.2   2:25p  49.8   3:56a   7.5   1.8  0.00   1.0  11.0   8:40a   ESE
13  58.4  72.2   1:44p  48.5   6:10a   7.8   1.2  0.00   0.7   9.0   8:57a     E
14  56.8  73.7   3:00p  43.4   6:35a   9.7   1.6  0.00   0.8  12.0  12:34p     N
15  56.8  73.8  11:44a  40.7   6:19a   9.9   1.7  0.00   1.0  16.0  12:06p     N
16  58.4  76.7   2:19p  45.2   5:58a   9.1   2.5  0.00   1.1  12.0  11:09a     N
17  60.3  82.0   2:44p  41.9   6:48a   9.1   4.4  0.00   0.8   9.0  10:36a   SSW
18  62.8  80.8   2:16p  46.1   4:47a   6.5   4.3  0.00   1.2  13.0  12:38p    SW
19  56.1  63.1  12:06p  43.1  10:59p   8.9   0.0  0.00   3.7  24.0   2:27p     N
20  46.8  61.4   2:11p  32.5   6:17a  18.2   0.0  0.00   2.5  17.0   1:08p     N
21  48.4  68.8   2:58p  31.9   6:36a  17.0   0.4  0.00   1.1  15.0  12:19p   NNE
22  50.5  73.5   2:54p  31.5   5:39a  15.8   1.4  0.00   0.3   8.0  10:09a   ESE
23  54.8  61.1   9:38a  41.8   5:46a  10.2   0.0  0.00   0.8   9.0   9:19a     S
24  66.0  82.1   2:58p  60.5  11:23p   2.3   3.3  0.00   1.0  12.0  10:36a    SW
25  63.0  78.7   2:24p  53.0  11:59p   4.8   2.8  0.00   1.6  12.0  12:17p     N
26  51.0  66.8   1:06p  38.3  11:31p  14.1   0.0  0.00   2.2  14.0  11:33a   NNE
27  51.3  69.5   1:41p  31.0   5:25a  14.2   0.5  0.00   0.7  13.0  10:52a     S
28  63.4  74.6   1:31p  46.2   2:31a   4.9   3.3  0.01   5.8  24.0   1:16p   SSW
29  70.6  80.7   2:33p  59.4   6:00a   1.1   6.7  1.04   3.2  20.0  12:24a    SW
30  66.6  78.8  10:36a  51.8  11:54p   2.8   4.4  0.55   2.2  25.0  11:17a   WSW
----------------------------------------------------------------------------------
    60.5  87.9     1    31.0    27   220.2  85.8  1.60   1.4  25.0    30       W

Max >=  80.0:  9
Max <=  32.0:  0
Min <=  32.0:  3
Min <=   0.0:  0
Max Rain: 1.04 on day 29
Days of Rain: 3 (>= 0.01 in)  2 (>= 0.10 in)  1 (>= 1.00 in)
Heat Base: 65.0  Cool Base: 65.0  Method: Integration