NOAA-Style Climate Reports

Select a Year or Month report
2017: Jan Feb Mar Apr May Jun Jul Aug Sep Oct Nov Dec
2016: Jan Feb Mar Apr May Jun Jul Aug Sep Oct Nov Dec
2015: Jan Feb Mar Apr May Jun Jul Aug Sep Oct Nov Dec
2014: Jan Feb Mar Apr May Jun Jul Aug Sep Oct Nov Dec
2013: Jan Feb Mar Apr May Jun Jul Aug Sep Oct Nov Dec

Report for 2016 September
                   Monthly Climatological Summary for Sep 2016

Name: BeeWeather.com   City: West Central Crenshaw County   State: Alabama
Elevation: 420 ft  Lat: N 31° 43' 59"   Lon: W 086° 21' 16"

                  Temperature (°F), Rain (in), Wind Speed (mph)

                                      Heat  Cool        Avg
    Mean                              Deg   Deg         Wind                 Dom
Day Temp  High   Time   Low    Time   Days  Days  Rain  Speed High   Time    Dir
----------------------------------------------------------------------------------
 1  80.0  88.7   2:49p  74.1   3:36a   0.0  15.0  0.00   0.8  12.0   1:15p   ESE
 2  81.2  92.3   2:46p  74.1   6:20a   0.0  16.2  0.00   1.4  14.0   1:37p   NNW
 3  79.0  87.7   1:54p  71.5   7:02a   0.0  14.0  0.00   1.6  11.0   9:20a   ESE
 4  79.2  88.4   1:44p  74.6   3:02a   0.0  14.2  0.00   2.1  15.0   5:11p    SE
 5  79.8  90.9   2:37p  71.5  11:50p   0.0  14.8  0.00   2.1  15.0  10:56a    SE
 6  78.6  92.3   3:28p  67.2   6:30a   0.0  13.7  0.00   0.5  10.0  12:11p    SE
 7  78.5  93.3   2:20p  65.3   6:11a   0.0  13.5  0.00   0.8  10.0  12:26p    SE
 8  78.2  93.4   4:12p  65.1   6:38a   0.0  13.2  0.00   0.7  11.0   2:30p     S
 9  78.2  93.4   4:10p  65.1   6:41a   0.0  13.2  0.00   0.7  10.0  11:53a    SE
10  77.8  93.3   2:46p  67.0   5:19a   0.0  12.8  0.00   0.5   8.0  12:32p   SSW
11  79.2  92.0   2:06p  71.4  11:57p   0.0  13.9  0.00   0.5  18.0   5:14p   WNW
12  76.1  92.8   3:14p  69.9   3:33a   0.0  11.1  0.14   0.4  17.0   3:27p   ESE
13  79.0  91.2   3:43p  70.4   6:08a   0.0  14.0  0.00   0.6  11.0  12:23p   ESE
14  78.2  90.2   4:08p  70.4   6:37a   0.0  13.2  0.00   0.5  12.0  12:26p     E
15  80.6  94.4   3:53p  69.8   6:53a   0.0  15.6  0.00   0.5  16.0   4:13p    SE
16  80.0  92.5   3:37p  69.5   6:47a   0.0  15.0  0.00   0.7  16.0  12:45p    SE
17  77.6  85.4   1:00p  74.1   4:42a   0.0  12.6  1.04   0.1  12.0   1:23p   SSE
18  76.0  82.8   2:15p  73.3   3:55a   0.0  11.0  0.16   0.0  17.0   3:08p     S
19  80.2  92.3   4:36p  74.0  11:38p   0.0  15.2  0.01   0.0   8.0  12:11p     E
20  80.0  92.6   3:57p  69.7   7:07a   0.0  15.0  0.00   0.1  10.0  11:12a     E
21  79.8  93.0   4:32p  70.0   6:59a   0.0  14.8  0.00   0.0   8.0   2:29p     E
22  80.1  93.5   5:20p  71.3   6:47a   0.0  15.2  0.00   0.0   7.0   8:18a   NNE
23  79.8  94.3   2:01p  69.6   4:49a   0.0  14.8  0.00   0.0   9.0  10:53a     W
24  77.9  93.8  12:09p  69.5   7:05a   0.0  12.9  0.00   0.1  14.0   4:36p     S
25  76.3  94.2   2:27p  69.1   4:51a   0.0  11.3  0.97   0.6  17.0   2:46p    NE
26  76.7  88.7   1:59p  70.1   6:28a   0.0  11.7  0.01   1.1  12.0   2:58p     N
27  76.9  89.7   2:45p  67.7   6:17a   0.0  11.9  0.00   0.8  10.0   2:00p    NE
28  77.5  89.4   4:37p  69.0   6:32a   0.0  12.5  0.01   1.1  12.0   1:15p     E
29  70.3  83.4   2:46p  59.8  10:40p   0.9   6.2  0.00   1.9  16.0   4:41p     N
30  64.9  79.3   4:30p  53.4   6:02a   4.0   3.9  0.00   1.6  13.0   3:39p     N
----------------------------------------------------------------------------------
    77.9  94.4    15    53.4    30     4.9 392.4  2.34   0.7  18.0    11       E

Max >=  80.0: 29
Max <=  32.0:  0
Min <=  32.0:  0
Min <=   0.0:  0
Max Rain: 1.04 on day 17
Days of Rain: 7 (>= 0.01 in)  4 (>= 0.10 in)  1 (>= 1.00 in)
Heat Base: 65.0  Cool Base: 65.0  Method: Integration