NOAA-Style Climate Reports

Select a Year or Month report
2017: Jan Feb Mar Apr May Jun Jul Aug Sep Oct Nov Dec
2016: Jan Feb Mar Apr May Jun Jul Aug Sep Oct Nov Dec
2015: Jan Feb Mar Apr May Jun Jul Aug Sep Oct Nov Dec
2014: Jan Feb Mar Apr May Jun Jul Aug Sep Oct Nov Dec
2013: Jan Feb Mar Apr May Jun Jul Aug Sep Oct Nov Dec

Report for 2016 August
                   Monthly Climatological Summary for Aug 2016

Name: BeeWeather.com   City: West Central Crenshaw County   State: Alabama
Elevation: 420 ft  Lat: N 31° 43' 59"   Lon: W 086° 21' 16"

                  Temperature (°F), Rain (in), Wind Speed (mph)

                                      Heat  Cool        Avg
    Mean                              Deg   Deg         Wind                 Dom
Day Temp  High   Time   Low    Time   Days  Days  Rain  Speed High   Time    Dir
----------------------------------------------------------------------------------
 1  80.5  94.9   3:04p  71.2   6:05a   0.0  15.5  0.00   1.1  22.0   3:42p   SSE
 2  79.5  94.2   1:19p  73.3   2:17p   0.0  14.5  1.42   0.7  19.0   1:47p   WSW
 3  80.8  94.4   2:37p  73.6   6:16a   0.0  15.8  0.08   0.9  22.0   4:47p   NNW
 4  81.8  95.6   2:21p  73.4   5:45a   0.0  16.8  0.00   0.4  11.0   4:47p   WSW
 5  82.2  95.7   4:53p  72.0   5:23a   0.0  17.2  0.02   0.8  13.0   5:47p   SSE
 6  82.5  98.3   4:14p  73.7   5:59a   0.0  17.5  0.01   1.1  14.0   5:18p    NW
 7  82.7  95.6   2:00p  73.7   4:12a   0.0  17.7  0.25   1.0  10.0   2:54p    NW
 8  79.8  92.5  12:59p  75.1   5:20a   0.0  14.8  0.42   0.9  11.0   1:19p   SSE
 9  81.2  91.8   2:16p  76.0   3:49a   0.0  16.2  0.16   1.1  12.0   2:37p    SE
10  79.2  85.7   1:45p  76.7   2:18a   0.0  14.2  0.14   1.7  15.0   7:34p    SE
11  78.7  87.9   3:04p  76.3  10:18p   0.0  13.7  0.18   2.9  19.0   1:46p   SSE
12  78.6  87.4  12:37p  74.8  11:56p   0.0  13.6  0.39   2.8  17.0  12:55p   SSE
13  78.3  89.9   1:13p  73.8   3:23a   0.0  13.3  0.60   1.5  22.0   1:46p   SSE
14  80.0  92.8   3:42p  73.1   1:44a   0.0  15.0  0.15   2.0  15.0  11:56a   SSE
15  78.3  92.4   2:49p  71.2   5:08a   0.0  13.3  0.31   1.7  25.0   3:38p   SSE
16  81.2  95.5   4:24p  72.0   6:18a   0.0  16.2  0.08   1.1  19.0   6:20p   SSE
17  80.3  95.6   4:10p  72.0   5:05a   0.0  15.3  0.85   0.8  23.0   6:01p   SSE
18  82.0  94.2   5:26p  71.9   6:30a   0.0  17.0  0.31   0.6  11.0   3:43p   SSW
19  82.5  93.8   4:37p  74.2   6:36a   0.0  17.5  0.00   1.4  10.0   9:15a    SW
20  80.3  91.9   2:20p  74.0   6:16a   0.0  15.3  0.01   1.4  17.0   4:03p   SSW
21  80.7  91.7   3:58p  74.5   5:47a   0.0  15.7  0.02   1.1  10.0  11:42a   WSW
22  78.7  90.2  12:52p  72.4   5:25a   0.0  13.7  0.66   0.6  15.0   2:21p     N
23  82.7  95.9   4:03p  72.9   5:47a   0.0  17.7  0.00   0.4   8.0  12:52p   NNE
24  81.9  93.9   2:23p  73.4   6:16a   0.0  16.9  0.01   1.2  12.0   3:58p    SE
25  81.8  93.1   4:28p  74.7   4:58a   0.0  16.8  0.00   0.7   9.0  10:02a   ESE
26  81.6  93.2   3:17p  71.1   6:36a   0.0  16.6  0.00   1.0  14.0   2:33p    SE
27  80.8  92.7   3:14p  70.6   6:35a   0.0  15.8  0.00   1.3  13.0  12:42p   ESE
28  82.2  94.6   3:27p  73.7   2:57a   0.0  17.2  0.00   1.6  13.0   9:56a   ESE
29  81.3  93.6   4:12p  72.6   6:01a   0.0  16.3  0.00   1.3  13.0   6:41p     E
30  81.3  93.1   3:27p  72.1   6:38a   0.0  16.3  0.00   1.1  12.0   1:14p     E
31  81.5  92.6   4:17p  72.1   6:28a   0.0  16.5  0.00   1.0  15.0  11:17a    NE
----------------------------------------------------------------------------------
    80.8  98.3     6    70.6    27     0.0 489.9  6.07   1.2  25.0    15     SSE

Max >=  80.0: 31
Max <=  32.0:  0
Min <=  32.0:  0
Min <=   0.0:  0
Max Rain: 1.42 on day 2
Days of Rain: 20 (>= 0.01 in)  13 (>= 0.10 in)  1 (>= 1.00 in)
Heat Base: 65.0  Cool Base: 65.0  Method: Integration