NOAA-Style Climate Reports

Select a Year or Month report
2017: Jan Feb Mar Apr May Jun Jul Aug Sep Oct Nov Dec
2016: Jan Feb Mar Apr May Jun Jul Aug Sep Oct Nov Dec
2015: Jan Feb Mar Apr May Jun Jul Aug Sep Oct Nov Dec
2014: Jan Feb Mar Apr May Jun Jul Aug Sep Oct Nov Dec
2013: Jan Feb Mar Apr May Jun Jul Aug Sep Oct Nov Dec

Report for 2016 June
                   Monthly Climatological Summary for Jun 2016

Name: BeeWeather.com   City: West Central Crenshaw County   State: Alabama
Elevation: 420 ft  Lat: N 31° 43' 59"   Lon: W 086° 21' 16"

                  Temperature (°F), Rain (in), Wind Speed (mph)

                                      Heat  Cool        Avg
    Mean                              Deg   Deg         Wind                 Dom
Day Temp  High   Time   Low    Time   Days  Days  Rain  Speed High   Time    Dir
----------------------------------------------------------------------------------
 1  78.4  91.1   3:18p  66.2   5:29a   0.0  13.4  0.00   1.5  11.0   1:09p     S
 2  79.1  91.2   4:43p  68.4   5:43a   0.0  14.1  0.00   1.3  11.0   2:41p     S
 3  80.0  93.1   4:43p  66.7   6:08a   0.0  15.0  0.00   1.3  12.0   3:59p     S
 4  77.2  86.0   3:29p  70.0   7:59a   0.0  12.2  0.41   2.3  16.0  12:50p   SSE
 5  76.6  85.7   3:17p  71.0   5:48a   0.0  11.6  0.37   0.7  10.0   5:36p     S
 6  76.7  84.7   4:58p  72.8   5:25a   0.0  11.7  0.05   0.4  10.0   3:37p     E
 7  80.7  93.0   5:55p  71.4  11:57p   0.0  15.7  0.00   1.5  14.0  10:41a   NNW
 8  78.0  90.5   3:07p  67.4  11:44p   0.0  13.0  0.00   1.5  13.0  12:03p     N
 9  76.0  91.1   6:40p  61.0   5:47a   0.5  11.6  0.00   0.8   9.0  12:11p   ENE
10  79.8  93.4   2:07p  64.1   4:17a   0.1  14.9  0.00   0.7   9.0   2:53p    SE
11  81.4  93.0   2:51p  71.3   5:08a   0.0  16.4  0.00   1.7  11.0   7:17p   SSE
12  82.3  95.4   2:36p  70.3   5:55a   0.0  17.3  0.00   1.4  13.0   1:24p    NW
13  80.4  96.7   3:06p  73.0   5:47a   0.0  15.4  0.22   1.4  15.0   4:14p    NW
14  78.6  92.0   2:56p  70.2   5:41a   0.0  13.6  0.00   1.4  20.0   4:39p     W
15  74.8  78.3   4:34p  71.9  12:58p   0.0   9.8  1.11   0.8  12.0  11:13a   SSW
16  84.1  95.2   5:00p  75.3   3:25a   0.0  19.1  0.00   1.5  13.0   2:04p   WNW
17  80.7  94.9   3:47p  70.1  11:49p   0.0  15.7  0.45   2.2  41.0   6:07p   WNW
18  75.6  83.8  12:15p  68.0   6:29a   0.0  10.6  0.01   0.9  13.0   1:13p    NE
19  78.2  88.0   4:41p  69.3  11:45p   0.0  13.3  0.00   2.3  17.0  10:44a   ESE
20  76.2  88.6   6:01p  65.6   5:48a   0.0  11.2  0.00   1.2  10.0   8:14a   ESE
21  76.6  90.0   6:50p  63.0   6:29a   0.2  11.7  0.00   0.9  11.0  12:05p   SSE
22  78.4  90.6   3:22p  64.6   6:24a   0.0  13.4  0.00   1.3  10.0  10:55a    SW
23  79.6  92.4   5:10p  65.8   5:47a   0.0  14.6  0.00   1.3  11.0   9:54p   WSW
24  82.2  95.9   5:43p  68.8   5:54a   0.0  17.2  0.00   1.1  10.0  10:50a     W
25  85.2  98.0   5:06p  71.7   6:04a   0.0  20.2  0.00   1.0   9.0  12:20p    SW
26  80.8  98.9   3:20p  71.1  11:54p   0.0  15.8  0.03   1.3  19.0   4:32p    SE
27  80.0  94.7   4:24p  70.0   2:17a   0.0  15.0  0.00   1.7  18.0   6:02p     S
28  80.7  93.4   3:23p  70.9   5:51a   0.0  15.7  0.01   1.4  12.0  12:39p    NW
29  80.1  90.6   3:21p  73.9   6:01a   0.0  15.1  0.03   0.1   6.0   2:49p   NNW
30  78.7  90.4  12:37p  72.2   5:36a   0.0  13.7  1.05   1.0  15.0   3:01p     S
----------------------------------------------------------------------------------
    79.2  98.9    26    61.0     9     0.8 428.0  3.74   1.3  41.0    17     SSW

Max >=  80.0: 29
Max <=  32.0:  0
Min <=  32.0:  0
Min <=   0.0:  0
Max Rain: 1.11 on day 15
Days of Rain: 11 (>= 0.01 in)  6 (>= 0.10 in)  2 (>= 1.00 in)
Heat Base: 65.0  Cool Base: 65.0  Method: Integration