NOAA-Style Climate Reports

Select a Year or Month report
2017: Jan Feb Mar Apr May Jun Jul Aug Sep Oct Nov Dec
2016: Jan Feb Mar Apr May Jun Jul Aug Sep Oct Nov Dec
2015: Jan Feb Mar Apr May Jun Jul Aug Sep Oct Nov Dec
2014: Jan Feb Mar Apr May Jun Jul Aug Sep Oct Nov Dec
2013: Jan Feb Mar Apr May Jun Jul Aug Sep Oct Nov Dec

Report for 2016 March
                   Monthly Climatological Summary for Mar 2016

Name: BeeWeather.com   City: West Central Crenshaw County   State: Alabama
Elevation: 420 ft  Lat: N 31° 43' 59"   Lon: W 086° 21' 16"

                  Temperature (°F), Rain (in), Wind Speed (mph)

                                      Heat  Cool        Avg
    Mean                              Deg   Deg         Wind                 Dom
Day Temp  High   Time   Low    Time   Days  Days  Rain  Speed High   Time    Dir
----------------------------------------------------------------------------------
 1  63.1  74.3   3:29p  54.0   2:57a   4.4   2.5  0.14   3.0  20.0   7:44p    SW
 2  51.7  63.4   3:01p  40.9  11:46p  13.3   0.0  0.02   2.4  17.0   8:14a   NNW
 3  50.8  71.0   1:23p  37.8   6:07a  15.1   0.9  1.00   4.1  37.0   5:17p     S
 4  48.6  57.4   3:14p  41.8  11:58p  16.4   0.0  0.00   2.5  16.0   6:46a   NNW
 5  51.8  69.4   4:06p  36.6   5:28a  13.6   0.4  0.00   0.5  11.0  12:28p   WNW
 6  56.3  74.0   3:24p  39.5   6:42a  10.4   1.7  0.00   0.3  10.0  10:32a    NE
 7  59.4  75.9   3:09p  42.5   3:44a   8.1   2.5  0.00   2.2  18.0   9:25a   SSE
 8  63.1  77.4   2:38p  50.1   2:29a   5.1   3.2  0.00   3.2  22.0  10:04a   SSE
 9  67.8  80.4   2:48p  56.8   2:08a   2.2   5.0  0.00   4.6  23.0   8:10a   SSE
10  70.7  79.1   2:49p  61.4  12:11a   0.4   6.1  0.00   5.3  23.0   3:02p   SSE
11  71.4  81.1   3:46p  63.8   6:30a   0.0   6.3  0.00   2.8  22.0   9:35a   SSE
12  69.7  74.8   2:02p  66.1   5:51a   0.0   4.7  0.22   4.0  20.0  10:45p   SSE
13  70.7  81.4   4:14p  63.2   5:57a   0.2   5.7  0.00   3.4  17.0  12:02a   SSW
14  70.7  81.9   4:22p  63.2   3:32a   0.3   6.0  0.00   4.2  22.0   9:05a    SW
15  72.0  86.6   3:13p  63.5   7:28a   0.3   7.3  0.00   4.3  21.0   2:03p   SSW
16  72.4  82.8   4:27p  66.5  11:22p   0.0   7.4  0.00   1.8  14.0  12:17a    SW
17  66.6  80.3   1:28p  55.6  10:58p   1.5   3.1  2.70   1.2  30.0   8:25p   NNW
18  61.4  71.8   1:10p  52.4   4:01a   4.9   1.3  0.63   1.6  13.0   9:09a   SSE
19  63.6  74.0   2:00p  56.6  12:00a   3.5   2.1  0.38   3.1  17.0   4:45p   NNW
20  51.5  59.8   1:30p  42.9  11:59p  13.3   0.0  0.00   6.1  28.0   4:08p   NNW
21  47.5  61.3   4:55p  36.3   7:01a  17.5   0.0  0.00   2.7  19.0  10:05a   NNW
22  53.6  70.6   4:12p  34.4   6:29a  12.3   0.9  0.00   1.4  17.0  12:20p     S
23  60.1  72.3   4:07p  45.4   5:20a   6.7   1.8  0.00   2.5  17.0   1:18p     S
24  62.2  75.4  12:22p  53.9   6:28a   4.2   1.5  1.15   4.0  28.0   3:20p   SSE
25  63.0  74.6   4:42p  57.0   8:02a   3.7   1.7  0.09   2.2  14.0   4:04a   WNW
26  65.7  75.2   4:15p  57.7  12:01a   1.5   2.2  0.13   2.7  18.0  11:03a   SSE
27  64.1  67.9   5:55p  62.3   1:05a   1.3   0.4  0.50   1.0  12.0   8:21p   SSE
28  68.2  78.5   2:31p  56.3  11:59p   1.2   4.4  0.00   2.3  17.0   1:55p    NW
29  61.2  77.4   4:17p  49.0   6:32a   6.7   2.8  0.00   1.3  12.0  10:50a     N
30  63.6  77.9   2:51p  49.0   4:04a   5.0   3.6  0.00   3.0  17.0   5:53p    SE
31  68.3  74.1   4:38p  60.1  12:49a   0.7   4.0  0.36   3.5  20.0   9:11a   SSE
----------------------------------------------------------------------------------
    62.3  86.6    15    34.4    22   173.8  89.5  7.32   2.8  37.0     3       S

Max >=  80.0:  7
Max <=  32.0:  0
Min <=  32.0:  0
Min <=   0.0:  0
Max Rain: 2.70 on day 17
Days of Rain: 12 (>= 0.01 in)  10 (>= 0.10 in)  3 (>= 1.00 in)
Heat Base: 65.0  Cool Base: 65.0  Method: Integration