NOAA-Style Climate Reports


Report for 2016 January
                   Monthly Climatological Summary for Jan 2016

Name: BeeWeather.com   City: West Central Crenshaw County   State: Alabama
Elevation: 420 ft  Lat: N 31° 43' 59"   Lon: W 086° 21' 16"

                  Temperature (°F), Rain (in), Wind Speed (mph)

                                      Heat  Cool        Avg
    Mean                              Deg   Deg         Wind                 Dom
Day Temp  High   Time   Low    Time   Days  Days  Rain  Speed High   Time    Dir
----------------------------------------------------------------------------------
 1  46.0  51.3  12:00a  42.9  11:53p  19.0   0.0  0.03   4.5  17.0  11:45a   NNW
 2  44.5  54.6   2:28p  38.6  11:49p  20.5   0.0  0.01   3.1  14.0   2:27a   NNW
 3  44.6  53.7  12:28p  38.4   6:57a  20.4   0.0  0.02   1.3  10.0  10:17a   NNW
 4  42.5  52.4   2:06p  34.0  11:59p  22.5   0.0  0.00   3.9  19.0   2:16p   NNW
 5  37.7  50.3   3:19p  30.7   3:38a  27.3   0.0  0.79   1.7  16.0  10:38a   ESE
 6  43.1  58.6   2:57p  31.6   1:49a  21.9   0.0  0.00   0.9  13.0   8:52a   ESE
 7  50.7  60.3   1:54p  37.7  12:40a  14.3   0.0  0.04   1.2  12.0   8:52p   ESE
 8  56.6  60.3   1:23p  53.1  12:00a   8.4   0.0  0.01   1.1  11.0  10:57p    SE
 9  57.3  60.0   9:45p  53.5  11:58p   7.7   0.0  0.06   2.6  16.0  10:32p    SE
10  43.7  53.5  12:00a  31.4  11:55p  21.3   0.0  0.00   4.4  21.0  11:25a    NW
11  36.8  52.8   3:20p  25.7   6:20a  28.2   0.0  0.00   1.2  11.0   2:25p   NNW
12  42.2  59.3   2:38p  28.2   6:06a  22.7   0.0  0.00   1.6  15.0  12:25p    NW
13  44.4  63.1   3:55p  29.8   7:06a  20.6   0.0  0.00   0.8  11.0  11:58a    NW
14  45.9  61.5   2:45p  31.7   3:55a  19.1   0.0  0.01   1.1  12.0   1:16p   SSE
15  49.7  55.6   3:44p  44.8  11:44p  15.3   0.0  0.57   1.6  19.0   5:52a   WNW
16  50.7  65.8   3:17p  42.4   7:12a  14.3   0.0  0.01   1.4  11.0   9:52p   NNW
17  45.8  53.7   1:49p  36.9  11:56p  19.2   0.0  0.00   4.3  19.0   4:56a   NNW
18  39.3  50.7   2:46p  29.9   6:57a  25.7   0.0  0.00   2.1  19.0   1:05p    NW
19  37.2  52.2   3:36p  25.8   6:49a  27.8   0.0  0.00   0.3  11.0  10:51a   NNW
20  48.5  62.9   1:40p  31.5  12:45a  16.5   0.0  0.08   2.6  19.0   2:46p     S
21  56.1  60.6  11:25p  52.4   5:19a   8.9   0.0  0.64   3.2  24.0  11:41p    SE
22  46.8  60.3  12:00a  34.5  10:40p  18.2   0.0  1.33   5.9  25.0   8:25p   WNW
23  35.7  42.9   2:34p  29.6  11:57p  29.3   0.0  0.11   6.1  26.0   4:13a    NW
24  38.6  56.3   3:36p  26.7   6:59a  26.4   0.0  0.39   1.2   9.0   2:43a    NW
25  47.1  60.0   1:02p  30.2   5:40a  17.9   0.0  0.01   1.7  13.0  11:24p   SSE
26  58.0  65.0   1:02p  53.7   6:52a   7.0   0.0  0.27   4.5  19.0   7:58p   SSE
27  49.9  53.9  12:00a  44.3  10:41p  15.1   0.0  0.33   2.9  15.0  11:43a     N
28  44.5  52.5   3:41p  37.6  11:11p  20.5   0.0  0.00   2.6  12.0  12:42p   NNW
29  48.9  66.9   2:50p  34.9   6:54a  16.3   0.2  0.00   1.9  16.0  12:38p   WNW
30  52.9  70.9   2:42p  35.9   4:53a  13.0   0.9  0.00   2.4  18.0   1:53p   SSW
31  60.1  73.1   1:49p  49.1   4:37a   6.4   1.5  0.00   3.2  17.0  12:09p     S
----------------------------------------------------------------------------------
    46.6  73.1    31    25.7    11   571.7   2.6  4.71   2.5  26.0    23      NW

Max >=  80.0:  0
Max <=  32.0:  0
Min <=  32.0: 13
Min <=   0.0:  0
Max Rain: 1.33 on day 22
Days of Rain: 18 (>= 0.01 in)  8 (>= 0.10 in)  1 (>= 1.00 in)
Heat Base: 65.0  Cool Base: 65.0  Method: Integration