NOAA-Style Climate Reports

Select a Year or Month report
2017: Jan Feb Mar Apr May Jun Jul Aug Sep Oct Nov Dec
2016: Jan Feb Mar Apr May Jun Jul Aug Sep Oct Nov Dec
2015: Jan Feb Mar Apr May Jun Jul Aug Sep Oct Nov Dec
2014: Jan Feb Mar Apr May Jun Jul Aug Sep Oct Nov Dec
2013: Jan Feb Mar Apr May Jun Jul Aug Sep Oct Nov Dec

Report for 2015 December
                   Monthly Climatological Summary for Dec 2015

Name: BeeWeather.com   City: West Central Crenshaw County   State: Alabama
Elevation: 420 ft  Lat: N 31° 43' 59"   Lon: W 086° 21' 16"

                  Temperature (°F), Rain (in), Wind Speed (mph)

                                      Heat  Cool        Avg
    Mean                              Deg   Deg         Wind                 Dom
Day Temp  High   Time   Low    Time   Days  Days  Rain  Speed High   Time    Dir
----------------------------------------------------------------------------------
 1  66.5  75.1   1:12p  59.1   3:38a   1.6   3.0  0.00   2.1  13.0   2:45p     S
 2  58.6  68.1   1:15a  48.4  11:56p   7.1   0.7  0.01   2.2  18.0   5:33a    NW
 3  45.5  49.7  11:40a  37.8  11:54p  19.5   0.0  0.00   2.1  14.0   1:48p   NNW
 4  46.9  62.2   2:11p  36.4   6:37a  18.1   0.0  0.00   1.5  14.0   1:02p   NNE
 5  52.0  68.3   2:53p  39.1   6:30a  13.3   0.3  0.00   1.0  14.0  12:04p   ENE
 6  55.9  72.2   3:50p  46.5   3:52a   9.8   0.6  0.00   0.7  10.0   9:35a   ESE
 7  56.0  71.0   1:19p  44.0  11:48p  10.0   1.0  0.00   1.0  11.0  12:51p   NNW
 8  51.3  69.4   3:26p  37.5   7:01a  14.1   0.5  0.00   0.5   9.0  10:34a     S
 9  55.9  71.7   1:37p  40.7   3:19a  10.3   1.2  0.00   1.1  12.0  10:47a   SSW
10  62.6  75.7   1:56p  51.0   7:10a   4.6   2.2  0.01   1.0  16.0  12:56p    SW
11  67.9  78.8   2:02p  59.7  11:56p   0.8   3.6  0.00   2.3  14.0  10:19a     S
12  63.0  75.4   1:58p  52.8   6:26a   4.2   2.2  0.01   1.4  15.0  11:44a   SSE
13  66.3  76.0   2:05p  58.3  12:38a   1.6   2.9  0.00   4.1  27.0  12:27p   SSE
14  61.5  71.7   2:16p  48.7  11:54p   4.9   1.4  0.42   2.8  25.0   5:36a   SSW
15  54.8  73.0   2:57p  42.5   6:15a  11.4   1.2  0.01   0.6   7.0  10:43a   SSE
16  54.7  62.6  11:59p  43.0   5:30a  10.3   0.0  1.34   0.7  12.0  11:47p   ESE
17  60.5  68.7   8:41a  47.9  11:57p   4.9   0.5  0.87   1.8  15.0  10:22a    NW
18  44.3  54.2   1:54p  34.7  11:28p  20.7   0.0  0.00   3.4  21.0  12:52p   NNW
19  41.8  59.2   2:13p  28.8   6:43a  23.2   0.0  0.00   0.8  10.0  10:13a   NNE
20  46.4  61.8   2:49p  31.4   4:18a  18.6   0.0  0.00   1.2  11.0   9:26a    SE
21  58.0  64.5  10:02p  48.1  12:13a   7.0   0.0  1.56   1.5  12.0   9:08p    SE
22  65.3  67.6  12:47p  63.7   7:38p   0.4   0.7  1.67   2.8  18.0   1:30p   SSE
23  66.9  73.1  11:59p  63.1   8:02a   0.5   2.4  3.22   2.5  15.0   5:58p   SSE
24  72.2  75.2   9:03a  68.2  11:32a   0.0   7.2  1.00   2.4  20.0   9:36a   SSW
25  74.0  80.8   2:22p  67.7  11:07p   0.0   9.0  0.00   4.1  17.0  10:18a   SSE
26  72.1  80.7   1:30p  66.7  11:33p   0.0   7.1  0.00   2.7  17.0   1:05p   SSE
27  70.0  77.7   2:13p  63.8   3:50a   0.1   5.2  0.11   2.4  16.0  11:21p   SSE
28  68.9  73.7   9:47a  61.6  11:54p   0.3   4.3  1.15   5.4  29.0  10:35a   SSE
29  62.9  71.7   1:50p  56.1   7:02a   3.2   1.1  0.33   1.0  10.0  12:11a   SSW
30  61.7  70.6   6:20a  59.1  10:53a   3.8   0.6  0.52   1.7  16.0   5:10a   NNW
31  56.3  60.7   2:40a  51.3  11:50p   8.7   0.0  0.13   2.8  14.0   9:13a   NNW
----------------------------------------------------------------------------------
    59.4  80.8    25    28.8    19   233.0  58.9 12.36   2.0  29.0    28     SSE

Max >=  80.0:  2
Max <=  32.0:  0
Min <=  32.0:  2
Min <=   0.0:  0
Max Rain: 3.22 on day 23
Days of Rain: 16 (>= 0.01 in)  12 (>= 0.10 in)  6 (>= 1.00 in)
Heat Base: 65.0  Cool Base: 65.0  Method: Integration