NOAA-Style Climate Reports


Report for 2015 November
                   Monthly Climatological Summary for Nov 2015

Name: BeeWeather.com   City: West Central Crenshaw County   State: Alabama
Elevation: 420 ft  Lat: N 31° 43' 59"   Lon: W 086° 21' 16"

                  Temperature (°F), Rain (in), Wind Speed (mph)

                                      Heat  Cool        Avg
    Mean                              Deg   Deg         Wind                 Dom
Day Temp  High   Time   Low    Time   Days  Days  Rain  Speed High   Time    Dir
----------------------------------------------------------------------------------
 1  68.8  72.5  12:45a  66.2   5:27p   0.0   4.0  0.66   0.9   9.0   2:10a     N
 2  73.0  83.9   2:53p  66.5  10:34p   0.0   8.0  0.77   0.6  10.0   1:28p   SSW
 3  69.7  82.0   3:44p  62.5  11:57p   0.2   4.9  0.01   0.0   2.0  12:11a     E
 4  71.1  80.5   1:48p  61.8   2:53a   0.7   6.8  0.00   0.4   9.0  11:43a    SE
 5  74.8  84.5   2:51p  70.4   2:29a   0.0   9.8  0.00   0.9  10.0   9:33a   SSE
 6  76.2  85.9   2:58p  71.4  10:46p   0.0  11.2  0.00   0.5  12.0  11:14a     S
 7  72.6  79.6  11:05a  66.1  11:52p   0.0   7.6  0.10   0.7  14.0   6:07p     N
 8  58.8  66.1  12:00a  53.8  10:00p   6.3   0.0  2.42   2.1  16.0   2:20a   NNE
 9  55.1  56.9   1:32p  53.8  12:59a   9.9   0.0  1.28   1.8  12.0  10:23a     N
10  55.6  60.1   3:44p  52.9   5:50a   9.4   0.0  0.01   1.1  11.0   1:14a   NNW
11  58.9  71.4   2:25p  52.8   7:37a   6.9   0.8  0.00   0.4   7.0  12:02p   SSE
12  61.7  68.3   3:07p  50.3  11:56p   3.9   0.7  0.02   1.3  13.0   9:25a   WNW
13  54.5  66.3   2:00p  44.1   6:05a  10.6   0.1  0.00   2.9  16.0  11:20a   NNW
14  51.1  67.1   2:07p  40.2  11:50p  13.9   0.1  0.00   1.6  18.0   8:45a     N
15  53.9  70.3   2:31p  37.7   4:32a  11.8   0.7  0.00   1.2  14.0  11:48a    SE
16  62.6  76.7   1:24p  49.7   3:50a   5.0   2.6  0.00   1.5  12.0   8:02a    SE
17  68.9  77.1   1:41p  60.3   3:27a   1.1   4.9  0.00   4.6  20.0  10:50a    SE
18  70.0  74.5   1:13p  65.8  11:44p   0.0   5.0  1.23   5.1  25.0   5:28a   SSE
19  62.1  73.8   1:38p  51.5  11:58p   4.5   1.6  0.01   2.2  16.0  11:48a   NNW
20  59.4  76.0   2:06p  49.1   4:39a   7.8   2.2  0.00   1.4  14.0   7:36a   NNE
21  61.4  72.5  12:44p  51.4   3:30a   5.0   1.4  0.00   2.0  17.0  11:13p   ENE
22  46.5  55.3  12:00a  35.5  11:46p  18.5   0.0  0.00   4.6  20.0   3:52a   NNW
23  43.5  60.5   2:23p  32.4   6:42a  21.5   0.0  0.00   1.6  15.0   2:37p     N
24  46.4  61.9   1:43p  33.7   2:24a  18.6   0.0  0.00   0.7  13.0  10:27a   ESE
25  57.1  71.1   2:05p  42.1  12:00a   8.7   0.8  0.00   2.7  15.0   9:58a   ESE
26  62.0  75.3   2:09p  50.7   6:52a   5.1   2.1  0.00   2.1  15.0  10:35a   ESE
27  64.7  77.6   2:17p  56.2   5:35a   3.3   3.1  0.00   1.8  14.0  11:40a    SE
28  63.2  77.4   3:00p  53.4   6:32a   4.7   3.0  0.00   1.1  12.0   9:33a   SSE
29  63.3  76.7  12:39p  52.5   5:57a   4.7   3.0  0.01   0.6  10.0  12:10p     S
30  65.4  78.6   1:26p  57.8   4:29a   2.6   3.0  0.00   0.8  15.0  12:38p     S
----------------------------------------------------------------------------------
    61.7  85.9     6    32.4    23   184.7  87.4  6.52   1.6  25.0    18     ENE

Max >=  80.0:  5
Max <=  32.0:  0
Min <=  32.0:  0
Min <=   0.0:  0
Max Rain: 2.42 on day 8
Days of Rain: 11 (>= 0.01 in)  6 (>= 0.10 in)  3 (>= 1.00 in)
Heat Base: 65.0  Cool Base: 65.0  Method: Integration