NOAA-Style Climate Reports

Select a Year or Month report
2017: Jan Feb Mar Apr May Jun Jul Aug Sep Oct Nov Dec
2016: Jan Feb Mar Apr May Jun Jul Aug Sep Oct Nov Dec
2015: Jan Feb Mar Apr May Jun Jul Aug Sep Oct Nov Dec
2014: Jan Feb Mar Apr May Jun Jul Aug Sep Oct Nov Dec
2013: Jan Feb Mar Apr May Jun Jul Aug Sep Oct Nov Dec

Report for 2015 October
                   Monthly Climatological Summary for Oct 2015

Name: BeeWeather.com   City: West Central Crenshaw County   State: Alabama
Elevation: 420 ft  Lat: N 31° 43' 59"   Lon: W 086° 21' 16"

                  Temperature (°F), Rain (in), Wind Speed (mph)

                                      Heat  Cool        Avg
    Mean                              Deg   Deg         Wind                 Dom
Day Temp  High   Time   Low    Time   Days  Days  Rain  Speed High   Time    Dir
----------------------------------------------------------------------------------
 1  67.9  70.4  12:00a  65.2  11:42p   0.0   2.8  0.00   3.4  14.0  10:55a   NNW
 2  64.3  68.6  11:41a  60.9   8:28a   1.3   0.6  0.00   3.5  15.0   1:51a   NNW
 3  61.2  65.9   2:30p  57.6  11:51p   3.8   0.0  0.01   3.3  17.0  10:19p   NNW
 4  62.6  72.1   2:36p  54.9   6:24a   3.8   1.4  0.00   3.1  18.0   2:37p   NNW
 5  68.5  75.0  11:57a  64.9   6:11a   0.0   3.5  0.01   1.1  12.0  10:48a     N
 6  70.1  83.5   4:03p  61.6   6:32a   0.5   5.6  0.13   0.8  11.0   2:52p     N
 7  71.8  86.6   3:05p  60.5   6:22a   1.0   7.8  0.00   0.3  10.0   2:13p     E
 8  70.9  85.9   3:32p  58.7   6:44a   1.4   7.3  0.00   0.4   9.0  12:57p   ESE
 9  71.7  84.1  12:38p  61.8   5:52a   0.7   7.4  0.00   0.4   9.0   1:12p     N
10  68.7  78.3   2:05p  59.4  11:56p   0.5   4.2  0.00   2.2  18.0   1:11p   NNW
11  65.7  80.4   4:48p  56.3   6:55a   3.2   3.9  0.00   0.5   7.0   8:38a   NNW
12  66.1  81.4   4:37p  52.4   6:54a   3.5   4.6  0.00   0.4  10.0   3:46p   SSW
13  69.8  84.5   4:10p  60.5  11:49p   0.7   5.5  0.00   1.1  11.0  10:46a    SW
14  65.0  83.4   4:52p  49.1   6:18a   5.1   5.1  0.00   0.4  12.0  12:13p   NNW
15  66.9  87.9   3:39p  51.0   4:56a   5.1   7.0  0.00   0.1   9.0  12:13p    SE
16  69.4  87.4   2:03p  53.7   6:19a   3.2   7.6  0.00   1.3  14.0   4:22p   NNW
17  61.5  73.7   2:16p  50.3   7:19a   5.3   1.8  0.00   1.8  17.0   1:27p   NNW
18  57.4  72.6   3:45p  45.7   6:32a   8.9   1.3  0.00   1.4  14.0   3:12p     N
19  56.2  73.0   4:07p  41.5   7:07a  10.3   1.5  0.00   1.5  16.0  10:14a   ESE
20  61.6  78.6   4:07p  48.3   7:07a   6.8   3.4  0.00   1.4  13.0  12:59p    SE
21  65.1  80.9   4:48p  53.3   6:05a   4.3   4.5  0.00   0.8  11.0  10:40a   ESE
22  68.5  83.3   3:25p  57.8   6:46a   2.2   5.8  0.00   0.8  11.0   1:05p   ESE
23  71.2  86.0   2:42p  61.1   7:28a   0.7   7.0  0.00   1.5  14.0  12:42p   SSE
24  70.5  83.1   2:07p  60.5   5:18a   1.1   6.6  0.00   1.5  13.0  12:06p   SSE
25  71.2  80.9  11:54a  65.3   5:55a   0.0   6.2  0.11   1.6  13.0  11:53a   ESE
26  68.9  70.9   4:29p  67.6  12:57a   0.0   3.9  0.67   4.6  28.0   9:19p   ESE
27  66.3  68.7  12:00a  64.1   6:19a   0.1   1.4  0.39   4.1  17.0  12:02a   ESE
28  70.2  79.8   2:31p  60.0  11:57p   0.4   5.5  0.02   1.2  12.0   1:15p   WSW
29  67.9  82.5   3:02p  59.1   2:26a   1.8   4.8  0.01   1.4  14.0  10:39a     W
30  63.5  78.5   2:49p  53.4   7:36a   4.5   3.0  0.01   0.5  11.0   1:09p   NNE
31  67.7  79.8   2:12p  56.5   1:04a   2.5   5.2  0.63   2.7  17.0   2:02p    SE
----------------------------------------------------------------------------------
    66.7  87.9    15    41.5    19    82.7 136.2  1.99   1.6  28.0    26      NE

Max >=  80.0: 16
Max <=  32.0:  0
Min <=  32.0:  0
Min <=   0.0:  0
Max Rain: 0.67 on day 26
Days of Rain: 10 (>= 0.01 in)  5 (>= 0.10 in)  0 (>= 1.00 in)
Heat Base: 65.0  Cool Base: 65.0  Method: Integration