NOAA-Style Climate Reports


Report for 2015 September
                   Monthly Climatological Summary for Sep 2015

Name: BeeWeather.com   City: West Central Crenshaw County   State: Alabama
Elevation: 420 ft  Lat: N 31° 43' 59"   Lon: W 086° 21' 16"

                  Temperature (°F), Rain (in), Wind Speed (mph)

                                      Heat  Cool        Avg
    Mean                              Deg   Deg         Wind                 Dom
Day Temp  High   Time   Low    Time   Days  Days  Rain  Speed High   Time    Dir
----------------------------------------------------------------------------------
 1  80.4  93.9   3:40p  69.9   6:03a   0.0  15.4  0.00   0.4   9.0   2:01p   ENE
 2  82.0  95.2   4:03p  70.4   6:00a   0.0  16.9  0.00   0.7   9.0   2:27p    NW
 3  80.9  94.4   4:19p  74.7  11:59p   0.0  15.9  0.00   0.9  11.0   5:01p   WNW
 4  80.5  95.6   4:33p  70.8   6:04a   0.0  15.5  0.02   1.3  14.0   4:36p    NW
 5  79.9  94.9   2:05p  71.3   6:28a   0.0  14.9  0.29   1.6  22.0   6:23p   ENE
 6  75.9  90.3   2:59p  69.4   6:39a   0.0  10.9  0.15   1.0  16.0   5:09p    SE
 7  78.0  90.8   3:40p  68.9   5:34a   0.0  13.1  0.01   1.1  13.0   1:03p     N
 8  76.8  86.6   1:26p  70.8   4:35a   0.0  11.8  0.09   0.8  11.0   1:06p   NNE
 9  79.7  92.8   4:04p  70.7   6:34a   0.0  14.7  0.01   1.6  14.0   5:46p    SW
10  76.4  91.2   1:24p  70.4  11:16p   0.0  11.4  0.05   1.3  12.0  12:15p   WSW
11  73.6  79.5   4:26p  70.4  12:40a   0.0   8.6  0.10   1.7  13.0   4:43p    SW
12  72.5  79.2   3:10p  63.2  11:56p   0.0   7.5  0.08   1.6  12.0  11:59a   NNW
13  65.8  79.5   4:12p  53.6   6:45a   3.4   4.2  0.00   2.2  13.0  11:14a   NNW
14  67.4  85.1   4:43p  51.0   5:31a   4.2   6.6  0.00   1.3  12.0  11:49a   ESE
15  71.4  84.8   2:32p  59.5   3:27a   1.5   7.9  0.00   1.5  15.0  11:32a   ESE
16  74.7  89.0   1:55p  64.3   6:29a   0.0   9.7  0.00   1.6  12.0  12:32p   ESE
17  74.6  89.4   4:41p  64.3   6:36a   0.1   9.7  0.00   1.2  12.0   6:15p   ENE
18  75.3  90.1   4:13p  62.7   6:41a   0.2  10.6  0.00   1.9  18.0   2:11p     N
19  76.8  92.8   3:18p  63.4   6:26a   0.1  11.9  0.00   1.3  12.0   3:06p   NNW
20  77.9  94.6   4:16p  61.6   6:44a   0.5  13.3  0.00   1.2  12.0  12:48p   WNW
21  69.7  72.6  10:22a  66.1  10:57p   0.0   4.7  0.10   2.3  15.0   6:37a   NNW
22  71.5  83.7   1:04p  64.0   5:51a   0.1   6.6  0.07   1.3  13.0   1:04p    NE
23  74.7  87.9   3:29p  66.5   6:31a   0.0   9.7  0.01   1.4  15.0   3:52p     E
24  74.3  86.0   3:28p  66.3  11:33p   0.0   9.3  0.00   1.9  14.0   3:58p    NE
25  71.5  84.3   2:48p  63.4   6:30a   0.2   6.7  0.00   2.0  17.0  12:18p     N
26  69.0  81.8   3:03p  59.7   5:37a   1.1   5.1  0.00   1.0  11.0  12:59p   ENE
27  73.3  80.4   4:04p  65.9  12:00a   0.0   8.3  0.00   1.8  14.0   8:37a   ESE
28  71.1  72.7   9:26p  69.7   5:11a   0.0   6.1  2.29   2.1  17.0  11:41a   ESE
29  74.8  80.0   4:46p  71.2   2:49a   0.0   9.8  0.13   0.2   8.0  10:09a     E
30  76.6  85.7   3:41p  70.4  11:56p   0.0  11.6  0.19   1.5  15.0   3:43p   NNW
----------------------------------------------------------------------------------
    74.9  95.6     4    51.0    14    11.4 308.4  3.59   1.4  22.0     5     NNE

Max >=  80.0: 25
Max <=  32.0:  0
Min <=  32.0:  0
Min <=   0.0:  0
Max Rain: 2.29 on day 28
Days of Rain: 15 (>= 0.01 in)  7 (>= 0.10 in)  1 (>= 1.00 in)
Heat Base: 65.0  Cool Base: 65.0  Method: Integration