NOAA-Style Climate Reports


Report for 2015 June
                   Monthly Climatological Summary for Jun 2015

Name: BeeWeather.com   City: West Central Crenshaw County   State: Alabama
Elevation: 420 ft  Lat: N 31° 43' 59"   Lon: W 086° 21' 16"

                  Temperature (°F), Rain (in), Wind Speed (mph)

                                      Heat  Cool        Avg
    Mean                              Deg   Deg         Wind                 Dom
Day Temp  High   Time   Low    Time   Days  Days  Rain  Speed High   Time    Dir
----------------------------------------------------------------------------------
 1  71.6  80.5  11:16a  65.0   5:24a   0.0   6.6  0.02   0.4  10.0  12:19p     S
 2  74.2  86.5   4:16p  64.1   5:52a   0.0   9.3  0.00   0.6   8.0  12:38p   WSW
 3  76.8  88.6   4:45p  65.7   5:52a   0.0  11.8  0.00   1.2  10.0   4:23p    NW
 4  76.6  88.0   2:45p  64.7   5:24a   0.0  11.6  0.00   0.9  10.0  10:52a   NNW
 5  77.9  90.4   4:46p  67.7   4:32a   0.0  12.9  0.00   1.1  10.0   9:56a     N
 6  78.8  91.4   3:30p  67.3   3:52a   0.0  13.8  0.00   1.2  15.0   4:26p     N
 7  80.6  93.8   4:28p  67.5   5:33a   0.0  15.6  0.00   1.2  12.0   7:40p   SSE
 8  78.2  90.4   2:47p  68.8   4:28a   0.0  13.2  0.04   1.5  13.0   5:21p     S
 9  76.3  88.6   3:57p  69.1   6:23p   0.0  11.3  1.64   1.8  16.0   6:10p    SW
10  75.4  88.5   2:06p  69.8  12:32a   0.0  10.4  0.01   1.3  11.0   3:58p     S
11  77.6  87.0   4:52p  68.8   4:39a   0.0  12.6  0.00   2.1  12.0   2:47p   SSE
12  76.9  90.7   4:54p  70.6   5:35a   0.0  11.9  0.04   2.2  20.0   6:15p     S
13  77.3  92.4   4:05p  68.5   4:51a   0.0  12.0  0.97   1.9  38.0   5:24p   SSE
14  79.8  92.7   5:10p  67.7   5:37a   0.0  14.8  0.00   1.4  11.0   1:38p   SSE
15  82.3  94.6   3:43p  69.8   5:39a   0.0  17.3  0.00   1.6  11.0  11:27a   SSE
16  82.0  94.6   3:52p  69.7   6:12a   0.0  17.0  0.00   1.1  10.0   2:49p   SSE
17  83.5  95.1   3:03p  72.1   5:22a   0.0  18.5  0.00   1.2  12.0   2:54p     S
18  82.0  95.0   4:14p  73.2   5:37a   0.0  17.0  0.07   1.2  12.0   5:34p   WSW
19  82.1  94.6   4:03p  72.1   6:17a   0.0  17.1  0.01   1.9  13.0   4:29p   SSW
20  83.2  94.2   4:41p  75.5   4:50a   0.0  18.2  0.00   2.0  11.0   8:16a   WSW
21  84.2  95.8   4:16p  74.1   5:54a   0.0  19.2  0.00   1.3  10.0   9:21a    NW
22  84.0  96.5   4:26p  72.4   6:08a   0.0  19.0  0.00   1.1  10.0  11:25a    NW
23  83.0  97.8   4:11p  74.2   5:30a   0.0  18.0  0.32   1.3  23.0   6:14p   WNW
24  79.1  90.6   5:00p  71.6   7:12a   0.0  14.1  1.17   2.4  27.0   2:08a     W
25  80.4  92.9   3:34p  70.8   3:31a   0.0  15.4  0.00   1.8  13.0   5:01p   SSW
26  77.2  90.0   4:18p  72.0   5:44a   0.0  12.2  0.36   1.2  17.0   4:54p   SSW
27  76.4  87.4  11:57a  72.7   9:47p   0.0  11.4  0.27   2.2  15.0  12:37p    SW
28  76.8  85.9   2:40p  68.3  11:53p   0.0  11.8  0.00   1.8  11.0   2:40p    NW
29  77.3  89.3   3:46p  64.7   6:02a   0.0  12.3  0.00   1.4  11.0   4:32p   WSW
30  74.8  85.6  12:39p  70.3   6:05a   0.0   9.8  0.02   2.0  18.0   2:57p     W
----------------------------------------------------------------------------------
    78.9  97.8    23    64.1     2     0.0 416.1  4.94   1.5  38.0    13      SW

Max >=  80.0: 30
Max <=  32.0:  0
Min <=  32.0:  0
Min <=   0.0:  0
Max Rain: 1.64 on day 9
Days of Rain: 13 (>= 0.01 in)  6 (>= 0.10 in)  2 (>= 1.00 in)
Heat Base: 65.0  Cool Base: 65.0  Method: Integration