NOAA-Style Climate Reports


Report for 2015 May
                   Monthly Climatological Summary for May 2015

Name: BeeWeather.com   City: West Central Crenshaw County   State: Alabama
Elevation: 420 ft  Lat: N 31° 43' 59"   Lon: W 086° 21' 16"

                  Temperature (°F), Rain (in), Wind Speed (mph)

                                      Heat  Cool        Avg
    Mean                              Deg   Deg         Wind                 Dom
Day Temp  High   Time   Low    Time   Days  Days  Rain  Speed High   Time    Dir
----------------------------------------------------------------------------------
 1  63.2  74.9   2:21p  52.6  11:57p   4.6   2.8  0.00   2.6  15.0   1:43p   NNW
 2  64.3  81.6   4:46p  47.2   6:28a   6.0   5.3  0.00   1.1  10.0  12:20p     S
 3  67.4  82.7   4:21p  50.4   6:07a   4.1   6.5  0.00   1.2  12.0   1:20p     S
 4  69.9  83.7   2:55p  55.3   5:57a   2.5   7.4  0.00   1.7  13.0  10:35p    SE
 5  69.9  83.5   3:54p  57.9   6:00a   2.0   6.9  0.00   1.8  13.0  12:17p   ESE
 6  71.1  85.4   4:08p  57.6   6:13a   1.9   8.0  0.00   1.2  11.0   9:28a     E
 7  72.7  88.4   5:06p  57.5   5:51a   1.6   9.3  0.00   0.9   9.0  11:50a     E
 8  73.6  90.0   6:19p  56.9   5:57a   1.9  10.5  0.00   0.8   9.0   2:38p    SE
 9  76.2  91.6   5:08p  61.2   5:48a   0.5  11.7  0.00   0.9   9.0   2:20p   SSE
10  78.3  92.6   4:26p  62.9   6:30a   0.2  13.5  0.00   1.3  11.0   1:33p     S
11  77.3  91.4   4:16p  64.0   4:57a   0.1  12.4  0.00   1.9  15.0  11:05a   SSW
12  76.0  84.5  12:38p  70.1  11:52p   0.0  11.0  0.00   1.2  10.0  11:59a    NW
13  75.4  89.5   4:21p  65.9  11:34p   0.0  10.4  0.00   1.5  12.0   1:52p     N
14  73.8  91.2   3:51p  61.5   6:02a   0.6   9.5  0.21   1.2  17.0   4:59p    SE
15  71.3  81.3   1:26p  67.2  11:58p   0.0   6.3  0.03   2.1  17.0   2:11p    SE
16  72.8  85.2   2:17p  67.2  12:00a   0.0   7.8  0.88   2.3  20.0  11:28a   SSE
17  75.0  89.3   3:58p  67.4   1:18a   0.0  10.0  0.02   1.9  19.0   4:02p   SSE
18  76.2  90.1   3:32p  67.1   4:57a   0.0  11.2  0.01   1.5  20.0   6:23p   SSW
19  75.5  86.1   3:56p  66.7   5:18a   0.0  10.5  0.00   1.1  16.0   1:11p    NW
20  76.5  89.7   3:36p  66.1   5:56a   0.0  11.5  0.01   1.6  29.0   6:10p    NW
21  73.6  83.7   2:10p  66.1   5:47a   0.0   8.6  0.00   3.1  13.0  12:14p   NNW
22  67.0  81.8   4:23p  55.6   5:53a   2.5   4.5  0.00   2.9  13.0  10:32a   NNW
23  72.7  87.4   4:24p  57.2   3:44a   2.0   9.7  0.00   2.0  15.0  10:38a    SE
24  75.8  85.2   2:49p  66.7  12:57a   0.0  10.8  0.12   3.0  14.0   7:34a    SE
25  72.4  84.0  12:14p  68.2   5:58a   0.0   7.4  0.83   2.5  14.0  11:06a    SE
26  70.8  84.5  11:31a  67.1  11:52p   0.0   5.8  0.57   1.9  17.0  12:08p   SSE
27  73.0  87.4   1:48p  65.1   4:37a   0.0   8.0  0.12   1.4  16.0   3:04p   SSE
28  72.9  86.6   2:44p  66.5   5:05a   0.0   7.8  0.31   1.4  13.0   4:10p   SSE
29  76.0  88.1   3:47p  67.4  11:59p   0.0  11.0  0.00   1.9  11.0  12:14p    SE
30  75.5  89.3   3:02p  64.7   4:13a   0.0  10.5  0.01   1.4  12.0   6:42p   SSE
31  76.1  89.9   3:54p  66.0   5:35a   0.0  11.1  0.08   1.4  18.0   5:49p   SSE
----------------------------------------------------------------------------------
    73.0  92.6    10    47.2     2    30.5 277.7  3.20   1.7  29.0    20      SE

Max >=  80.0: 30
Max <=  32.0:  0
Min <=  32.0:  0
Min <=   0.0:  0
Max Rain: 0.88 on day 16
Days of Rain: 13 (>= 0.01 in)  7 (>= 0.10 in)  0 (>= 1.00 in)
Heat Base: 65.0  Cool Base: 65.0  Method: Integration