NOAA-Style Climate Reports


Report for 2015 April
                   Monthly Climatological Summary for Apr 2015

Name: BeeWeather.com   City: West Central Crenshaw County   State: Alabama
Elevation: 420 ft  Lat: N 31° 43' 59"   Lon: W 086° 21' 16"

                  Temperature (°F), Rain (in), Wind Speed (mph)

                                      Heat  Cool        Avg
    Mean                              Deg   Deg         Wind                 Dom
Day Temp  High   Time   Low    Time   Days  Days  Rain  Speed High   Time    Dir
----------------------------------------------------------------------------------
 1  71.9  84.6   4:04p  60.0   7:17a   0.4   7.3  0.00   2.2  11.0   5:17a    SW
 2  70.8  84.1   3:53p  61.6   2:26a   0.7   6.5  0.00   3.0  16.0   4:39p     S
 3  71.8  85.7   3:38p  58.7   1:11a   1.1   7.9  0.00   3.9  19.0   3:44p   SSW
 4  64.8  72.0   4:44p  52.3  11:59p   2.6   2.5  0.03   4.9  20.0   5:58a   NNW
 5  62.5  77.9   2:15p  44.8   6:12a   6.4   3.9  0.00   2.1  16.0   9:53a    SE
 6  69.4  79.7   2:50p  63.1   1:28a   0.3   4.7  0.49   2.1  12.0   2:17p    SE
 7  71.7  84.9   3:58p  62.8   6:24a   0.2   6.9  0.03   1.3  11.0   9:31p   SSW
 8  73.2  86.1   3:02p  59.8   6:54a   0.9   9.1  0.00   1.6  12.0  11:02a   SSW
 9  73.4  85.8   3:54p  64.8   2:24a   0.0   8.4  0.00   2.9  16.0   3:32p     S
10  70.8  80.5  12:01p  65.4  10:59p   0.0   5.8  0.18   2.2  20.0   5:26p   SSW
11  69.2  77.9   3:07p  63.3  11:54p   0.1   4.3  0.01   1.3  11.0   9:51a     N
12  67.4  76.6   3:16p  61.1   1:38a   1.1   3.4  0.38   1.1  10.0  10:59p    SE
13  69.9  74.6   3:14p  66.7  11:54p   0.0   4.9  0.55   3.0  15.0   5:03p   SSE
14  70.0  82.1  12:20p  65.1   4:42a   0.0   5.0  0.73   1.7  19.0   3:05p   SSW
15  71.4  81.0   3:38p  65.8   1:29a   0.0   6.4  0.02   0.7   8.0   2:00p   SSW
16  68.6  73.4  10:17a  63.3  11:41p   0.1   3.7  0.11   2.1  11.0  10:08a   ESE
17  64.4  66.8   1:25p  62.6   4:38a   0.9   0.3  1.67   1.6  15.0   4:45p   ESE
18  68.3  75.9   3:35p  63.5   4:03a   0.4   3.7  0.02   0.7   8.0   2:48p   SSE
19  71.2  79.2   4:53p  68.3  12:48p   0.0   6.0  0.39   3.6  21.0  11:11a     S
20  70.2  79.2   3:00p  60.3  11:57p   0.2   5.4  0.01   3.1  16.0  12:37p    SW
21  63.1  76.9   3:47p  48.9   6:43a   5.0   3.1  0.00   1.9  13.0  12:26p   NNW
22  67.2  85.3   4:57p  50.4   6:31a   4.1   6.3  0.00   1.4  14.0  12:57p    NW
23  70.2  83.7   2:30p  57.5   6:33a   1.9   7.1  0.00   1.8  12.0   3:23p   NNW
24  68.4  81.4   2:14p  55.1   6:24a   2.0   5.5  0.00   1.3  11.0   9:50a   ESE
25  71.1  85.2   2:00p  64.2  12:51a   0.0   6.1  0.92   2.8  26.0   3:22p   SSW
26  73.5  87.7   2:45p  62.6   6:40a   0.3   8.8  0.02   2.1  13.0   2:21p     W
27  65.1  72.1  12:25p  59.4   6:37a   1.6   1.7  0.00   1.5   9.0   5:43a     N
28  65.0  75.1  11:51a  56.9   6:06a   2.4   2.4  0.10   1.8  13.0   9:31a   ESE
29  62.9  69.9   4:51p  54.7  11:59p   2.6   0.5  0.08   2.4  15.0   5:23p   NNW
30  63.8  77.6   4:07p  52.4   4:47a   5.0   3.8  0.00   2.2  16.0  12:13p   NNW
----------------------------------------------------------------------------------
    68.7  87.7    26    44.8     5    40.3 151.4  5.74   2.1  26.0    25     SSW

Max >=  80.0: 14
Max <=  32.0:  0
Min <=  32.0:  0
Min <=   0.0:  0
Max Rain: 1.67 on day 17
Days of Rain: 18 (>= 0.01 in)  10 (>= 0.10 in)  1 (>= 1.00 in)
Heat Base: 65.0  Cool Base: 65.0  Method: Integration