NOAA-Style Climate Reports

Select a Year or Month report
2017: Jan Feb Mar Apr May Jun Jul Aug Sep Oct Nov Dec
2016: Jan Feb Mar Apr May Jun Jul Aug Sep Oct Nov Dec
2015: Jan Feb Mar Apr May Jun Jul Aug Sep Oct Nov Dec
2014: Jan Feb Mar Apr May Jun Jul Aug Sep Oct Nov Dec
2013: Jan Feb Mar Apr May Jun Jul Aug Sep Oct Nov Dec

Report for 2015 March
                   Monthly Climatological Summary for Mar 2015

Name: BeeWeather.com   City: West Central Crenshaw County   State: Alabama
Elevation: 420 ft  Lat: N 31° 43' 59"   Lon: W 086° 21' 16"

                  Temperature (°F), Rain (in), Wind Speed (mph)

                                      Heat  Cool        Avg
    Mean                              Deg   Deg         Wind                 Dom
Day Temp  High   Time   Low    Time   Days  Days  Rain  Speed High   Time    Dir
----------------------------------------------------------------------------------
 1  50.3  54.3   3:40p  46.5   4:56a  14.7   0.0  0.08   2.2  14.0  11:41p   ESE
 2  57.5  62.3   1:44p  51.8  12:00a   7.5   0.0  0.13   0.7  12.0  12:00a   ESE
 3  66.7  79.8   2:54p  60.3   3:42a   1.5   3.3  0.01   3.0  16.0   2:08p     S
 4  70.1  79.0   1:39p  64.0   6:24a   0.2   5.3  0.00   5.2  26.0   1:59p     S
 5  50.6  71.0   7:59a  32.3  11:59p  15.6   1.1  0.61   6.7  27.0   9:54a    NW
 6  37.8  51.2   2:29p  26.4   6:29a  27.2   0.0  0.00   4.3  16.0   2:00a   NNW
 7  47.9  69.0   4:25p  30.5   5:58a  17.4   0.3  0.00   1.4   9.0   9:00a   ENE
 8  55.9  74.4   4:28p  35.0   6:53a  10.6   1.9  0.00   1.5  12.0  11:53a   SSE
 9  59.1  67.4   3:18p  51.0   2:44a   6.1   0.2  0.00   0.7   7.0  10:49a     E
10  70.7  83.9   3:34p  61.6  12:00a   0.7   6.3  0.00   4.8  22.0   1:26p     S
11  68.0  76.8  12:58p  62.9  11:28p   0.1   3.2  0.10   1.5  11.0  11:49a   SSW
12  68.4  78.9   2:16p  60.8   3:42a   1.0   4.4  0.29   1.6  17.0  11:48p    SE
13  62.5  69.0  12:51a  57.4   7:43a   3.0   0.6  0.16   4.7  20.0   4:51a   ESE
14  67.0  80.2   3:41p  59.6  12:00a   1.9   3.9  0.01   3.4  18.0   2:49p    SW
15  67.2  80.9   3:34p  55.5   4:20a   2.8   5.0  0.00   2.0  14.0   1:15p     N
16  67.1  84.1   4:53p  51.0   6:56a   3.9   6.0  0.00   1.5  13.0   4:34p    NW
17  69.4  83.4   3:00p  57.5   6:50a   1.9   6.4  0.00   2.8  20.0  12:04p    NW
18  70.7  84.5   3:27p  58.7   6:02a   1.4   7.1  0.00   1.6  12.0  10:17a    SE
19  68.8  79.9   2:52p  61.9   7:38a   0.7   4.5  0.72   2.3  13.0  11:31a     S
20  69.6  79.5   3:40p  65.0   4:12a   0.0   4.6  0.15   1.0  12.0   5:17p    NW
21  68.5  78.0   3:07p  60.0  11:59p   0.4   3.9  0.15   2.0  11.0   1:47p     N
22  64.0  74.2   1:54p  56.6   3:28a   3.3   2.4  0.46   2.1  11.0  10:56a    SE
23  60.6  63.9   1:44p  58.3  11:59p   4.4   0.0  0.01   1.3   9.0   2:22p     N
24  61.2  71.0   4:39p  54.5   2:10a   4.7   0.9  0.00   1.8  11.0   2:21p    SE
25  66.2  80.0   2:51p  54.6   4:03a   3.3   4.5  0.00   1.5  10.0  11:59p   SSE
26  67.7  74.2  12:47p  61.8   7:32a   0.5   3.2  0.00   2.4  15.0   8:08p     S
27  55.9  64.7  12:00a  46.4  11:56p   9.1   0.0  0.00   6.0  22.0   3:36p    NW
28  46.6  57.8   2:16p  38.4   6:52a  18.4   0.0  0.00   3.6  20.0   1:53p   NNW
29  54.2  68.9   4:44p  41.5  12:00a  11.2   0.4  0.00   2.7  13.0   2:55p   SSE
30  64.1  77.9   5:36p  53.5   1:10a   3.7   2.8  0.05   2.7  24.0   4:42a   WSW
31  69.5  82.5   4:17p  56.1   5:26a   2.2   6.7  0.00   2.6  17.0   2:14p   WSW
----------------------------------------------------------------------------------
    62.1  84.5    18    26.4     6   179.4  88.9  2.93   2.6  27.0     5      SW

Max >=  80.0:  8
Max <=  32.0:  0
Min <=  32.0:  2
Min <=   0.0:  0
Max Rain: 0.72 on day 19
Days of Rain: 14 (>= 0.01 in)  9 (>= 0.10 in)  0 (>= 1.00 in)
Heat Base: 65.0  Cool Base: 65.0  Method: Integration