NOAA-Style Climate Reports


Report for 2015 January
                   Monthly Climatological Summary for Jan 2015

Name: BeeWeather.com   City: West Central Crenshaw County   State: Alabama
Elevation: 420 ft  Lat: N 31° 43' 59"   Lon: W 086° 21' 16"

                  Temperature (°F), Rain (in), Wind Speed (mph)

                                      Heat  Cool        Avg
    Mean                              Deg   Deg         Wind                 Dom
Day Temp  High   Time   Low    Time   Days  Days  Rain  Speed High   Time    Dir
----------------------------------------------------------------------------------
 1  47.0  59.3   1:39p  33.8   6:06a  18.0   0.0  0.00   1.2   7.0   1:42a   NNE
 2  54.1  59.5   1:48p  46.0   1:36a  10.9   0.0  0.02   1.4  10.0  11:59p   ESE
 3  65.9  73.5   3:41p  57.4  12:00a   2.1   3.0  0.01   5.2  21.0   3:43p   SSE
 4  58.9  71.9   1:11a  46.5  11:59p   7.1   1.0  1.13   4.1  23.0   3:49a    NW
 5  43.7  54.9   3:26p  33.8  11:56p  21.3   0.0  0.00   3.6  17.0   9:04a   NNW
 6  44.6  62.2   2:27p  31.6   4:38a  20.4   0.0  0.01   1.7  15.0  11:25a    NW
 7  39.5  52.2  12:58p  23.5  11:56p  25.5   0.0  0.00   5.9  26.0   9:26p   NNW
 8  25.8  40.2   3:55p  15.2   6:49a  39.2   0.0  0.00   3.0  22.0  12:12a   NNE
 9  34.2  39.8   9:54a  24.2   1:39a  30.8   0.0  0.02   1.5  13.0   9:25a   NNW
10  38.6  53.6   3:24p  29.1   6:58a  26.4   0.0  0.00   2.1  11.0   8:24a   NNE
11  49.1  59.4   1:50p  33.9  12:27a  15.9   0.0  0.00   2.1  11.0   6:47a   ESE
12  57.7  64.9   2:52p  52.3   1:00a   7.3   0.0  0.02   1.9  10.0   9:38p   ESE
13  52.0  57.5  12:00a  45.5  11:56p  13.0   0.0  0.00   3.5  13.0   1:59a   NNW
14  45.2  47.7  12:56p  42.1  11:56p  19.8   0.0  0.00   2.4  13.0   1:40a     N
15  42.8  45.7   3:47p  39.4   4:46a  22.2   0.0  0.21   1.2  11.0  11:13p   NNW
16  43.7  58.4   3:34p  32.7   7:13a  21.3   0.0  0.01   2.5  13.0  12:50p   NNW
17  46.3  63.1   1:50p  33.9   3:50a  18.7   0.0  0.00   2.0  14.0  12:02p   SSE
18  50.6  65.9   2:30p  36.1  11:21p  14.5   0.0  0.00   2.5  19.0  12:45p    NW
19  49.4  70.9   2:10p  30.3   6:45a  16.4   0.8  0.00   1.9  12.0  12:34p   SSW
20  53.8  69.7   1:28p  37.5   4:36a  11.9   0.7  0.00   1.3  12.0   3:38p    SW
21  57.6  70.0   2:51p  48.1  11:57p   8.1   0.7  0.00   2.1  11.0  11:22a   NNW
22  53.5  63.2  12:32p  45.9  11:38p  11.5   0.0  0.48   2.5  16.0  10:10p    NE
23  51.8  59.0   2:25p  43.9  11:59p  13.2   0.0  1.43   3.6  18.0   5:55a   ESE
24  44.0  54.5   2:46p  35.1  11:57p  21.0   0.0  0.00   4.3  23.0   7:15a    NW
25  48.5  64.2   2:53p  31.5   5:10a  16.5   0.0  0.01   3.8  23.0   1:37p    SW
26  46.0  52.2   2:20p  35.3  11:54p  18.8   0.0  0.00   4.3  22.0   9:35a    NW
27  47.0  62.6   2:26p  32.8   3:44a  18.0   0.0  0.00   3.1  22.0   2:32p   NNW
28  45.8  62.3   3:30p  33.2   6:50a  19.2   0.0  0.00   1.9  10.0   8:16a     N
29  53.8  70.0   2:40p  36.2   4:43a  11.9   0.6  0.00   3.6  16.0  11:46a   SSW
30  49.9  59.2   2:57p  40.4  11:57p  15.1   0.0  0.00   4.8  22.0   4:07a   NNW
31  46.7  63.2   3:08p  29.7   6:32a  18.3   0.0  0.00   1.7  12.0   8:52a   ESE
----------------------------------------------------------------------------------
    48.0  73.5     3    15.2     8   534.3   6.8  3.35   2.8  26.0     7     NNW

Max >=  80.0:  0
Max <=  32.0:  0
Min <=  32.0:  8
Min <=   0.0:  0
Max Rain: 1.43 on day 23
Days of Rain: 11 (>= 0.01 in)  4 (>= 0.10 in)  2 (>= 1.00 in)
Heat Base: 65.0  Cool Base: 65.0  Method: Integration