NOAA-Style Climate Reports


Report for 2014 December
                   Monthly Climatological Summary for Dec 2014

Name: BeeWeather.com   City: West Central Crenshaw County   State: Alabama
Elevation: 420 ft  Lat: N 31° 43' 59"   Lon: W 086° 21' 16"

                  Temperature (°F), Rain (in), Wind Speed (mph)

                                      Heat  Cool        Avg
    Mean                              Deg   Deg         Wind                 Dom
Day Temp  High   Time   Low    Time   Days  Days  Rain  Speed High   Time    Dir
----------------------------------------------------------------------------------
 1  59.9  76.1   1:18p  48.3   5:55a   7.2   2.1  0.01   0.8   9.0  12:19p     S
 2  60.5  77.6   2:45p  46.6   7:08a   7.0   2.6  0.00   0.7   8.0  12:37p   SSE
 3  64.8  77.0  12:00p  55.3   6:00a   3.4   3.2  0.00   0.6   8.0  11:15a     S
 4  64.8  79.5   3:00p  53.6   6:45a   3.9   3.7  0.00   1.2  11.0  12:15p   SSE
 5  64.3  76.2   2:33p  54.7   4:45a   3.3   2.7  0.01   2.0  15.0   1:06p    SE
 6  63.7  69.9  12:00p  55.2  11:52p   2.2   0.8  0.15   3.3  22.0   8:19p    SW
 7  53.7  64.0   2:30p  46.1   6:57a  11.3   0.0  0.00   2.9  15.0   8:03a     N
 8  48.0  54.2  12:14a  36.7  11:58p  17.0   0.0  0.00   1.6  12.0   1:27a   ENE
 9  47.5  62.4   2:32p  34.5   6:36a  17.5   0.0  0.00   3.0  17.0   2:54p   NNW
10  43.4  56.0   2:08p  34.5   6:43a  21.6   0.0  0.00   3.3  15.0   1:25p   NNW
11  43.0  57.3   2:57p  31.7   6:45a  22.0   0.0  0.00   2.3  14.0   9:20a   NNW
12  47.2  63.6   1:47p  33.5   6:29a  17.8   0.0  0.00   2.4  11.0  12:07p   NNW
13  49.5  65.1   2:48p  36.4   5:44a  15.5   0.0  0.00   3.4  15.0  10:57a   NNW
14  47.4  63.1   2:32p  37.8  11:31p  17.6   0.0  0.00   2.1  15.0   8:25a   NNW
15  52.8  71.5   3:02p  33.5   6:25a  13.0   0.8  0.00   2.2  13.0   1:54p     S
16  58.2  66.6   1:39p  44.4  11:57p   6.9   0.1  0.08   3.7  25.0   5:04a   WNW
17  47.4  60.4   2:38p  36.3   6:34a  17.6   0.0  0.00   1.9  11.0   8:40a   NNW
18  50.4  63.1   1:58p  38.6   6:42a  14.6   0.0  0.00   1.3  10.0   8:38a     N
19  49.2  56.4   2:47p  42.9   6:56a  15.8   0.0  0.33   1.2   8.0   7:59a     N
20  49.4  53.5   1:21p  45.8  12:34a  15.6   0.0  0.27   1.5   9.0   2:16p   NNE
21  54.8  60.4  10:54a  52.0   3:44a  10.2   0.0  0.01   1.3  11.0  10:19a     E
22  54.5  59.2  11:51p  51.5   6:55a  10.5   0.0  0.09   2.5  11.0   8:22a   ESE
23  62.1  65.7   2:30p  58.3  11:59p   3.0   0.1  1.65   4.0  23.0   8:01p    SE
24  55.6  62.9   9:53a  46.3  11:56p   9.4   0.0  0.62   3.2  17.0  11:01a     W
25  44.8  58.0   3:03p  35.0   6:53a  20.2   0.0  0.00   1.2  10.0  11:30a   WNW
26  46.9  62.6   3:09p  35.7   1:40a  18.1   0.0  0.00   0.9  10.0  12:16p   ESE
27  51.6  63.5  12:17p  44.0   5:03a  13.4   0.0  1.21   1.8  15.0   3:43p    SE
28  64.2  72.8   3:18p  54.8  12:00a   2.2   1.4  0.36   2.0  12.0   8:53p   SSW
29  58.7  67.7   2:19p  51.6   8:36p   6.4   0.1  0.02   2.3  15.0   1:01a   NNW
30  49.8  54.5   2:51p  39.1  11:58p  15.2   0.0  0.01   3.3  14.0   7:54a   NNW
31  42.4  49.2   2:52p  37.0   3:31a  22.6   0.0  0.00   1.6  11.0   1:54a     N
----------------------------------------------------------------------------------
    53.2  79.5     4    31.7    11   382.0  17.6  4.82   2.1  25.0    16     NNW

Max >=  80.0:  0
Max <=  32.0:  0
Min <=  32.0:  1
Min <=   0.0:  0
Max Rain: 1.65 on day 23
Days of Rain: 14 (>= 0.01 in)  7 (>= 0.10 in)  2 (>= 1.00 in)
Heat Base: 65.0  Cool Base: 65.0  Method: Integration