NOAA-Style Climate Reports


Report for 2014 November
                   Monthly Climatological Summary for Nov 2014

Name: BeeWeather.com   City: West Central Crenshaw County   State: Alabama
Elevation: 420 ft  Lat: N 31° 43' 59"   Lon: W 086° 21' 16"

                  Temperature (°F), Rain (in), Wind Speed (mph)

                                      Heat  Cool        Avg
    Mean                              Deg   Deg         Wind                 Dom
Day Temp  High   Time   Low    Time   Days  Days  Rain  Speed High   Time    Dir
----------------------------------------------------------------------------------
 1  46.0  56.6   3:07p  37.9   5:46a  19.0   0.0  0.00   6.1  26.0  12:41a   NNW
 2  46.8  66.1   2:26p  34.1   4:53a  19.0   0.0  0.00   2.4  15.0  10:10a   NNW
 3  51.4  70.6   2:13p  36.1   5:57a  14.3   0.7  0.00   1.2  12.0  10:13a    SE
 4  56.3  74.5   2:25p  39.3   5:07a  10.6   1.9  0.00   1.3  13.0  10:59a     S
 5  63.5  77.0  12:06p  51.3   2:49a   4.5   3.0  0.00   1.2  12.0  11:20a   SSE
 6  63.3  76.0  11:09a  52.8  11:58p   3.5   1.8  0.06   2.2  16.0   2:08p    NW
 7  50.3  63.6   2:32p  40.8  11:06p  14.7   0.0  0.00   2.9  14.0   8:30a   NNW
 8  48.6  63.4   3:14p  39.3   1:32a  16.4   0.0  0.00   0.6   6.0   2:35p   NNE
 9  53.4  71.8   2:18p  40.3   6:30a  12.6   0.9  0.00   1.3  10.0  11:01a   NNW
10  54.1  74.9   3:47p  38.0   5:51a  12.5   1.6  0.00   0.7   9.0  10:16a     S
11  57.9  75.6   1:42p  40.4   5:29a   9.3   2.3  0.00   0.8  10.0  11:22a   WNW
12  57.5  63.8  11:21a  47.8  11:59p   7.5   0.0  0.00   2.3  15.0   9:40p   NNW
13  42.4  47.8  12:00a  36.3  11:42p  22.6   0.0  0.12   4.7  16.0   2:40p   NNW
14  38.1  49.5   1:58p  30.2   6:08a  26.9   0.0  0.00   4.3  17.0   2:26a   NNW
15  43.0  59.9   2:56p  29.1   6:18a  22.0   0.0  0.00   1.7  12.0   9:12a    SE
16  55.4  66.5  11:59p  39.4   4:14a   9.6   0.0  0.00   3.2  16.0   9:00p   SSE
17  49.3  68.8   4:33a  33.5  11:59p  15.9   0.4  1.33   5.7  33.0   4:30a    NW
18  32.8  43.7   2:25p  26.0  10:42p  32.2   0.0  0.00   4.0  20.0  12:45p   NNW
19  37.7  56.7   2:41p  21.3   5:08a  27.3   0.0  0.00   1.4  10.0  12:25p     S
20  47.9  68.3   2:10p  30.1   3:47a  17.4   0.2  0.00   1.1  11.0  12:24p     W
21  53.0  70.8   1:39p  37.7   6:23a  12.9   0.9  0.00   1.1  12.0   2:19p   ENE
22  55.8  70.7  12:54p  42.4   4:56a   9.7   0.5  0.25   2.4  16.0   1:46p   ESE
23  63.9  71.2  12:30p  58.8  12:00a   1.8   0.7  0.30   5.2  25.0  12:34p     S
24  68.0  79.5   1:21p  55.6  11:22p   1.4   4.4  0.01   3.3  15.0  12:34a     W
25  53.4  60.0   1:56p  49.3   5:52a  11.6   0.0  0.00   2.7  16.0  11:17p   NNW
26  50.3  63.3   2:33p  37.9   6:40a  14.7   0.0  0.00   3.4  16.0  12:54p   WNW
27  45.7  55.8  12:44p  36.3   6:03a  19.3   0.0  0.00   3.6  22.0   9:37a   NNW
28  42.1  59.3   2:49p  31.4   5:39a  22.9   0.0  0.00   1.6  13.0   9:55a     N
29  51.3  69.9   2:49p  32.6   6:07a  14.3   0.6  0.00   2.6  14.0  11:55a     S
30  58.4  73.6   2:13p  46.9   5:41a   8.2   1.5  0.01   2.1  13.0   1:19p     S
----------------------------------------------------------------------------------
    51.3  79.5    24    21.3    19   434.6  21.4  2.08   2.6  33.0    17      NW

Max >=  80.0:  0
Max <=  32.0:  0
Min <=  32.0:  6
Min <=   0.0:  0
Max Rain: 1.33 on day 17
Days of Rain: 7 (>= 0.01 in)  4 (>= 0.10 in)  1 (>= 1.00 in)
Heat Base: 65.0  Cool Base: 65.0  Method: Integration