NOAA-Style Climate Reports


Report for 2014 June
                   Monthly Climatological Summary for Jun 2014

Name: BeeWeather.com   City: West Central Crenshaw County   State: Alabama
Elevation: 420 ft  Lat: N 31° 43' 59"   Lon: W 086° 21' 16"

                  Temperature (°F), Rain (in), Wind Speed (mph)

                                      Heat  Cool        Avg
    Mean                              Deg   Deg         Wind                 Dom
Day Temp  High   Time   Low    Time   Days  Days  Rain  Speed High   Time    Dir
----------------------------------------------------------------------------------
 1  75.7  86.0   3:45p  68.3   4:18a   0.0  10.7  0.01   3.0  22.0   4:45p    SE
 2  72.7  78.4   5:20p  66.7   6:10a   0.0   7.7  0.00   2.6  13.0  12:09a    SE
 3  75.0  85.9   1:18p  70.2  11:54p   0.0  10.0  1.01   1.4  14.0   2:26p    SE
 4  78.0  89.7   2:51p  67.4   4:28a   0.0  13.0  0.00   1.3  10.0   3:59p    SW
 5  78.9  90.6   3:39p  67.9   6:09a   0.0  13.9  0.00   1.8  11.0   4:13p    SW
 6  80.1  93.8   3:28p  70.2  11:49p   0.0  15.1  0.44   2.2  26.0   7:54p   WSW
 7  78.4  91.4   3:20p  68.3   4:34a   0.0  13.3  0.03   1.2   9.0  12:53a     S
 8  75.9  90.7   1:43p  67.5   5:20a   0.0  10.9  0.38   1.9  32.0   2:16a   SSW
 9  79.3  88.9   5:13p  69.2   3:05a   0.0  14.3  0.00   2.4  14.0   9:58p   SSW
10  75.1  89.3   1:10p  68.3  11:48p   0.0  10.1  0.45   2.9  26.0   2:20p     S
11  74.1  85.2   4:37p  67.0   5:46a   0.0   9.2  0.24   3.5  26.0   3:21a   SSW
12  75.9  86.3   3:14p  66.5   5:42a   0.0  10.9  0.00   1.4  11.0  12:27p   WNW
13  74.9  81.9   1:41p  68.5   4:14a   0.0   9.9  0.00   1.3  13.0   2:30p   WSW
14  77.7  90.4   3:28p  65.8   5:30a   0.0  12.7  0.00   1.1   8.0   3:36p     S
15  79.7  92.1   5:13p  67.7   6:08a   0.0  14.7  0.00   1.3  10.0   9:16p   SSW
16  79.4  92.4   2:56p  68.1   5:54a   0.0  14.4  0.00   1.0  11.0   3:14p   NNW
17  79.4  94.8   4:11p  70.6   4:57a   0.0  14.4  0.15   1.2  16.0   5:12p     N
18  80.7  94.0   4:17p  69.5   5:31a   0.0  15.7  0.00   1.0  10.0   2:03p   SSE
19  80.4  94.9   5:13p  70.7   5:23a   0.0  15.4  0.00   1.3  16.0   7:22p    NW
20  81.7  95.3   4:59p  70.0   5:42a   0.0  16.7  0.00   1.5  12.0   7:15p   NNW
21  81.9  94.7   3:44p  71.5   5:23a   0.0  16.9  0.00   1.6  12.0   6:20p    NW
22  75.6  90.2   1:00p  70.0  11:48p   0.0  10.6  0.38   1.3  23.0   3:31p   WNW
23  76.9  90.5   2:05p  67.7   5:46a   0.0  11.9  0.00   1.5  18.0   3:57p     S
24  74.7  86.5   1:26p  70.4   9:41p   0.0   9.7  0.72   1.7  21.0   2:18p     S
25  78.2  90.2   3:09p  69.9   5:53a   0.0  13.2  0.00   1.6  17.0   5:59p     W
26  77.3  84.8   4:47p  72.7   6:14a   0.0  12.3  0.01   1.4  12.0  11:53a   WNW
27  79.1  92.0   5:13p  69.4  11:18p   0.0  14.1  0.36   1.0  28.0   9:17p   WNW
28  78.4  91.3   4:34p  68.7   5:03a   0.0  13.5  0.01   0.6   8.0  12:53p   SSE
29  82.9  94.7   5:09p  71.5   5:56a   0.0  17.9  0.00   0.9   9.0  12:42p    SW
30  83.1  94.0   4:13p  72.8   6:11a   0.0  18.1  0.00   1.1  11.0   9:31a    NW
----------------------------------------------------------------------------------
    78.0  95.3    20    65.8    14     0.0 391.2  4.19   1.6  32.0     8      SW

Max >=  80.0: 29
Max <=  32.0:  0
Min <=  32.0:  0
Min <=   0.0:  0
Max Rain: 1.01 on day 3
Days of Rain: 13 (>= 0.01 in)  9 (>= 0.10 in)  1 (>= 1.00 in)
Heat Base: 65.0  Cool Base: 65.0  Method: Integration