NOAA-Style Climate Reports


Report for 2014 April
                   Monthly Climatological Summary for Apr 2014

Name: BeeWeather.com   City: West Central Crenshaw County   State: Alabama
Elevation: 420 ft  Lat: N 31° 43' 59"   Lon: W 086° 21' 16"

                  Temperature (°F), Rain (in), Wind Speed (mph)

                                      Heat  Cool        Avg
    Mean                              Deg   Deg         Wind                 Dom
Day Temp  High   Time   Low    Time   Days  Days  Rain  Speed High   Time    Dir
----------------------------------------------------------------------------------
 1  63.2  83.4   3:37p  44.4   5:47a   6.9   5.1  0.00   2.3  14.0   9:31a   SSW
 2  67.6  81.7   3:06p  54.4   1:55a   3.0   5.7  0.00   3.1  15.0   2:19p     S
 3  70.8  83.8   3:44p  62.3   3:32a   0.6   6.5  0.00   4.8  23.0  12:41p     S
 4  66.4  74.8   1:31p  59.8  11:21p   0.6   2.1  0.10   2.9  21.0   2:58p   SSW
 5  63.0  69.3   3:53p  59.1   7:16a   2.6   0.5  0.00   1.5  12.0   4:09a   NNW
 6  59.0  67.1  11:59p  52.7   8:45a   6.0   0.0  4.30   3.6  17.0   3:10p   ESE
 7  68.3  76.3   4:04p  56.2  11:57p   0.9   4.3  1.30   5.4  20.0  12:28a   SSW
 8  56.2  68.5   3:42p  46.3   6:42a   9.0   0.2  0.00   3.7  23.0   6:31p    NW
 9  58.8  71.4   4:47p  49.6  11:59p   7.4   1.2  0.00   4.1  18.0   1:00p   NNW
10  60.3  77.8   4:50p  42.1   6:37a   8.3   3.6  0.00   2.3  16.0  11:53a     S
11  62.5  77.2   4:04p  46.2   6:30a   6.0   3.4  0.00   1.8  15.0   3:17p   SSW
12  66.6  81.9   3:45p  49.9   6:26a   4.2   5.8  0.00   2.0  15.0   2:17p     S
13  68.8  83.8   3:49p  55.1   5:18a   2.5   6.3  0.00   3.0  15.0  11:45a     S
14  65.8  74.0  10:49a  61.3   4:59a   0.9   1.6  0.71   2.9  19.0   9:06a     S
15  51.9  65.3  12:00a  41.2  11:46p  13.1   0.0  0.48   5.6  28.0  11:35a   NNW
16  50.5  67.2   4:59p  35.1   6:37a  14.6   0.2  0.00   3.0  15.0   9:21a     E
17  58.7  71.5   2:54p  45.9   4:54a   7.3   1.0  0.00   2.9  15.0  12:46p   ESE
18  56.0  61.0  12:50a  54.8   1:02p   9.0   0.0  1.32   3.6  20.0   3:59p     N
19  61.7  71.3   1:58p  53.3   4:59a   4.6   1.3  0.01   5.2  27.0   1:59p     N
20  60.4  73.2   5:35p  53.7   3:05a   5.9   1.3  0.00   2.0  14.0   6:43a    NE
21  64.8  81.5   5:22p  49.2   6:29a   4.9   4.7  0.00   1.0  11.0   3:50p    SE
22  66.2  78.1   2:16p  56.4   6:09a   2.7   3.9  0.00   1.5  12.0  11:27a   WNW
23  68.2  83.7   4:59p  58.2   3:42a   2.2   5.4  0.01   1.2  11.0   1:36p   NNW
24  71.0  85.7   3:55p  58.0   2:25a   1.7   7.7  0.00   2.5  11.0  12:28p     S
25  73.3  84.9   4:54p  62.8  11:58p   0.0   8.3  0.00   3.2  17.0   1:11p     W
26  71.4  86.9   4:43p  55.7   6:01a   2.4   8.8  0.00   1.4  11.0   1:21p     S
27  71.9  83.3   3:02p  63.9   3:38a   0.1   7.0  0.00   3.1  17.0  12:18p     S
28  76.3  86.7   4:08p  66.1  12:27a   0.0  11.4  0.00   5.6  28.0   2:49p     S
29  68.5  76.7   2:09a  64.4   8:46a   0.1   3.5  0.74   5.2  27.0  10:26p     S
30  68.0  71.3   3:43p  63.1  11:59p   0.0   3.0  0.06   5.7  30.0   1:16p     S
----------------------------------------------------------------------------------
    64.5  86.9    26    35.1    16   127.5 113.8  9.03   3.2  30.0    30       S

Max >=  80.0: 12
Max <=  32.0:  0
Min <=  32.0:  0
Min <=   0.0:  0
Max Rain: 4.30 on day 6
Days of Rain: 10 (>= 0.01 in)  7 (>= 0.10 in)  3 (>= 1.00 in)
Heat Base: 65.0  Cool Base: 65.0  Method: Integration