NOAA-Style Climate Reports


Report for 2014 February
                   Monthly Climatological Summary for Feb 2014

Name: BeeWeather.com   City: West Central Crenshaw County   State: Alabama
Elevation: 420 ft  Lat: N 31° 43' 59"   Lon: W 086° 21' 16"

                  Temperature (°F), Rain (in), Wind Speed (mph)

                                      Heat  Cool        Avg
    Mean                              Deg   Deg         Wind                 Dom
Day Temp  High   Time   Low    Time   Days  Days  Rain  Speed High   Time    Dir
----------------------------------------------------------------------------------
 1  54.6  71.5   3:56p  40.4  12:00a  11.0   0.6  0.00   1.5  12.0  10:28a   SSE
 2  62.9  76.0   1:59p  52.4   6:56a   4.6   2.5  0.01   4.5  22.0   8:01p     S
 3  52.6  66.6   3:56a  44.8  10:19p  12.5   0.2  0.35   4.0  23.0   4:29a   NNW
 4  56.9  69.4   4:22p  45.1  12:00a   8.4   0.4  0.00   3.2  22.0  11:28p   SSE
 5  50.4  68.6   1:57a  35.8  11:57p  14.7   0.3  0.81   5.8  21.0   1:30a    NW
 6  35.3  40.3   3:43p  31.4  11:55p  29.7   0.0  0.05   3.8  18.0   3:34p     N
 7  40.8  54.8   2:54p  29.4   6:17a  24.2   0.0  0.01   2.4  14.0  11:39a     N
 8  50.8  65.9   2:52p  39.7   7:13a  14.2   0.0  0.01   1.8  13.0   2:19p   NNW
 9  51.2  68.1   2:26p  35.1   6:13a  14.1   0.3  0.00   1.3  13.0  11:52a     W
10  52.8  66.2   2:20p  42.7   3:06a  12.3   0.0  0.34   2.0  11.0  11:07a   WNW
11  44.1  47.6  12:00a  41.5   7:53a  20.9   0.0  0.49   2.2  12.0   4:48a   NNE
12  39.0  42.4  12:00a  35.8  11:36p  25.6   0.0  1.41   2.7  19.0   5:33a    NE
13  43.3  56.3   3:26p  35.5  12:45a  21.7   0.0  0.00   3.9  23.0  10:10a    NW
14  48.0  62.9   3:49p  31.7   6:13a  16.9   0.0  0.17   3.7  38.0   9:59p    SW
15  44.6  56.5   4:05p  34.4  11:24p  20.5   0.0  0.00   3.5  24.0  12:40a   NNW
16  50.2  71.0   3:42p  30.5   5:03a  15.6   0.8  0.00   1.5  12.0  11:05a   WNW
17  56.7  71.0   3:06p  38.7   5:18a   9.2   0.9  0.00   2.4  14.0   2:55p   SSW
18  65.6  74.4   2:32p  59.4  11:56p   1.3   1.9  0.11   2.4  14.0   1:57p   SSW
19  66.4  78.7   2:12p  56.5   2:07a   2.3   3.7  0.00   3.0  14.0   2:13p   SSW
20  69.1  77.6  12:49p  63.6   4:58a   0.2   4.3  0.01   5.7  24.0  10:52a     S
21  56.2  68.3   2:48a  41.8  11:58p   9.2   0.4  1.03   4.1  27.0   2:53a   NNW
22  51.9  67.9  12:57p  36.1   6:22a  13.4   0.3  0.00   1.0  15.0  11:45a   ESE
23  54.1  59.1  10:27p  46.2   1:07a  10.8   0.0  0.30   1.0   7.0  11:52a   SSE
24  61.5  73.5   2:21p  49.3  11:59p   4.8   1.3  0.01   1.9  11.0   7:28a     N
25  58.3  73.2   3:13p  46.3   4:13a   8.1   1.4  0.00   1.2  10.0  12:03p   WNW
26  44.8  53.6  12:59a  37.5  11:57p  20.2   0.0  0.30   3.8  19.0   6:17a     N
27  40.2  53.7   3:05p  29.0   6:27a  24.8   0.0  0.00   3.2  18.0   9:04a   NNW
28  46.7  64.0   2:48p  26.8   6:09a  18.3   0.0  0.00   2.0  13.0  11:37a   SSE
----------------------------------------------------------------------------------
    51.7  78.7    19    26.8    28   389.5  19.3  5.41   2.8  38.0    14      NW

Max >=  80.0:  0
Max <=  32.0:  0
Min <=  32.0:  6
Min <=   0.0:  0
Max Rain: 1.41 on day 12
Days of Rain: 16 (>= 0.01 in)  10 (>= 0.10 in)  2 (>= 1.00 in)
Heat Base: 65.0  Cool Base: 65.0  Method: Integration