NOAA-Style Climate Reports

Select a Year or Month report
2017: Jan Feb Mar Apr May Jun Jul Aug Sep Oct Nov Dec
2016: Jan Feb Mar Apr May Jun Jul Aug Sep Oct Nov Dec
2015: Jan Feb Mar Apr May Jun Jul Aug Sep Oct Nov Dec
2014: Jan Feb Mar Apr May Jun Jul Aug Sep Oct Nov Dec
2013: Jan Feb Mar Apr May Jun Jul Aug Sep Oct Nov Dec

Report for 2014 January
                   Monthly Climatological Summary for Jan 2014

Name: BeeWeather.com   City: West Central Crenshaw County   State: Alabama
Elevation: 420 ft  Lat: N 31° 43' 59"   Lon: W 086° 21' 16"

                  Temperature (°F), Rain (in), Wind Speed (mph)

                                      Heat  Cool        Avg
    Mean                              Deg   Deg         Wind                 Dom
Day Temp  High   Time   Low    Time   Days  Days  Rain  Speed High   Time    Dir
----------------------------------------------------------------------------------
 1  46.9  51.9   1:42p  41.2  12:00a  18.1   0.0  0.04   0.6   8.0   3:51a   ESE
 2  47.6  58.0   1:17p  31.2  11:59p  17.4   0.0  0.23   4.3  27.0   2:02p   NNW
 3  31.2  41.8   3:02p  24.3   7:09a  33.8   0.0  0.00   3.7  20.0   9:31a     N
 4  36.5  51.2   2:28p  26.9   2:00a  28.5   0.0  0.00   1.4  10.0   9:45a   ESE
 5  51.8  64.0  12:30p  34.6  12:00a  13.2   0.0  0.08   3.2  22.0  11:12p     S
 6  29.6  44.8  12:00a  19.5  11:58p  35.5   0.0  0.02   7.0  28.0  11:55a   NNW
 7  20.9  30.3   3:39p  13.5   6:57a  44.1   0.0  0.00   2.8  22.0   1:13a   NNW
 8  31.1  49.3   3:09p  17.2   6:09a  33.9   0.0  0.00   1.1  10.0   8:40a   ENE
 9  43.0  54.2  11:40a  31.4  12:36a  22.0   0.0  0.10   1.1  10.0  10:42a    NE
10  53.1  64.8  11:07p  46.1  12:01a  11.9   0.0  0.64   1.6  13.0  10:51p    SE
11  63.6  72.0  12:57p  47.7  11:59p   3.2   1.7  0.80   4.2  21.0   4:51a   WSW
12  50.0  66.5   2:43p  35.5   6:39a  15.0   0.1  0.00   1.3  10.0   1:05p   SSW
13  51.1  59.4  10:39a  40.8  12:41a  13.9   0.0  0.40   2.6  17.0   4:41p   SSE
14  54.0  64.8   2:15p  38.0  11:46p  11.0   0.0  0.01   2.5  17.0   3:17a    NW
15  41.8  52.3   2:54p  33.1  11:59p  23.2   0.0  0.00   3.1  19.0   8:49a   NNW
16  38.6  53.2   3:15p  24.7   7:12a  26.4   0.0  0.00   2.2  14.0   1:01p    SW
17  46.2  57.9   1:26p  32.5  11:33p  18.8   0.0  0.00   3.7  20.0   1:27p     W
18  39.9  55.3   3:27p  25.3   5:37a  25.1   0.0  0.00   2.4  13.0  12:14p    SW
19  48.2  60.9   3:54p  34.8  11:59p  16.8   0.0  0.03   2.8  18.0  11:34a   WNW
20  48.1  68.3   3:03p  29.8   6:46a  17.2   0.3  0.00   1.8  19.0  10:28a    SW
21  45.7  56.3  12:57p  29.1  11:56p  19.3   0.0  0.00   5.6  27.0  12:04p    NW
22  33.4  47.2   3:38p  23.9   6:39a  31.6   0.0  0.00   2.5  14.0  12:08a   NNW
23  38.2  49.7   2:30p  27.8   6:57a  26.8   0.0  0.00   3.0  18.0  10:02p     N
24  31.1  36.4   1:39p  24.1   7:00a  33.9   0.0  0.00   3.0  20.0  12:57a     N
25  40.4  60.8   2:28p  22.4   5:35a  24.6   0.0  0.00   2.4  23.0  12:39p   WSW
26  46.6  62.9   1:26p  31.4   6:29a  18.4   0.0  0.00   1.9  15.0   1:40p     S
27  51.7  60.5   3:23p  39.3  11:58p  13.3   0.0  0.28   2.2  18.0   9:11p     N
28  29.5  39.3  12:00a  23.1  11:39p  35.5   0.0  0.00   5.0  16.0  12:02a     N
29  24.1  30.8   4:18p  19.0  11:59p  40.9   0.0  0.00   3.8  16.0   1:29a     N
30  29.8  45.2   4:00p  16.4   6:46a  35.2   0.0  0.28   1.5  14.0   2:52p    SE
31  40.6  62.2   3:30p  24.9   5:07a  24.4   0.0  0.10   1.0  10.0   2:55p   ESE
----------------------------------------------------------------------------------
    41.4  72.0    11    13.5     7   732.9   2.1  3.01   2.7  28.0     6      NW

Max >=  80.0:  0
Max <=  32.0:  2
Min <=  32.0: 20
Min <=   0.0:  0
Max Rain: 0.80 on day 11
Days of Rain: 13 (>= 0.01 in)  8 (>= 0.10 in)  0 (>= 1.00 in)
Heat Base: 65.0  Cool Base: 65.0  Method: Integration